2026-02-22T21:55:49.121 INFO:journalctl@ceph.mgr.a.trial015.stdout:Feb 22 21:55:48 trial015 ceph-2c3c86bf-1039-11f1-af6e-d404e6e7d460-mgr-a[39346]: ignoring --setgroup ceph since I am not root
2026-02-22T21:55:49.135 INFO:teuthology.orchestra.run.trial015.stdout:/usr/bin/ceph: stdout {
2026-02-22T21:55:49.135 INFO:teuthology.orchestra.run.trial015.stdout:/usr/bin/ceph: stdout "epoch": 9,
2026-02-22T21:55:49.135 INFO:teuthology.orchestra.run.trial015.stdout:/usr/bin/ceph: stdout "available": true,
2026-02-22T21:55:49.135 INFO:teuthology.orchestra.run.trial015.stdout:/usr/bin/ceph: stdout "active_name": "a",
2026-02-22T21:55:49.135 INFO:teuthology.orchestra.run.trial015.stdout:/usr/bin/ceph: stdout "num_standby": 0
2026-02-22T21:55:49.135 INFO:teuthology.orchestra.run.trial015.stdout:/usr/bin/ceph: stdout }
2026-02-22T21:55:49.135 INFO:teuthology.orchestra.run.trial015.stdout:/usr/bin/ceph: stderr
2026-02-22T21:55:48.999+0000 7f5d18e1c640 1 Processor -- start
2026-02-22T21:55:49.135 INFO:teuthology.orchestra.run.trial015.stdout:/usr/bin/ceph: stderr
2026-02-22T21:55:48.999+0000 7f5d18e1c640 1 -- start start
2026-02-22T21:55:49.135 INFO:teuthology.orchestra.run.trial015.stdout:/usr/bin/ceph: stderr
2026-02-22T21:55:49.000+0000 7f5d18e1c640 1 --2- >> [v2:10.20.193.15:3300/0,v1:10.20.193.15:6789/0] conn(0x7f5d14109180 0x7f5d14109580 unknown :-1 s=NONE pgs=0 cs=0 l=0 rev1=0 crypto rx=0 tx=0 comp rx=0 tx=0).connect
2026-02-22T21:55:49.135 INFO:teuthology.orchestra.run.trial015.stdout:/usr/bin/ceph: stderr
2026-02-22T21:55:49.000+0000 7f5d18e1c640 1 -- --> [v2:10.20.193.15:3300/0,v1:10.20.193.15:6789/0] -- mon_getmap magic: 0 -- 0x7f5d14109b50 con 0x7f5d14109180
2026-02-22T21:55:49.135 INFO:teuthology.orchestra.run.trial015.stdout:/usr/bin/ceph: stderr
2026-02-22T21:55:49.000+0000 7f5d12575640 1 --2- >> [v2:10.20.193.15:3300/0,v1:10.20.193.15:6789/0] conn(0x7f5d14109180 0x7f5d14109580 unknown :-1 s=BANNER_CONNECTING pgs=0 cs=0 l=0 rev1=0 crypto rx=0 tx=0 comp rx=0 tx=0)._handle_peer_banner_payload supported=3 required=0
2026-02-22T21:55:49.135 INFO:teuthology.orchestra.run.trial015.stdout:/usr/bin/ceph: stderr
2026-02-22T21:55:49.000+0000 7f5d12575640 1 --2- >> [v2:10.20.193.15:3300/0,v1:10.20.193.15:6789/0] conn(0x7f5d14109180 0x7f5d14109580 unknown :-1 s=HELLO_CONNECTING pgs=0 cs=0 l=0 rev1=1 crypto rx=0 tx=0 comp rx=0 tx=0).handle_hello peer v2:10.20.193.15:3300/0 says I am v2:10.20.193.15:52948/0 (socket says 10.20.193.15:52948)
2026-02-22T21:55:49.135 INFO:teuthology.orchestra.run.trial015.stdout:/usr/bin/ceph: stderr
2026-02-22T21:55:49.000+0000 7f5d12575640 1 -- 10.20.193.15:0/4160444386 learned_addr learned my addr 10.20.193.15:0/4160444386 (peer_addr_for_me v2:10.20.193.15:0/0)
2026-02-22T21:55:49.135 INFO:teuthology.orchestra.run.trial015.stdout:/usr/bin/ceph: stderr
2026-02-22T21:55:49.000+0000 7f5d12575640 1 -- 10.20.193.15:0/4160444386 --> [v2:10.20.193.15:3300/0,v1:10.20.193.15:6789/0] -- mon_subscribe({config=0+,monmap=0+}) -- 0x7f5d1410a2c0 con 0x7f5d14109180
2026-02-22T21:55:49.135 INFO:teuthology.orchestra.run.trial015.stdout:/usr/bin/ceph: stderr
2026-02-22T21:55:49.000+0000 7f5d12575640 1 --2- 10.20.193.15:0/4160444386 >> [v2:10.20.193.15:3300/0,v1:10.20.193.15:6789/0] conn(0x7f5d14109180 0x7f5d14109580 secure :-1 s=READY pgs=57 cs=0 l=1 rev1=1 crypto rx=0x7f5d08009920 tx=0x7f5d0802ef20 comp rx=0 tx=0).ready entity=mon.0 client_cookie=c65667568bde7e70 server_cookie=0 in_seq=0 out_seq=0
2026-02-22T21:55:49.135 INFO:teuthology.orchestra.run.trial015.stdout:/usr/bin/ceph: stderr
2026-02-22T21:55:49.001+0000 7f5d11573640 1 -- 10.20.193.15:0/4160444386 <== mon.0 v2:10.20.193.15:3300/0 1 ==== mon_map magic: 0 ==== 205+0+0 (secure 0 0 0) 0x7f5d0803c070 con 0x7f5d14109180
2026-02-22T21:55:49.135 INFO:teuthology.orchestra.run.trial015.stdout:/usr/bin/ceph: stderr
2026-02-22T21:55:49.001+0000 7f5d11573640 1 -- 10.20.193.15:0/4160444386 <== mon.0 v2:10.20.193.15:3300/0 2 ==== config(24 keys) ==== 1006+0+0 (secure 0 0 0) 0x7f5d08037440 con 0x7f5d14109180
2026-02-22T21:55:49.135 INFO:teuthology.orchestra.run.trial015.stdout:/usr/bin/ceph: stderr
2026-02-22T21:55:49.001+0000 7f5d11573640 1 -- 10.20.193.15:0/4160444386 <== mon.0 v2:10.20.193.15:3300/0 3 ==== mon_map magic: 0 ==== 205+0+0 (secure 0 0 0) 0x7f5d080354d0 con 0x7f5d14109180
2026-02-22T21:55:49.135 INFO:teuthology.orchestra.run.trial015.stdout:/usr/bin/ceph: stderr
2026-02-22T21:55:49.001+0000 7f5d18e1c640 1 -- 10.20.193.15:0/4160444386 >> [v2:10.20.193.15:3300/0,v1:10.20.193.15:6789/0] conn(0x7f5d14109180 msgr2=0x7f5d14109580 secure :-1 s=STATE_CONNECTION_ESTABLISHED l=1).mark_down
2026-02-22T21:55:49.135 INFO:teuthology.orchestra.run.trial015.stdout:/usr/bin/ceph: stderr
2026-02-22T21:55:49.001+0000 7f5d18e1c640 1 --2- 10.20.193.15:0/4160444386 >> [v2:10.20.193.15:3300/0,v1:10.20.193.15:6789/0] conn(0x7f5d14109180 0x7f5d14109580 secure :-1 s=READY pgs=57 cs=0 l=1 rev1=1 crypto rx=0x7f5d08009920 tx=0x7f5d0802ef20 comp rx=0 tx=0).stop
2026-02-22T21:55:49.135 INFO:teuthology.orchestra.run.trial015.stdout:/usr/bin/ceph: stderr
2026-02-22T21:55:49.001+0000 7f5d18e1c640 1 -- 10.20.193.15:0/4160444386 shutdown_connections
2026-02-22T21:55:49.135 INFO:teuthology.orchestra.run.trial015.stdout:/usr/bin/ceph: stderr
2026-02-22T21:55:49.001+0000 7f5d18e1c640 1 --2- 10.20.193.15:0/4160444386 >> [v2:10.20.193.15:3300/0,v1:10.20.193.15:6789/0] conn(0x7f5d14109180 0x7f5d14109580 unknown :-1 s=CLOSED pgs=57 cs=0 l=1 rev1=1 crypto rx=0 tx=0 comp rx=0 tx=0).stop
2026-02-22T21:55:49.135 INFO:teuthology.orchestra.run.trial015.stdout:/usr/bin/ceph: stderr
2026-02-22T21:55:49.001+0000 7f5d18e1c640 1 -- 10.20.193.15:0/4160444386 >> 10.20.193.15:0/4160444386 conn(0x7f5d1407c830 msgr2=0x7f5d14107620 unknown :-1 s=STATE_NONE l=0).mark_down
2026-02-22T21:55:49.135 INFO:teuthology.orchestra.run.trial015.stdout:/usr/bin/ceph: stderr
2026-02-22T21:55:49.001+0000 7f5d18e1c640 1 -- 10.20.193.15:0/4160444386 shutdown_connections
2026-02-22T21:55:49.136 INFO:teuthology.orchestra.run.trial015.stdout:/usr/bin/ceph: stderr
2026-02-22T21:55:49.001+0000 7f5d18e1c640 1 -- 10.20.193.15:0/4160444386 wait complete.
2026-02-22T21:55:49.136 INFO:teuthology.orchestra.run.trial015.stdout:/usr/bin/ceph: stderr
2026-02-22T21:55:49.001+0000 7f5d18e1c640 1 Processor -- start
2026-02-22T21:55:49.136 INFO:teuthology.orchestra.run.trial015.stdout:/usr/bin/ceph: stderr
2026-02-22T21:55:49.001+0000 7f5d18e1c640 1 -- start start
2026-02-22T21:55:49.136 INFO:teuthology.orchestra.run.trial015.stdout:/usr/bin/ceph: stderr
2026-02-22T21:55:49.001+0000 7f5d18e1c640 1 --2- >> [v2:10.20.193.15:3300/0,v1:10.20.193.15:6789/0] conn(0x7f5d14109180 0x7f5d1419f1b0 unknown :-1 s=NONE pgs=0 cs=0 l=1 rev1=0 crypto rx=0 tx=0 comp rx=0 tx=0).connect
2026-02-22T21:55:49.136 INFO:teuthology.orchestra.run.trial015.stdout:/usr/bin/ceph: stderr
2026-02-22T21:55:49.001+0000 7f5d18e1c640 1 -- --> [v2:10.20.193.15:3300/0,v1:10.20.193.15:6789/0] -- mon_getmap magic: 0 -- 0x7f5d1410d4f0 con 0x7f5d14109180
2026-02-22T21:55:49.136 INFO:teuthology.orchestra.run.trial015.stdout:/usr/bin/ceph: stderr
2026-02-22T21:55:49.001+0000 7f5d12575640 1 --2- >> [v2:10.20.193.15:3300/0,v1:10.20.193.15:6789/0] conn(0x7f5d14109180 0x7f5d1419f1b0 unknown :-1 s=BANNER_CONNECTING pgs=0 cs=0 l=1 rev1=0 crypto rx=0 tx=0 comp rx=0 tx=0)._handle_peer_banner_payload supported=3 required=0
2026-02-22T21:55:49.136 INFO:teuthology.orchestra.run.trial015.stdout:/usr/bin/ceph: stderr
2026-02-22T21:55:49.001+0000 7f5d12575640 1 --2- >> [v2:10.20.193.15:3300/0,v1:10.20.193.15:6789/0] conn(0x7f5d14109180 0x7f5d1419f1b0 unknown :-1 s=HELLO_CONNECTING pgs=0 cs=0 l=1 rev1=1 crypto rx=0 tx=0 comp rx=0 tx=0).handle_hello peer v2:10.20.193.15:3300/0 says I am v2:10.20.193.15:52950/0 (socket says 10.20.193.15:52950)
2026-02-22T21:55:49.136 INFO:teuthology.orchestra.run.trial015.stdout:/usr/bin/ceph: stderr
2026-02-22T21:55:49.001+0000 7f5d12575640 1 -- 10.20.193.15:0/1483445896 learned_addr learned my addr 10.20.193.15:0/1483445896 (peer_addr_for_me v2:10.20.193.15:0/0)
2026-02-22T21:55:49.136 INFO:teuthology.orchestra.run.trial015.stdout:/usr/bin/ceph: stderr
2026-02-22T21:55:49.002+0000 7f5d12575640 1 -- 10.20.193.15:0/1483445896 --> [v2:10.20.193.15:3300/0,v1:10.20.193.15:6789/0] -- mon_subscribe({config=0+,monmap=0+}) -- 0x7f5d1419f6f0 con 0x7f5d14109180
2026-02-22T21:55:49.136 INFO:teuthology.orchestra.run.trial015.stdout:/usr/bin/ceph: stderr
2026-02-22T21:55:49.002+0000 7f5d12575640 1 --2- 10.20.193.15:0/1483445896 >> [v2:10.20.193.15:3300/0,v1:10.20.193.15:6789/0] conn(0x7f5d14109180 0x7f5d1419f1b0 secure :-1 s=READY pgs=58 cs=0 l=1 rev1=1 crypto rx=0x7f5d08037d90 tx=0x7f5d0802fd40 comp rx=0 tx=0).ready entity=mon.0 client_cookie=0 server_cookie=0 in_seq=0 out_seq=0
2026-02-22T21:55:49.136 INFO:teuthology.orchestra.run.trial015.stdout:/usr/bin/ceph: stderr
2026-02-22T21:55:49.002+0000 7f5cfb7fe640 1 -- 10.20.193.15:0/1483445896 <== mon.0 v2:10.20.193.15:3300/0 1 ==== mon_map magic: 0 ==== 205+0+0 (secure 0 0 0) 0x7f5d08047070 con 0x7f5d14109180
2026-02-22T21:55:49.136 INFO:teuthology.orchestra.run.trial015.stdout:/usr/bin/ceph: stderr
2026-02-22T21:55:49.002+0000 7f5cfb7fe640 1 -- 10.20.193.15:0/1483445896 <== mon.0 v2:10.20.193.15:3300/0 2 ==== config(24 keys) ==== 1006+0+0 (secure 0 0 0) 0x7f5d08035c20 con 0x7f5d14109180
2026-02-22T21:55:49.136 INFO:teuthology.orchestra.run.trial015.stdout:/usr/bin/ceph: stderr
2026-02-22T21:55:49.002+0000 7f5d18e1c640 1 -- 10.20.193.15:0/1483445896 --> [v2:10.20.193.15:3300/0,v1:10.20.193.15:6789/0] -- mon_subscribe({mgrmap=0+}) -- 0x7f5d1419f980 con 0x7f5d14109180
2026-02-22T21:55:49.136 INFO:teuthology.orchestra.run.trial015.stdout:/usr/bin/ceph: stderr
2026-02-22T21:55:49.002+0000 7f5cfb7fe640 1 -- 10.20.193.15:0/1483445896 <== mon.0 v2:10.20.193.15:3300/0 3 ==== mon_map magic: 0 ==== 205+0+0 (secure 0 0 0) 0x7f5d0803c070 con 0x7f5d14109180
2026-02-22T21:55:49.136 INFO:teuthology.orchestra.run.trial015.stdout:/usr/bin/ceph: stderr
2026-02-22T21:55:49.002+0000 7f5d18e1c640 1 -- 10.20.193.15:0/1483445896 --> [v2:10.20.193.15:3300/0,v1:10.20.193.15:6789/0] -- mon_subscribe({osdmap=0}) -- 0x7f5d141a2670 con 0x7f5d14109180
2026-02-22T21:55:49.136 INFO:teuthology.orchestra.run.trial015.stdout:/usr/bin/ceph: stderr
2026-02-22T21:55:49.002+0000 7f5d18e1c640 1 -- 10.20.193.15:0/1483445896 --> [v2:10.20.193.15:3300/0,v1:10.20.193.15:6789/0] -- mon_command({"prefix": "get_command_descriptions"} v 0) -- 0x7f5d14109600 con 0x7f5d14109180
2026-02-22T21:55:49.136 INFO:teuthology.orchestra.run.trial015.stdout:/usr/bin/ceph: stderr
2026-02-22T21:55:49.002+0000 7f5cfb7fe640 1 -- 10.20.193.15:0/1483445896 <== mon.0 v2:10.20.193.15:3300/0 4 ==== mgrmap(e 9) ==== 50260+0+0 (secure 0 0 0) 0x7f5d08042440 con 0x7f5d14109180
2026-02-22T21:55:49.136 INFO:teuthology.orchestra.run.trial015.stdout:/usr/bin/ceph: stderr
2026-02-22T21:55:49.002+0000 7f5cfb7fe640 20 mgrc handle_mgr_map mgrmap(e 9)
2026-02-22T21:55:49.136 INFO:teuthology.orchestra.run.trial015.stdout:/usr/bin/ceph: stderr
2026-02-22T21:55:49.003+0000 7f5cfb7fe640 4 mgrc handle_mgr_map Got map version 9
2026-02-22T21:55:49.136 INFO:teuthology.orchestra.run.trial015.stdout:/usr/bin/ceph: stderr
2026-02-22T21:55:49.003+0000 7f5cfb7fe640 4 mgrc handle_mgr_map Active mgr is now [v2:10.20.193.15:6800/824701751,v1:10.20.193.15:6801/824701751]
2026-02-22T21:55:49.136 INFO:teuthology.orchestra.run.trial015.stdout:/usr/bin/ceph: stderr
2026-02-22T21:55:49.003+0000 7f5cfb7fe640 4 mgrc reconnect Starting new session with [v2:10.20.193.15:6800/824701751,v1:10.20.193.15:6801/824701751]
2026-02-22T21:55:49.136 INFO:teuthology.orchestra.run.trial015.stdout:/usr/bin/ceph: stderr
2026-02-22T21:55:49.003+0000 7f5cfb7fe640 1 --2- 10.20.193.15:0/1483445896 >> [v2:10.20.193.15:6800/824701751,v1:10.20.193.15:6801/824701751] conn(0x7f5cec03dbf0 0x7f5cec0400b0 unknown :-1 s=NONE pgs=0 cs=0 l=1 rev1=0 crypto rx=0 tx=0 comp rx=0 tx=0).connect
2026-02-22T21:55:49.136 INFO:teuthology.orchestra.run.trial015.stdout:/usr/bin/ceph: stderr
2026-02-22T21:55:49.003+0000 7f5d11d74640 1 -- 10.20.193.15:0/1483445896 >> [v2:10.20.193.15:6800/824701751,v1:10.20.193.15:6801/824701751] conn(0x7f5cec03dbf0 msgr2=0x7f5cec0400b0 unknown :-1 s=STATE_CONNECTING_RE l=1).process reconnect failed to v2:10.20.193.15:6800/824701751
2026-02-22T21:55:49.136 INFO:teuthology.orchestra.run.trial015.stdout:/usr/bin/ceph: stderr
2026-02-22T21:55:49.003+0000 7f5cfb7fe640 1 -- 10.20.193.15:0/1483445896 <== mon.0 v2:10.20.193.15:3300/0 5 ==== osd_map(2..2 src has 1..2) ==== 940+0+0 (secure 0 0 0) 0x7f5d08076aa0 con 0x7f5d14109180
2026-02-22T21:55:49.136 INFO:teuthology.orchestra.run.trial015.stdout:/usr/bin/ceph: stderr
2026-02-22T21:55:49.003+0000 7f5d11d74640 1 --2- 10.20.193.15:0/1483445896 >> [v2:10.20.193.15:6800/824701751,v1:10.20.193.15:6801/824701751] conn(0x7f5cec03dbf0 0x7f5cec0400b0 unknown :-1 s=START_CONNECT pgs=0 cs=0 l=1 rev1=0 crypto rx=0 tx=0 comp rx=0 tx=0)._fault waiting 0.200000
2026-02-22T21:55:49.136 INFO:teuthology.orchestra.run.trial015.stdout:/usr/bin/ceph: stderr
2026-02-22T21:55:49.005+0000 7f5cfb7fe640 1 -- 10.20.193.15:0/1483445896 <== mon.0 v2:10.20.193.15:3300/0 6 ==== mon_command_ack([{"prefix": "get_command_descriptions"}]=0 v0) ==== 72+0+195034 (secure 0 0 0) 0x7f5d0804be80 con 0x7f5d14109180
2026-02-22T21:55:49.136 INFO:teuthology.orchestra.run.trial015.stdout:/usr/bin/ceph: stderr
2026-02-22T21:55:49.110+0000 7f5d18e1c640 1 -- 10.20.193.15:0/1483445896 --> [v2:10.20.193.15:3300/0,v1:10.20.193.15:6789/0] -- mon_command({"prefix": "mgr stat"} v 0) -- 0x7f5d141a2840 con 0x7f5d14109180
2026-02-22T21:55:49.136 INFO:teuthology.orchestra.run.trial015.stdout:/usr/bin/ceph: stderr
2026-02-22T21:55:49.110+0000 7f5cfb7fe640 1 -- 10.20.193.15:0/1483445896 <== mon.0 v2:10.20.193.15:3300/0 7 ==== mon_command_ack([{"prefix": "mgr stat"}]=0 v9) ==== 56+0+88 (secure 0 0 0) 0x7f5d08045120 con 0x7f5d14109180
2026-02-22T21:55:49.136 INFO:teuthology.orchestra.run.trial015.stdout:/usr/bin/ceph: stderr
2026-02-22T21:55:49.111+0000 7f5d18e1c640 10 mgrc shutdown
2026-02-22T21:55:49.136 INFO:teuthology.orchestra.run.trial015.stdout:/usr/bin/ceph: stderr
2026-02-22T21:55:49.111+0000 7f5d18e1c640 1 -- 10.20.193.15:0/1483445896 >> [v2:10.20.193.15:6800/824701751,v1:10.20.193.15:6801/824701751] conn(0x7f5cec03dbf0 msgr2=0x7f5cec0400b0 unknown :-1 s=STATE_CONNECTING l=1).mark_down
2026-02-22T21:55:49.136 INFO:teuthology.orchestra.run.trial015.stdout:/usr/bin/ceph: stderr
2026-02-22T21:55:49.111+0000 7f5d18e1c640 1 --2- 10.20.193.15:0/1483445896 >> [v2:10.20.193.15:6800/824701751,v1:10.20.193.15:6801/824701751] conn(0x7f5cec03dbf0 0x7f5cec0400b0 unknown :-1 s=START_CONNECT pgs=0 cs=0 l=1 rev1=0 crypto rx=0 tx=0 comp rx=0 tx=0).stop
2026-02-22T21:55:49.136 INFO:teuthology.orchestra.run.trial015.stdout:/usr/bin/ceph: stderr
2026-02-22T21:55:49.111+0000 7f5d18e1c640 1 -- 10.20.193.15:0/1483445896 >> [v2:10.20.193.15:3300/0,v1:10.20.193.15:6789/0] conn(0x7f5d14109180 msgr2=0x7f5d1419f1b0 secure :-1 s=STATE_CONNECTION_ESTABLISHED l=1).mark_down
2026-02-22T21:55:49.136 INFO:teuthology.orchestra.run.trial015.stdout:/usr/bin/ceph: stderr
2026-02-22T21:55:49.111+0000 7f5d18e1c640 1 --2- 10.20.193.15:0/1483445896 >> [v2:10.20.193.15:3300/0,v1:10.20.193.15:6789/0] conn(0x7f5d14109180 0x7f5d1419f1b0 secure :-1 s=READY pgs=58 cs=0 l=1 rev1=1 crypto rx=0x7f5d08037d90 tx=0x7f5d0802fd40 comp rx=0 tx=0).stop
2026-02-22T21:55:49.136 INFO:teuthology.orchestra.run.trial015.stdout:/usr/bin/ceph: stderr
2026-02-22T21:55:49.111+0000 7f5d18e1c640 1 -- 10.20.193.15:0/1483445896 shutdown_connections
2026-02-22T21:55:49.136 INFO:teuthology.orchestra.run.trial015.stdout:/usr/bin/ceph: stderr
2026-02-22T21:55:49.111+0000 7f5d18e1c640 1 --2- 10.20.193.15:0/1483445896 >> [v2:10.20.193.15:6800/824701751,v1:10.20.193.15:6801/824701751] conn(0x7f5cec03dbf0 0x7f5cec0400b0 unknown :-1 s=CLOSED pgs=0 cs=0 l=1 rev1=0 crypto rx=0 tx=0 comp rx=0 tx=0).stop
2026-02-22T21:55:49.136 INFO:teuthology.orchestra.run.trial015.stdout:/usr/bin/ceph: stderr
2026-02-22T21:55:49.111+0000 7f5d18e1c640 1 --2- 10.20.193.15:0/1483445896 >> [v2:10.20.193.15:3300/0,v1:10.20.193.15:6789/0] conn(0x7f5d14109180 0x7f5d1419f1b0 unknown :-1 s=CLOSED pgs=58 cs=0 l=1 rev1=1 crypto rx=0 tx=0 comp rx=0 tx=0).stop
2026-02-22T21:55:49.136 INFO:teuthology.orchestra.run.trial015.stdout:/usr/bin/ceph: stderr
2026-02-22T21:55:49.111+0000 7f5d18e1c640 1 -- 10.20.193.15:0/1483445896 >> 10.20.193.15:0/1483445896 conn(0x7f5d1407c830 msgr2=0x7f5d14106e10 unknown :-1 s=STATE_NONE l=0).mark_down
2026-02-22T21:55:49.136 INFO:teuthology.orchestra.run.trial015.stdout:/usr/bin/ceph: stderr
2026-02-22T21:55:49.111+0000 7f5d18e1c640 1 -- 10.20.193.15:0/1483445896 shutdown_connections
2026-02-22T21:55:49.136 INFO:teuthology.orchestra.run.trial015.stdout:/usr/bin/ceph: stderr
2026-02-22T21:55:49.111+0000 7f5d18e1c640 1 -- 10.20.193.15:0/1483445896 wait complete.
2026-02-22T21:55:49.136 INFO:teuthology.orchestra.run.trial015.stdout:Waiting for the mgr to restart...
2026-02-22T21:55:49.137 INFO:teuthology.orchestra.run.trial015.stdout:Waiting for mgr epoch 9...
2026-02-22T21:55:49.427 INFO:journalctl@ceph.mgr.a.trial015.stdout:Feb 22 21:55:49 trial015 ceph-2c3c86bf-1039-11f1-af6e-d404e6e7d460-mgr-a[39346]:
2026-02-22T21:55:49.280+0000 7f8581c76140 -1 mgr[py] Module snap_schedule has missing NOTIFY_TYPES member
2026-02-22T21:55:49.427 INFO:journalctl@ceph.mgr.a.trial015.stdout:Feb 22 21:55:49 trial015 ceph-2c3c86bf-1039-11f1-af6e-d404e6e7d460-mgr-a[39346]:
2026-02-22T21:55:49.424+0000 7f8581c76140 -1 mgr[py] Module prometheus has missing NOTIFY_TYPES member
2026-02-22T21:55:49.702 INFO:journalctl@ceph.mgr.a.trial015.stdout:Feb 22 21:55:49 trial015 ceph-2c3c86bf-1039-11f1-af6e-d404e6e7d460-mgr-a[39346]:
2026-02-22T21:55:49.459+0000 7f8581c76140 -1 mgr[py] Module balancer has missing NOTIFY_TYPES member
2026-02-22T21:55:49.702 INFO:journalctl@ceph.mgr.a.trial015.stdout:Feb 22 21:55:49 trial015 ceph-2c3c86bf-1039-11f1-af6e-d404e6e7d460-mgr-a[39346]:
2026-02-22T21:55:49.501+0000 7f8581c76140 -1 mgr[py] Module rbd_support has missing NOTIFY_TYPES member
2026-02-22T21:55:49.702 INFO:journalctl@ceph.mgr.a.trial015.stdout:Feb 22 21:55:49 trial015 ceph-2c3c86bf-1039-11f1-af6e-d404e6e7d460-mgr-a[39346]:
2026-02-22T21:55:49.532+0000 7f8581c76140 -1 mgr[py] Module devicehealth has missing NOTIFY_TYPES member
2026-02-22T21:55:49.703 INFO:journalctl@ceph.mgr.a.trial015.stdout:Feb 22 21:55:49 trial015 ceph-2c3c86bf-1039-11f1-af6e-d404e6e7d460-mgr-a[39346]:
2026-02-22T21:55:49.566+0000 7f8581c76140 -1 mgr[py] Module alerts has missing NOTIFY_TYPES member
2026-02-22T21:55:49.703 INFO:journalctl@ceph.mgr.a.trial015.stdout:Feb 22 21:55:49 trial015 ceph-2c3c86bf-1039-11f1-af6e-d404e6e7d460-mgr-a[39346]:
2026-02-22T21:55:49.631+0000 7f8581c76140 -1 mgr[py] Module telemetry has missing NOTIFY_TYPES member
2026-02-22T21:55:49.703 INFO:journalctl@ceph.mgr.a.trial015.stdout:Feb 22 21:55:49 trial015 ceph-2c3c86bf-1039-11f1-af6e-d404e6e7d460-mgr-a[39346]: /lib64/python3.9/site-packages/scipy/__init__.py:73: UserWarning: NumPy was imported from a Python sub-interpreter but NumPy does not properly support sub-interpreters. This will likely work for most users but might cause hard to track down issues or subtle bugs. A common user of the rare sub-interpreter feature is wsgi which also allows single-interpreter mode.
2026-02-22T21:55:49.703 INFO:journalctl@ceph.mgr.a.trial015.stdout:Feb 22 21:55:49 trial015 ceph-2c3c86bf-1039-11f1-af6e-d404e6e7d460-mgr-a[39346]: Improvements in the case of bugs are welcome, but is not on the NumPy roadmap, and full support may require significant effort to achieve.
2026-02-22T21:55:49.703 INFO:journalctl@ceph.mgr.a.trial015.stdout:Feb 22 21:55:49 trial015 ceph-2c3c86bf-1039-11f1-af6e-d404e6e7d460-mgr-a[39346]: from numpy import show_config as show_numpy_config
2026-02-22T21:55:49.959 INFO:journalctl@ceph.mon.a.trial015.stdout:Feb 22 21:55:49 trial015 ceph-mon[39082]: from='client.? 10.20.193.15:0/3075054565' entity='client.admin' cmd='[{"prefix": "mgr module enable", "module": "dashboard"}]': finished
2026-02-22T21:55:49.960 INFO:journalctl@ceph.mon.a.trial015.stdout:Feb 22 21:55:49 trial015 ceph-mon[39082]: mgrmap e9: a(active, since 5s)
2026-02-22T21:55:49.960 INFO:journalctl@ceph.mon.a.trial015.stdout:Feb 22 21:55:49 trial015 ceph-mon[39082]: from='client.? 10.20.193.15:0/1483445896' entity='client.admin' cmd=[{"prefix": "mgr stat"}]: dispatch
2026-02-22T21:55:49.960 INFO:journalctl@ceph.mgr.a.trial015.stdout:Feb 22 21:55:49 trial015 ceph-2c3c86bf-1039-11f1-af6e-d404e6e7d460-mgr-a[39346]:
2026-02-22T21:55:49.704+0000 7f8581c76140 -1 mgr[py] Module diskprediction_local has missing NOTIFY_TYPES member
2026-02-22T21:55:49.960 INFO:journalctl@ceph.mgr.a.trial015.stdout:Feb 22 21:55:49 trial015 ceph-2c3c86bf-1039-11f1-af6e-d404e6e7d460-mgr-a[39346]:
2026-02-22T21:55:49.738+0000 7f8581c76140 -1 mgr[py] Module status has missing NOTIFY_TYPES member
2026-02-22T21:55:49.960 INFO:journalctl@ceph.mgr.a.trial015.stdout:Feb 22 21:55:49 trial015 ceph-2c3c86bf-1039-11f1-af6e-d404e6e7d460-mgr-a[39346]:
2026-02-22T21:55:49.833+0000 7f8581c76140 -1 mgr[py] Module rgw has missing NOTIFY_TYPES member
2026-02-22T21:55:49.960 INFO:journalctl@ceph.mgr.a.trial015.stdout:Feb 22 21:55:49 trial015 ceph-2c3c86bf-1039-11f1-af6e-d404e6e7d460-mgr-a[39346]:
2026-02-22T21:55:49.892+0000 7f8581c76140 -1 mgr[py] Module iostat has missing NOTIFY_TYPES member
2026-02-22T21:55:49.961 INFO:journalctl@ceph.mgr.a.trial015.stdout:Feb 22 21:55:49 trial015 ceph-2c3c86bf-1039-11f1-af6e-d404e6e7d460-mgr-a[39346]:
2026-02-22T21:55:49.926+0000 7f8581c76140 -1 mgr[py] Module pg_autoscaler has missing NOTIFY_TYPES member
2026-02-22T21:55:50.260 INFO:journalctl@ceph.mgr.a.trial015.stdout:Feb 22 21:55:49 trial015 ceph-2c3c86bf-1039-11f1-af6e-d404e6e7d460-mgr-a[39346]:
2026-02-22T21:55:49.959+0000 7f8581c76140 -1 mgr[py] Module osd_perf_query has missing NOTIFY_TYPES member
2026-02-22T21:55:50.261 INFO:journalctl@ceph.mgr.a.trial015.stdout:Feb 22 21:55:49 trial015 ceph-2c3c86bf-1039-11f1-af6e-d404e6e7d460-mgr-a[39346]:
2026-02-22T21:55:49.994+0000 7f8581c76140 -1 mgr[py] Module crash has missing NOTIFY_TYPES member
2026-02-22T21:55:50.261 INFO:journalctl@ceph.mgr.a.trial015.stdout:Feb 22 21:55:50 trial015 ceph-2c3c86bf-1039-11f1-af6e-d404e6e7d460-mgr-a[39346]:
2026-02-22T21:55:50.024+0000 7f8581c76140 -1 mgr[py] Module progress has missing NOTIFY_TYPES member
2026-02-22T21:55:50.517 INFO:journalctl@ceph.mgr.a.trial015.stdout:Feb 22 21:55:50 trial015 ceph-2c3c86bf-1039-11f1-af6e-d404e6e7d460-mgr-a[39346]:
2026-02-22T21:55:50.258+0000 7f8581c76140 -1 mgr[py] Module rook has missing NOTIFY_TYPES member
2026-02-22T21:55:50.518 INFO:journalctl@ceph.mgr.a.trial015.stdout:Feb 22 21:55:50 trial015 ceph-2c3c86bf-1039-11f1-af6e-d404e6e7d460-mgr-a[39346]:
2026-02-22T21:55:50.358+0000 7f8581c76140 -1 mgr[py] Module nfs has missing NOTIFY_TYPES member
2026-02-22T21:55:50.518 INFO:journalctl@ceph.mgr.a.trial015.stdout:Feb 22 21:55:50 trial015 ceph-2c3c86bf-1039-11f1-af6e-d404e6e7d460-mgr-a[39346]:
2026-02-22T21:55:50.390+0000 7f8581c76140 -1 mgr[py] Module telegraf has missing NOTIFY_TYPES member
2026-02-22T21:55:50.518 INFO:journalctl@ceph.mgr.a.trial015.stdout:Feb 22 21:55:50 trial015 ceph-2c3c86bf-1039-11f1-af6e-d404e6e7d460-mgr-a[39346]:
2026-02-22T21:55:50.421+0000 7f8581c76140 -1 mgr[py] Module selftest has missing NOTIFY_TYPES member
2026-02-22T21:55:50.518 INFO:journalctl@ceph.mgr.a.trial015.stdout:Feb 22 21:55:50 trial015 ceph-2c3c86bf-1039-11f1-af6e-d404e6e7d460-mgr-a[39346]:
2026-02-22T21:55:50.515+0000 7f8581c76140 -1 mgr[py] Module test_orchestrator has missing NOTIFY_TYPES member
2026-02-22T21:55:50.959 INFO:journalctl@ceph.mgr.a.trial015.stdout:Feb 22 21:55:50 trial015 ceph-2c3c86bf-1039-11f1-af6e-d404e6e7d460-mgr-a[39346]:
2026-02-22T21:55:50.545+0000 7f8581c76140 -1 mgr[py] Module osd_support has missing NOTIFY_TYPES member
2026-02-22T21:55:50.960 INFO:journalctl@ceph.mgr.a.trial015.stdout:Feb 22 21:55:50 trial015 ceph-2c3c86bf-1039-11f1-af6e-d404e6e7d460-mgr-a[39346]:
2026-02-22T21:55:50.637+0000 7f8581c76140 -1 mgr[py] Module orchestrator has missing NOTIFY_TYPES member
2026-02-22T21:55:51.459 INFO:journalctl@ceph.mgr.a.trial015.stdout:Feb 22 21:55:51 trial015 ceph-2c3c86bf-1039-11f1-af6e-d404e6e7d460-mgr-a[39346]:
2026-02-22T21:55:51.096+0000 7f8581c76140 -1 mgr[py] Module volumes has missing NOTIFY_TYPES member
2026-02-22T21:55:51.460 INFO:journalctl@ceph.mgr.a.trial015.stdout:Feb 22 21:55:51 trial015 ceph-2c3c86bf-1039-11f1-af6e-d404e6e7d460-mgr-a[39346]:
2026-02-22T21:55:51.126+0000 7f8581c76140 -1 mgr[py] Module zabbix has missing NOTIFY_TYPES member
2026-02-22T21:55:51.874 INFO:journalctl@ceph.mgr.a.trial015.stdout:Feb 22 21:55:51 trial015 ceph-2c3c86bf-1039-11f1-af6e-d404e6e7d460-mgr-a[39346]:
2026-02-22T21:55:51.522+0000 7f8581c76140 -1 mgr[py] Module influx has missing NOTIFY_TYPES member
2026-02-22T21:55:51.874 INFO:journalctl@ceph.mon.a.trial015.stdout:Feb 22 21:55:51 trial015 ceph-mon[39082]: Active manager daemon a restarted
2026-02-22T21:55:51.874 INFO:journalctl@ceph.mon.a.trial015.stdout:Feb 22 21:55:51 trial015 ceph-mon[39082]: Activating manager daemon a
2026-02-22T21:55:51.875 INFO:journalctl@ceph.mon.a.trial015.stdout:Feb 22 21:55:51 trial015 ceph-mon[39082]: osdmap e3: 0 total, 0 up, 0 in
2026-02-22T21:55:51.875 INFO:journalctl@ceph.mon.a.trial015.stdout:Feb 22 21:55:51 trial015 ceph-mon[39082]: mgrmap e10: a(active, starting, since 0.00254028s)
2026-02-22T21:55:51.875 INFO:journalctl@ceph.mon.a.trial015.stdout:Feb 22 21:55:51 trial015 ceph-mon[39082]: from='mgr.14150 10.20.193.15:0/2501070490' entity='mgr.a' cmd=[{"prefix": "mon metadata", "id": "a"}]: dispatch
2026-02-22T21:55:51.875 INFO:journalctl@ceph.mon.a.trial015.stdout:Feb 22 21:55:51 trial015 ceph-mon[39082]: from='mgr.14150 10.20.193.15:0/2501070490' entity='mgr.a' cmd=[{"prefix": "mgr metadata", "who": "a", "id": "a"}]: dispatch
2026-02-22T21:55:51.875 INFO:journalctl@ceph.mon.a.trial015.stdout:Feb 22 21:55:51 trial015 ceph-mon[39082]: from='mgr.14150 10.20.193.15:0/2501070490' entity='mgr.a' cmd=[{"prefix": "mds metadata"}]: dispatch
2026-02-22T21:55:51.875 INFO:journalctl@ceph.mon.a.trial015.stdout:Feb 22 21:55:51 trial015 ceph-mon[39082]: from='mgr.14150 10.20.193.15:0/2501070490' entity='mgr.a' cmd=[{"prefix": "osd metadata"}]: dispatch
2026-02-22T21:55:51.875 INFO:journalctl@ceph.mon.a.trial015.stdout:Feb 22 21:55:51 trial015 ceph-mon[39082]: from='mgr.14150 10.20.193.15:0/2501070490' entity='mgr.a' cmd=[{"prefix": "mon metadata"}]: dispatch
2026-02-22T21:55:51.875 INFO:journalctl@ceph.mon.a.trial015.stdout:Feb 22 21:55:51 trial015 ceph-mon[39082]: Manager daemon a is now available
2026-02-22T21:55:51.875 INFO:journalctl@ceph.mon.a.trial015.stdout:Feb 22 21:55:51 trial015 ceph-mon[39082]: from='mgr.14150 10.20.193.15:0/2501070490' entity='mgr.a' cmd=[{"prefix": "config dump", "format": "json"}]: dispatch
2026-02-22T21:55:51.875 INFO:journalctl@ceph.mon.a.trial015.stdout:Feb 22 21:55:51 trial015 ceph-mon[39082]: from='mgr.14150 10.20.193.15:0/2501070490' entity='mgr.a' cmd=[{"prefix":"config rm","who":"mgr","name":"mgr/rbd_support/a/mirror_snapshot_schedule"}]: dispatch
2026-02-22T21:55:51.875 INFO:journalctl@ceph.mon.a.trial015.stdout:Feb 22 21:55:51 trial015 ceph-mon[39082]: from='mgr.14150 10.20.193.15:0/2501070490' entity='mgr.a' cmd=[{"prefix":"config rm","who":"mgr","name":"mgr/rbd_support/a/trash_purge_schedule"}]: dispatch
2026-02-22T21:55:52.584 INFO:teuthology.orchestra.run.trial015.stdout:/usr/bin/ceph: stdout {
2026-02-22T21:55:52.585 INFO:teuthology.orchestra.run.trial015.stdout:/usr/bin/ceph: stdout "mgrmap_epoch": 11,
2026-02-22T21:55:52.585 INFO:teuthology.orchestra.run.trial015.stdout:/usr/bin/ceph: stdout "initialized": true
2026-02-22T21:55:52.585 INFO:teuthology.orchestra.run.trial015.stdout:/usr/bin/ceph: stdout }
2026-02-22T21:55:52.585 INFO:teuthology.orchestra.run.trial015.stdout:/usr/bin/ceph: stderr
2026-02-22T21:55:49.237+0000 7f29efc58640 1 Processor -- start
2026-02-22T21:55:52.585 INFO:teuthology.orchestra.run.trial015.stdout:/usr/bin/ceph: stderr
2026-02-22T21:55:49.237+0000 7f29efc58640 1 -- start start
2026-02-22T21:55:52.585 INFO:teuthology.orchestra.run.trial015.stdout:/usr/bin/ceph: stderr
2026-02-22T21:55:49.237+0000 7f29efc58640 1 --2- >> [v2:10.20.193.15:3300/0,v1:10.20.193.15:6789/0] conn(0x7f29e8109120 0x7f29e8109520 unknown :-1 s=NONE pgs=0 cs=0 l=0 rev1=0 crypto rx=0 tx=0 comp rx=0 tx=0).connect
2026-02-22T21:55:52.585 INFO:teuthology.orchestra.run.trial015.stdout:/usr/bin/ceph: stderr
2026-02-22T21:55:49.237+0000 7f29efc58640 1 -- --> [v2:10.20.193.15:3300/0,v1:10.20.193.15:6789/0] -- mon_getmap magic: 0 -- 0x7f29e8109af0 con 0x7f29e8109120
2026-02-22T21:55:52.586 INFO:teuthology.orchestra.run.trial015.stdout:/usr/bin/ceph: stderr
2026-02-22T21:55:49.237+0000 7f29ed9cd640 1 --2- >> [v2:10.20.193.15:3300/0,v1:10.20.193.15:6789/0] conn(0x7f29e8109120 0x7f29e8109520 unknown :-1 s=BANNER_CONNECTING pgs=0 cs=0 l=0 rev1=0 crypto rx=0 tx=0 comp rx=0 tx=0)._handle_peer_banner_payload supported=3 required=0
2026-02-22T21:55:52.586 INFO:teuthology.orchestra.run.trial015.stdout:/usr/bin/ceph: stderr
2026-02-22T21:55:49.237+0000 7f29ed9cd640 1 --2- >> [v2:10.20.193.15:3300/0,v1:10.20.193.15:6789/0] conn(0x7f29e8109120 0x7f29e8109520 unknown :-1 s=HELLO_CONNECTING pgs=0 cs=0 l=0 rev1=1 crypto rx=0 tx=0 comp rx=0 tx=0).handle_hello peer v2:10.20.193.15:3300/0 says I am v2:10.20.193.15:52954/0 (socket says 10.20.193.15:52954)
2026-02-22T21:55:52.586 INFO:teuthology.orchestra.run.trial015.stdout:/usr/bin/ceph: stderr
2026-02-22T21:55:49.237+0000 7f29ed9cd640 1 -- 10.20.193.15:0/2207580508 learned_addr learned my addr 10.20.193.15:0/2207580508 (peer_addr_for_me v2:10.20.193.15:0/0)
2026-02-22T21:55:52.586 INFO:teuthology.orchestra.run.trial015.stdout:/usr/bin/ceph: stderr
2026-02-22T21:55:49.237+0000 7f29ed9cd640 1 -- 10.20.193.15:0/2207580508 --> [v2:10.20.193.15:3300/0,v1:10.20.193.15:6789/0] -- mon_subscribe({config=0+,monmap=0+}) -- 0x7f29e810a2c0 con 0x7f29e8109120
2026-02-22T21:55:52.586 INFO:teuthology.orchestra.run.trial015.stdout:/usr/bin/ceph: stderr
2026-02-22T21:55:49.238+0000 7f29ed9cd640 1 --2- 10.20.193.15:0/2207580508 >> [v2:10.20.193.15:3300/0,v1:10.20.193.15:6789/0] conn(0x7f29e8109120 0x7f29e8109520 secure :-1 s=READY pgs=59 cs=0 l=1 rev1=1 crypto rx=0x7f29d8009920 tx=0x7f29d802ef20 comp rx=0 tx=0).ready entity=mon.0 client_cookie=1fc8617339caa824 server_cookie=0 in_seq=0 out_seq=0
2026-02-22T21:55:52.586 INFO:teuthology.orchestra.run.trial015.stdout:/usr/bin/ceph: stderr
2026-02-22T21:55:49.238+0000 7f29ec9cb640 1 -- 10.20.193.15:0/2207580508 <== mon.0 v2:10.20.193.15:3300/0 1 ==== mon_map magic: 0 ==== 205+0+0 (secure 0 0 0) 0x7f29d803c070 con 0x7f29e8109120
2026-02-22T21:55:52.586 INFO:teuthology.orchestra.run.trial015.stdout:/usr/bin/ceph: stderr
2026-02-22T21:55:49.238+0000 7f29ec9cb640 1 -- 10.20.193.15:0/2207580508 <== mon.0 v2:10.20.193.15:3300/0 2 ==== config(24 keys) ==== 1006+0+0 (secure 0 0 0) 0x7f29d8037440 con 0x7f29e8109120
2026-02-22T21:55:52.586 INFO:teuthology.orchestra.run.trial015.stdout:/usr/bin/ceph: stderr
2026-02-22T21:55:49.238+0000 7f29ec9cb640 1 -- 10.20.193.15:0/2207580508 <== mon.0 v2:10.20.193.15:3300/0 3 ==== mon_map magic: 0 ==== 205+0+0 (secure 0 0 0) 0x7f29d80354d0 con 0x7f29e8109120
2026-02-22T21:55:52.586 INFO:teuthology.orchestra.run.trial015.stdout:/usr/bin/ceph: stderr
2026-02-22T21:55:49.238+0000 7f29efc58640 1 -- 10.20.193.15:0/2207580508 >> [v2:10.20.193.15:3300/0,v1:10.20.193.15:6789/0] conn(0x7f29e8109120 msgr2=0x7f29e8109520 secure :-1 s=STATE_CONNECTION_ESTABLISHED l=1).mark_down
2026-02-22T21:55:52.587 INFO:teuthology.orchestra.run.trial015.stdout:/usr/bin/ceph: stderr
2026-02-22T21:55:49.238+0000 7f29efc58640 1 --2- 10.20.193.15:0/2207580508 >> [v2:10.20.193.15:3300/0,v1:10.20.193.15:6789/0] conn(0x7f29e8109120 0x7f29e8109520 secure :-1 s=READY pgs=59 cs=0 l=1 rev1=1 crypto rx=0x7f29d8009920 tx=0x7f29d802ef20 comp rx=0 tx=0).stop
2026-02-22T21:55:52.587 INFO:teuthology.orchestra.run.trial015.stdout:/usr/bin/ceph: stderr
2026-02-22T21:55:49.238+0000 7f29efc58640 1 -- 10.20.193.15:0/2207580508 shutdown_connections
2026-02-22T21:55:52.587 INFO:teuthology.orchestra.run.trial015.stdout:/usr/bin/ceph: stderr
2026-02-22T21:55:49.238+0000 7f29efc58640 1 --2- 10.20.193.15:0/2207580508 >> [v2:10.20.193.15:3300/0,v1:10.20.193.15:6789/0] conn(0x7f29e8109120 0x7f29e8109520 unknown :-1 s=CLOSED pgs=59 cs=0 l=1 rev1=1 crypto rx=0 tx=0 comp rx=0 tx=0).stop
2026-02-22T21:55:52.587 INFO:teuthology.orchestra.run.trial015.stdout:/usr/bin/ceph: stderr
2026-02-22T21:55:49.238+0000 7f29efc58640 1 -- 10.20.193.15:0/2207580508 >> 10.20.193.15:0/2207580508 conn(0x7f29e807ca50 msgr2=0x7f29e8107620 unknown :-1 s=STATE_NONE l=0).mark_down
2026-02-22T21:55:52.587 INFO:teuthology.orchestra.run.trial015.stdout:/usr/bin/ceph: stderr
2026-02-22T21:55:49.238+0000 7f29efc58640 1 -- 10.20.193.15:0/2207580508 shutdown_connections
2026-02-22T21:55:52.587 INFO:teuthology.orchestra.run.trial015.stdout:/usr/bin/ceph: stderr
2026-02-22T21:55:49.238+0000 7f29efc58640 1 -- 10.20.193.15:0/2207580508 wait complete.
2026-02-22T21:55:52.587 INFO:teuthology.orchestra.run.trial015.stdout:/usr/bin/ceph: stderr
2026-02-22T21:55:49.239+0000 7f29efc58640 1 Processor -- start
2026-02-22T21:55:52.587 INFO:teuthology.orchestra.run.trial015.stdout:/usr/bin/ceph: stderr
2026-02-22T21:55:49.239+0000 7f29efc58640 1 -- start start
2026-02-22T21:55:52.587 INFO:teuthology.orchestra.run.trial015.stdout:/usr/bin/ceph: stderr
2026-02-22T21:55:49.239+0000 7f29efc58640 1 --2- >> [v2:10.20.193.15:3300/0,v1:10.20.193.15:6789/0] conn(0x7f29e8109120 0x7f29e819f220 unknown :-1 s=NONE pgs=0 cs=0 l=1 rev1=0 crypto rx=0 tx=0 comp rx=0 tx=0).connect
2026-02-22T21:55:52.587 INFO:teuthology.orchestra.run.trial015.stdout:/usr/bin/ceph: stderr
2026-02-22T21:55:49.239+0000 7f29efc58640 1 -- --> [v2:10.20.193.15:3300/0,v1:10.20.193.15:6789/0] -- mon_getmap magic: 0 -- 0x7f29e810d4f0 con 0x7f29e8109120
2026-02-22T21:55:52.587 INFO:teuthology.orchestra.run.trial015.stdout:/usr/bin/ceph: stderr
2026-02-22T21:55:49.239+0000 7f29ed9cd640 1 --2- >> [v2:10.20.193.15:3300/0,v1:10.20.193.15:6789/0] conn(0x7f29e8109120 0x7f29e819f220 unknown :-1 s=BANNER_CONNECTING pgs=0 cs=0 l=1 rev1=0 crypto rx=0 tx=0 comp rx=0 tx=0)._handle_peer_banner_payload supported=3 required=0
2026-02-22T21:55:52.587 INFO:teuthology.orchestra.run.trial015.stdout:/usr/bin/ceph: stderr
2026-02-22T21:55:49.239+0000 7f29ed9cd640 1 --2- >> [v2:10.20.193.15:3300/0,v1:10.20.193.15:6789/0] conn(0x7f29e8109120 0x7f29e819f220 unknown :-1 s=HELLO_CONNECTING pgs=0 cs=0 l=1 rev1=1 crypto rx=0 tx=0 comp rx=0 tx=0).handle_hello peer v2:10.20.193.15:3300/0 says I am v2:10.20.193.15:52970/0 (socket says 10.20.193.15:52970)
2026-02-22T21:55:52.588 INFO:teuthology.orchestra.run.trial015.stdout:/usr/bin/ceph: stderr
2026-02-22T21:55:49.239+0000 7f29ed9cd640 1 -- 10.20.193.15:0/1041922989 learned_addr learned my addr 10.20.193.15:0/1041922989 (peer_addr_for_me v2:10.20.193.15:0/0)
2026-02-22T21:55:52.588 INFO:teuthology.orchestra.run.trial015.stdout:/usr/bin/ceph: stderr
2026-02-22T21:55:49.239+0000 7f29ed9cd640 1 -- 10.20.193.15:0/1041922989 --> [v2:10.20.193.15:3300/0,v1:10.20.193.15:6789/0] -- mon_subscribe({config=0+,monmap=0+}) -- 0x7f29e819f760 con 0x7f29e8109120
2026-02-22T21:55:52.588 INFO:teuthology.orchestra.run.trial015.stdout:/usr/bin/ceph: stderr
2026-02-22T21:55:49.239+0000 7f29ed9cd640 1 --2- 10.20.193.15:0/1041922989 >> [v2:10.20.193.15:3300/0,v1:10.20.193.15:6789/0] conn(0x7f29e8109120 0x7f29e819f220 secure :-1 s=READY pgs=60 cs=0 l=1 rev1=1 crypto rx=0x7f29d8037d90 tx=0x7f29d802fcd0 comp rx=0 tx=0).ready entity=mon.0 client_cookie=0 server_cookie=0 in_seq=0 out_seq=0
2026-02-22T21:55:52.588 INFO:teuthology.orchestra.run.trial015.stdout:/usr/bin/ceph: stderr
2026-02-22T21:55:49.239+0000 7f29d6ffd640 1 -- 10.20.193.15:0/1041922989 <== mon.0 v2:10.20.193.15:3300/0 1 ==== mon_map magic: 0 ==== 205+0+0 (secure 0 0 0) 0x7f29d8047070 con 0x7f29e8109120
2026-02-22T21:55:52.588 INFO:teuthology.orchestra.run.trial015.stdout:/usr/bin/ceph: stderr
2026-02-22T21:55:49.239+0000 7f29d6ffd640 1 -- 10.20.193.15:0/1041922989 <== mon.0 v2:10.20.193.15:3300/0 2 ==== config(24 keys) ==== 1006+0+0 (secure 0 0 0) 0x7f29d8042440 con 0x7f29e8109120
2026-02-22T21:55:52.588 INFO:teuthology.orchestra.run.trial015.stdout:/usr/bin/ceph: stderr
2026-02-22T21:55:49.239+0000 7f29efc58640 1 -- 10.20.193.15:0/1041922989 --> [v2:10.20.193.15:3300/0,v1:10.20.193.15:6789/0] -- mon_subscribe({mgrmap=0+}) -- 0x7f29e819f9f0 con 0x7f29e8109120
2026-02-22T21:55:52.588 INFO:teuthology.orchestra.run.trial015.stdout:/usr/bin/ceph: stderr
2026-02-22T21:55:49.239+0000 7f29d6ffd640 1 -- 10.20.193.15:0/1041922989 <== mon.0 v2:10.20.193.15:3300/0 3 ==== mon_map magic: 0 ==== 205+0+0 (secure 0 0 0) 0x7f29d803c070 con 0x7f29e8109120
2026-02-22T21:55:52.588 INFO:teuthology.orchestra.run.trial015.stdout:/usr/bin/ceph: stderr
2026-02-22T21:55:49.239+0000 7f29efc58640 1 -- 10.20.193.15:0/1041922989 --> [v2:10.20.193.15:3300/0,v1:10.20.193.15:6789/0] -- mon_subscribe({osdmap=0}) -- 0x7f29e81a26e0 con 0x7f29e8109120
2026-02-22T21:55:52.588 INFO:teuthology.orchestra.run.trial015.stdout:/usr/bin/ceph: stderr
2026-02-22T21:55:49.240+0000 7f29efc58640 20 mgrc start_tell_command target: cmd: [{"prefix": "get_command_descriptions"}]
2026-02-22T21:55:52.588 INFO:teuthology.orchestra.run.trial015.stdout:/usr/bin/ceph: stderr
2026-02-22T21:55:49.240+0000 7f29efc58640 5 mgrc start_tell_command no mgr session (no running mgr daemon?), or not active mgr, waiting
2026-02-22T21:55:52.588 INFO:teuthology.orchestra.run.trial015.stdout:/usr/bin/ceph: stderr
2026-02-22T21:55:49.240+0000 7f29d6ffd640 1 -- 10.20.193.15:0/1041922989 <== mon.0 v2:10.20.193.15:3300/0 4 ==== mgrmap(e 9) ==== 50260+0+0 (secure 0 0 0) 0x7f29d80425f0 con 0x7f29e8109120
2026-02-22T21:55:52.588 INFO:teuthology.orchestra.run.trial015.stdout:/usr/bin/ceph: stderr
2026-02-22T21:55:49.240+0000 7f29d6ffd640 20 mgrc handle_mgr_map mgrmap(e 9)
2026-02-22T21:55:52.589 INFO:teuthology.orchestra.run.trial015.stdout:/usr/bin/ceph: stderr
2026-02-22T21:55:49.240+0000 7f29d6ffd640 4 mgrc handle_mgr_map Got map version 9
2026-02-22T21:55:52.589 INFO:teuthology.orchestra.run.trial015.stdout:/usr/bin/ceph: stderr
2026-02-22T21:55:49.240+0000 7f29d6ffd640 4 mgrc handle_mgr_map Active mgr is now [v2:10.20.193.15:6800/824701751,v1:10.20.193.15:6801/824701751]
2026-02-22T21:55:52.589 INFO:teuthology.orchestra.run.trial015.stdout:/usr/bin/ceph: stderr
2026-02-22T21:55:49.240+0000 7f29d6ffd640 4 mgrc reconnect Starting new session with [v2:10.20.193.15:6800/824701751,v1:10.20.193.15:6801/824701751]
2026-02-22T21:55:52.589 INFO:teuthology.orchestra.run.trial015.stdout:/usr/bin/ceph: stderr
2026-02-22T21:55:49.240+0000 7f29d6ffd640 1 --2- 10.20.193.15:0/1041922989 >> [v2:10.20.193.15:6800/824701751,v1:10.20.193.15:6801/824701751] conn(0x7f29c403dbf0 0x7f29c40400b0 unknown :-1 s=NONE pgs=0 cs=0 l=1 rev1=0 crypto rx=0 tx=0 comp rx=0 tx=0).connect
2026-02-22T21:55:52.589 INFO:teuthology.orchestra.run.trial015.stdout:/usr/bin/ceph: stderr
2026-02-22T21:55:49.240+0000 7f29d6ffd640 10 mgrc reconnect resending 0 (tell)
2026-02-22T21:55:52.589 INFO:teuthology.orchestra.run.trial015.stdout:/usr/bin/ceph: stderr
2026-02-22T21:55:49.240+0000 7f29d6ffd640 1 -- 10.20.193.15:0/1041922989 --> [v2:10.20.193.15:6800/824701751,v1:10.20.193.15:6801/824701751] -- command(tid 0: {"prefix": "get_command_descriptions"}) -- 0x7f29c40407c0 con 0x7f29c403dbf0
2026-02-22T21:55:52.589 INFO:teuthology.orchestra.run.trial015.stdout:/usr/bin/ceph: stderr
2026-02-22T21:55:49.240+0000 7f29d6ffd640 1 -- 10.20.193.15:0/1041922989 <== mon.0 v2:10.20.193.15:3300/0 5 ==== osd_map(2..2 src has 1..2) ==== 940+0+0 (secure 0 0 0) 0x7f29d80769e0 con 0x7f29e8109120
2026-02-22T21:55:52.589 INFO:teuthology.orchestra.run.trial015.stdout:/usr/bin/ceph: stderr
2026-02-22T21:55:49.240+0000 7f29ed1cc640 1 -- 10.20.193.15:0/1041922989 >> [v2:10.20.193.15:6800/824701751,v1:10.20.193.15:6801/824701751] conn(0x7f29c403dbf0 msgr2=0x7f29c40400b0 unknown :-1 s=STATE_CONNECTING_RE l=1).process reconnect failed to v2:10.20.193.15:6800/824701751
2026-02-22T21:55:52.589 INFO:teuthology.orchestra.run.trial015.stdout:/usr/bin/ceph: stderr
2026-02-22T21:55:49.240+0000 7f29ed1cc640 1 --2- 10.20.193.15:0/1041922989 >> [v2:10.20.193.15:6800/824701751,v1:10.20.193.15:6801/824701751] conn(0x7f29c403dbf0 0x7f29c40400b0 unknown :-1 s=START_CONNECT pgs=0 cs=0 l=1 rev1=0 crypto rx=0 tx=0 comp rx=0 tx=0)._fault waiting 0.200000
2026-02-22T21:55:52.589 INFO:teuthology.orchestra.run.trial015.stdout:/usr/bin/ceph: stderr
2026-02-22T21:55:49.441+0000 7f29ed1cc640 1 -- 10.20.193.15:0/1041922989 >> [v2:10.20.193.15:6800/824701751,v1:10.20.193.15:6801/824701751] conn(0x7f29c403dbf0 msgr2=0x7f29c40400b0 unknown :-1 s=STATE_CONNECTING_RE l=1).process reconnect failed to v2:10.20.193.15:6800/824701751
2026-02-22T21:55:52.589 INFO:teuthology.orchestra.run.trial015.stdout:/usr/bin/ceph: stderr
2026-02-22T21:55:49.441+0000 7f29ed1cc640 1 --2- 10.20.193.15:0/1041922989 >> [v2:10.20.193.15:6800/824701751,v1:10.20.193.15:6801/824701751] conn(0x7f29c403dbf0 0x7f29c40400b0 unknown :-1 s=START_CONNECT pgs=0 cs=0 l=1 rev1=0 crypto rx=0 tx=0 comp rx=0 tx=0)._fault waiting 0.400000
2026-02-22T21:55:52.590 INFO:teuthology.orchestra.run.trial015.stdout:/usr/bin/ceph: stderr
2026-02-22T21:55:49.842+0000 7f29ed1cc640 1 -- 10.20.193.15:0/1041922989 >> [v2:10.20.193.15:6800/824701751,v1:10.20.193.15:6801/824701751] conn(0x7f29c403dbf0 msgr2=0x7f29c40400b0 unknown :-1 s=STATE_CONNECTING_RE l=1).process reconnect failed to v2:10.20.193.15:6800/824701751
2026-02-22T21:55:52.590 INFO:teuthology.orchestra.run.trial015.stdout:/usr/bin/ceph: stderr
2026-02-22T21:55:49.842+0000 7f29ed1cc640 1 --2- 10.20.193.15:0/1041922989 >> [v2:10.20.193.15:6800/824701751,v1:10.20.193.15:6801/824701751] conn(0x7f29c403dbf0 0x7f29c40400b0 unknown :-1 s=START_CONNECT pgs=0 cs=0 l=1 rev1=0 crypto rx=0 tx=0 comp rx=0 tx=0)._fault waiting 0.800000
2026-02-22T21:55:52.590 INFO:teuthology.orchestra.run.trial015.stdout:/usr/bin/ceph: stderr
2026-02-22T21:55:50.643+0000 7f29ed1cc640 1 -- 10.20.193.15:0/1041922989 >> [v2:10.20.193.15:6800/824701751,v1:10.20.193.15:6801/824701751] conn(0x7f29c403dbf0 msgr2=0x7f29c40400b0 unknown :-1 s=STATE_CONNECTING_RE l=1).process reconnect failed to v2:10.20.193.15:6800/824701751
2026-02-22T21:55:52.590 INFO:teuthology.orchestra.run.trial015.stdout:/usr/bin/ceph: stderr
2026-02-22T21:55:50.643+0000 7f29ed1cc640 1 --2- 10.20.193.15:0/1041922989 >> [v2:10.20.193.15:6800/824701751,v1:10.20.193.15:6801/824701751] conn(0x7f29c403dbf0 0x7f29c40400b0 unknown :-1 s=START_CONNECT pgs=0 cs=0 l=1 rev1=0 crypto rx=0 tx=0 comp rx=0 tx=0)._fault waiting 1.600000
2026-02-22T21:55:52.590 INFO:teuthology.orchestra.run.trial015.stdout:/usr/bin/ceph: stderr
2026-02-22T21:55:51.525+0000 7f29d6ffd640 1 -- 10.20.193.15:0/1041922989 <== mon.0 v2:10.20.193.15:3300/0 6 ==== mgrmap(e 10) ==== 50027+0+0 (secure 0 0 0) 0x7f29d8035b60 con 0x7f29e8109120
2026-02-22T21:55:52.590 INFO:teuthology.orchestra.run.trial015.stdout:/usr/bin/ceph: stderr
2026-02-22T21:55:51.525+0000 7f29d6ffd640 20 mgrc handle_mgr_map mgrmap(e 10)
2026-02-22T21:55:52.590 INFO:teuthology.orchestra.run.trial015.stdout:/usr/bin/ceph: stderr
2026-02-22T21:55:51.525+0000 7f29d6ffd640 4 mgrc handle_mgr_map Got map version 10
2026-02-22T21:55:52.590 INFO:teuthology.orchestra.run.trial015.stdout:/usr/bin/ceph: stderr
2026-02-22T21:55:51.525+0000 7f29d6ffd640 4 mgrc handle_mgr_map Active mgr is now
2026-02-22T21:55:52.590 INFO:teuthology.orchestra.run.trial015.stdout:/usr/bin/ceph: stderr
2026-02-22T21:55:51.525+0000 7f29d6ffd640 4 mgrc reconnect Terminating session with v2:10.20.193.15:6800/824701751
2026-02-22T21:55:52.590 INFO:teuthology.orchestra.run.trial015.stdout:/usr/bin/ceph: stderr
2026-02-22T21:55:51.525+0000 7f29d6ffd640 1 -- 10.20.193.15:0/1041922989 >> [v2:10.20.193.15:6800/824701751,v1:10.20.193.15:6801/824701751] conn(0x7f29c403dbf0 msgr2=0x7f29c40400b0 unknown :-1 s=STATE_CONNECTING l=1).mark_down
2026-02-22T21:55:52.590 INFO:teuthology.orchestra.run.trial015.stdout:/usr/bin/ceph: stderr
2026-02-22T21:55:51.525+0000 7f29d6ffd640 1 --2- 10.20.193.15:0/1041922989 >> [v2:10.20.193.15:6800/824701751,v1:10.20.193.15:6801/824701751] conn(0x7f29c403dbf0 0x7f29c40400b0 unknown :-1 s=START_CONNECT pgs=0 cs=0 l=1 rev1=0 crypto rx=0 tx=0 comp rx=0 tx=0).stop
2026-02-22T21:55:52.590 INFO:teuthology.orchestra.run.trial015.stdout:/usr/bin/ceph: stderr
2026-02-22T21:55:51.525+0000 7f29d6ffd640 4 mgrc reconnect No active mgr available yet
2026-02-22T21:55:52.591 INFO:teuthology.orchestra.run.trial015.stdout:/usr/bin/ceph: stderr
2026-02-22T21:55:52.527+0000 7f29d6ffd640 1 -- 10.20.193.15:0/1041922989 <== mon.0 v2:10.20.193.15:3300/0 7 ==== mgrmap(e 11) ==== 50154+0+0 (secure 0 0 0) 0x7f29d803e310 con 0x7f29e8109120
2026-02-22T21:55:52.591 INFO:teuthology.orchestra.run.trial015.stdout:/usr/bin/ceph: stderr
2026-02-22T21:55:52.527+0000 7f29d6ffd640 20 mgrc handle_mgr_map mgrmap(e 11)
2026-02-22T21:55:52.591 INFO:teuthology.orchestra.run.trial015.stdout:/usr/bin/ceph: stderr
2026-02-22T21:55:52.527+0000 7f29d6ffd640 4 mgrc handle_mgr_map Got map version 11
2026-02-22T21:55:52.591 INFO:teuthology.orchestra.run.trial015.stdout:/usr/bin/ceph: stderr
2026-02-22T21:55:52.527+0000 7f29d6ffd640 4 mgrc handle_mgr_map Active mgr is now [v2:10.20.193.15:6800/3784172256,v1:10.20.193.15:6801/3784172256]
2026-02-22T21:55:52.591 INFO:teuthology.orchestra.run.trial015.stdout:/usr/bin/ceph: stderr
2026-02-22T21:55:52.527+0000 7f29d6ffd640 4 mgrc reconnect Starting new session with [v2:10.20.193.15:6800/3784172256,v1:10.20.193.15:6801/3784172256]
2026-02-22T21:55:52.591 INFO:teuthology.orchestra.run.trial015.stdout:/usr/bin/ceph: stderr
2026-02-22T21:55:52.527+0000 7f29d6ffd640 1 --2- 10.20.193.15:0/1041922989 >> [v2:10.20.193.15:6800/3784172256,v1:10.20.193.15:6801/3784172256] conn(0x7f29c40416d0 0x7f29c4043ac0 unknown :-1 s=NONE pgs=0 cs=0 l=1 rev1=0 crypto rx=0 tx=0 comp rx=0 tx=0).connect
2026-02-22T21:55:52.591 INFO:teuthology.orchestra.run.trial015.stdout:/usr/bin/ceph: stderr
2026-02-22T21:55:52.527+0000 7f29d6ffd640 10 mgrc reconnect resending 0 (tell)
2026-02-22T21:55:52.591 INFO:teuthology.orchestra.run.trial015.stdout:/usr/bin/ceph: stderr
2026-02-22T21:55:52.527+0000 7f29d6ffd640 1 -- 10.20.193.15:0/1041922989 --> [v2:10.20.193.15:6800/3784172256,v1:10.20.193.15:6801/3784172256] -- command(tid 0: {"prefix": "get_command_descriptions"}) -- 0x7f29c40407c0 con 0x7f29c40416d0
2026-02-22T21:55:52.591 INFO:teuthology.orchestra.run.trial015.stdout:/usr/bin/ceph: stderr
2026-02-22T21:55:52.528+0000 7f29ed1cc640 1 --2- 10.20.193.15:0/1041922989 >> [v2:10.20.193.15:6800/3784172256,v1:10.20.193.15:6801/3784172256] conn(0x7f29c40416d0 0x7f29c4043ac0 unknown :-1 s=BANNER_CONNECTING pgs=0 cs=0 l=1 rev1=0 crypto rx=0 tx=0 comp rx=0 tx=0)._handle_peer_banner_payload supported=3 required=0
2026-02-22T21:55:52.591 INFO:teuthology.orchestra.run.trial015.stdout:/usr/bin/ceph: stderr
2026-02-22T21:55:52.528+0000 7f29ed1cc640 1 --2- 10.20.193.15:0/1041922989 >> [v2:10.20.193.15:6800/3784172256,v1:10.20.193.15:6801/3784172256] conn(0x7f29c40416d0 0x7f29c4043ac0 secure :-1 s=READY pgs=1 cs=0 l=1 rev1=1 crypto rx=0x7f29dc003a80 tx=0x7f29dc009290 comp rx=0 tx=0).ready entity=mgr.14150 client_cookie=0 server_cookie=0 in_seq=0 out_seq=0
2026-02-22T21:55:52.591 INFO:teuthology.orchestra.run.trial015.stdout:/usr/bin/ceph: stderr
2026-02-22T21:55:52.529+0000 7f29d6ffd640 1 -- 10.20.193.15:0/1041922989 <== mgr.14150 v2:10.20.193.15:6800/3784172256 1 ==== command_reply(tid 0: 0 ) ==== 8+0+8901 (secure 0 0 0) 0x7f29c40407c0 con 0x7f29c40416d0
2026-02-22T21:55:52.591 INFO:teuthology.orchestra.run.trial015.stdout:/usr/bin/ceph: stderr
2026-02-22T21:55:52.529+0000 7f29d6ffd640 20 mgrc handle_command_reply tid 0 r 0
2026-02-22T21:55:52.592 INFO:teuthology.orchestra.run.trial015.stdout:/usr/bin/ceph: stderr
2026-02-22T21:55:52.532+0000 7f29efc58640 20 mgrc start_tell_command target: cmd: [{"prefix": "mgr_status"}]
2026-02-22T21:55:52.592 INFO:teuthology.orchestra.run.trial015.stdout:/usr/bin/ceph: stderr
2026-02-22T21:55:52.532+0000 7f29efc58640 1 -- 10.20.193.15:0/1041922989 --> [v2:10.20.193.15:6800/3784172256,v1:10.20.193.15:6801/3784172256] -- command(tid 1: {"prefix": "mgr_status"}) -- 0x7f29e819fed0 con 0x7f29c40416d0
2026-02-22T21:55:52.592 INFO:teuthology.orchestra.run.trial015.stdout:/usr/bin/ceph: stderr
2026-02-22T21:55:52.532+0000 7f29d6ffd640 1 -- 10.20.193.15:0/1041922989 <== mgr.14150 v2:10.20.193.15:6800/3784172256 2 ==== command_reply(tid 1: 0 ) ==== 8+0+52 (secure 0 0 0) 0x7f29e819fed0 con 0x7f29c40416d0
2026-02-22T21:55:52.592 INFO:teuthology.orchestra.run.trial015.stdout:/usr/bin/ceph: stderr
2026-02-22T21:55:52.533+0000 7f29d6ffd640 20 mgrc handle_command_reply tid 1 r 0
2026-02-22T21:55:52.592 INFO:teuthology.orchestra.run.trial015.stdout:/usr/bin/ceph: stderr
2026-02-22T21:55:52.533+0000 7f29efc58640 10 mgrc shutdown
2026-02-22T21:55:52.592 INFO:teuthology.orchestra.run.trial015.stdout:/usr/bin/ceph: stderr
2026-02-22T21:55:52.533+0000 7f29efc58640 1 -- 10.20.193.15:0/1041922989 >> [v2:10.20.193.15:6800/3784172256,v1:10.20.193.15:6801/3784172256] conn(0x7f29c40416d0 msgr2=0x7f29c4043ac0 secure :-1 s=STATE_CONNECTION_ESTABLISHED l=1).mark_down
2026-02-22T21:55:52.592 INFO:teuthology.orchestra.run.trial015.stdout:/usr/bin/ceph: stderr
