2026-02-25T15:53:20.678+0000 7fa565ffb640 1 -- 10.20.193.14:0/1668295003 <== mon.0 v2:10.20.193.14:3300/0 2 ==== config(27 keys) v1 ==== 1108+0+0 (secure 0 0 0) 0x7fa560037a70 con 0x7fa57007ce50
2026-02-25T15:53:20.822 INFO:teuthology.orchestra.run.trial014.stdout:/usr/bin/ceph: stderr
2026-02-25T15:53:20.678+0000 7fa576d18640 1 -- 10.20.193.14:0/1668295003 --> [v2:10.20.193.14:3300/0,v1:10.20.193.14:6789/0] -- mon_subscribe({mgrmap=0+}) v3 -- 0x7fa57019eb90 con 0x7fa57007ce50
2026-02-25T15:53:20.822 INFO:teuthology.orchestra.run.trial014.stdout:/usr/bin/ceph: stderr
2026-02-25T15:53:20.678+0000 7fa565ffb640 1 -- 10.20.193.14:0/1668295003 <== mon.0 v2:10.20.193.14:3300/0 3 ==== mon_map magic: 0 v1 ==== 205+0+0 (secure 0 0 0) 0x7fa56003e560 con 0x7fa57007ce50
2026-02-25T15:53:20.822 INFO:teuthology.orchestra.run.trial014.stdout:/usr/bin/ceph: stderr
2026-02-25T15:53:20.678+0000 7fa576d18640 1 -- 10.20.193.14:0/1668295003 --> [v2:10.20.193.14:3300/0,v1:10.20.193.14:6789/0] -- mon_subscribe({osdmap=0}) v3 -- 0x7fa57019f030 con 0x7fa57007ce50
2026-02-25T15:53:20.822 INFO:teuthology.orchestra.run.trial014.stdout:/usr/bin/ceph: stderr
2026-02-25T15:53:20.678+0000 7fa576d18640 1 -- 10.20.193.14:0/1668295003 --> [v2:10.20.193.14:3300/0,v1:10.20.193.14:6789/0] -- mon_command({"prefix": "get_command_descriptions"} v 0) v1 -- 0x7fa57010c930 con 0x7fa57007ce50
2026-02-25T15:53:20.822 INFO:teuthology.orchestra.run.trial014.stdout:/usr/bin/ceph: stderr
2026-02-25T15:53:20.679+0000 7fa565ffb640 1 -- 10.20.193.14:0/1668295003 <== mon.0 v2:10.20.193.14:3300/0 4 ==== mgrmap(e 9) v1 ==== 49373+0+0 (secure 0 0 0) 0x7fa56003e070 con 0x7fa57007ce50
2026-02-25T15:53:20.822 INFO:teuthology.orchestra.run.trial014.stdout:/usr/bin/ceph: stderr
2026-02-25T15:53:20.679+0000 7fa565ffb640 1 --2- 10.20.193.14:0/1668295003 >> [v2:10.20.193.14:6800/4014700137,v1:10.20.193.14:6801/4014700137] conn(0x7fa54c03d1e0 0x7fa54c03f6a0 unknown :-1 s=NONE pgs=0 cs=0 l=1 rev1=0 crypto rx=0 tx=0 comp rx=0 tx=0).connect
2026-02-25T15:53:20.823 INFO:teuthology.orchestra.run.trial014.stdout:/usr/bin/ceph: stderr
2026-02-25T15:53:20.679+0000 7fa567fff640 1 -- 10.20.193.14:0/1668295003 >> [v2:10.20.193.14:6800/4014700137,v1:10.20.193.14:6801/4014700137] conn(0x7fa54c03d1e0 msgr2=0x7fa54c03f6a0 unknown :-1 s=STATE_CONNECTING_RE l=1).process reconnect failed to v2:10.20.193.14:6800/4014700137
2026-02-25T15:53:20.823 INFO:teuthology.orchestra.run.trial014.stdout:/usr/bin/ceph: stderr
2026-02-25T15:53:20.679+0000 7fa565ffb640 1 -- 10.20.193.14:0/1668295003 <== mon.0 v2:10.20.193.14:3300/0 5 ==== osd_map(2..2 src has 1..2) v4 ==== 940+0+0 (secure 0 0 0) 0x7fa560075d00 con 0x7fa57007ce50
2026-02-25T15:53:20.823 INFO:teuthology.orchestra.run.trial014.stdout:/usr/bin/ceph: stderr
2026-02-25T15:53:20.679+0000 7fa567fff640 1 --2- 10.20.193.14:0/1668295003 >> [v2:10.20.193.14:6800/4014700137,v1:10.20.193.14:6801/4014700137] conn(0x7fa54c03d1e0 0x7fa54c03f6a0 unknown :-1 s=START_CONNECT pgs=0 cs=0 l=1 rev1=0 crypto rx=0 tx=0 comp rx=0 tx=0)._fault waiting 0.200000
2026-02-25T15:53:20.823 INFO:teuthology.orchestra.run.trial014.stdout:/usr/bin/ceph: stderr
2026-02-25T15:53:20.681+0000 7fa565ffb640 1 -- 10.20.193.14:0/1668295003 <== mon.0 v2:10.20.193.14:3300/0 6 ==== mon_command_ack([{"prefix": "get_command_descriptions"}]=0 v0) v1 ==== 72+0+186382 (secure 0 0 0) 0x7fa5600369f0 con 0x7fa57007ce50
2026-02-25T15:53:20.823 INFO:teuthology.orchestra.run.trial014.stdout:/usr/bin/ceph: stderr
2026-02-25T15:53:20.779+0000 7fa576d18640 1 -- 10.20.193.14:0/1668295003 --> [v2:10.20.193.14:3300/0,v1:10.20.193.14:6789/0] -- mon_command({"prefix": "mgr stat"} v 0) v1 -- 0x7fa5701a1d10 con 0x7fa57007ce50
2026-02-25T15:53:20.824 INFO:teuthology.orchestra.run.trial014.stdout:/usr/bin/ceph: stderr
2026-02-25T15:53:20.779+0000 7fa565ffb640 1 -- 10.20.193.14:0/1668295003 <== mon.0 v2:10.20.193.14:3300/0 7 ==== mon_command_ack([{"prefix": "mgr stat"}]=0 v9) v1 ==== 56+0+88 (secure 0 0 0) 0x7fa56003c070 con 0x7fa57007ce50
2026-02-25T15:53:20.824 INFO:teuthology.orchestra.run.trial014.stdout:/usr/bin/ceph: stderr
2026-02-25T15:53:20.781+0000 7fa576d18640 1 -- 10.20.193.14:0/1668295003 >> [v2:10.20.193.14:6800/4014700137,v1:10.20.193.14:6801/4014700137] conn(0x7fa54c03d1e0 msgr2=0x7fa54c03f6a0 unknown :-1 s=STATE_CONNECTING l=1).mark_down
2026-02-25T15:53:20.824 INFO:teuthology.orchestra.run.trial014.stdout:/usr/bin/ceph: stderr
2026-02-25T15:53:20.781+0000 7fa576d18640 1 --2- 10.20.193.14:0/1668295003 >> [v2:10.20.193.14:6800/4014700137,v1:10.20.193.14:6801/4014700137] conn(0x7fa54c03d1e0 0x7fa54c03f6a0 unknown :-1 s=START_CONNECT pgs=0 cs=0 l=1 rev1=0 crypto rx=0 tx=0 comp rx=0 tx=0).stop
2026-02-25T15:53:20.824 INFO:teuthology.orchestra.run.trial014.stdout:/usr/bin/ceph: stderr
2026-02-25T15:53:20.781+0000 7fa576d18640 1 -- 10.20.193.14:0/1668295003 >> [v2:10.20.193.14:3300/0,v1:10.20.193.14:6789/0] conn(0x7fa57007ce50 msgr2=0x7fa57019e450 secure :-1 s=STATE_CONNECTION_ESTABLISHED l=1).mark_down
2026-02-25T15:53:20.824 INFO:teuthology.orchestra.run.trial014.stdout:/usr/bin/ceph: stderr
2026-02-25T15:53:20.781+0000 7fa576d18640 1 --2- 10.20.193.14:0/1668295003 >> [v2:10.20.193.14:3300/0,v1:10.20.193.14:6789/0] conn(0x7fa57007ce50 0x7fa57019e450 secure :-1 s=READY pgs=58 cs=0 l=1 rev1=1 crypto rx=0x7fa560037670 tx=0x7fa5600376a0 comp rx=0 tx=0).stop
2026-02-25T15:53:20.824 INFO:teuthology.orchestra.run.trial014.stdout:/usr/bin/ceph: stderr
2026-02-25T15:53:20.781+0000 7fa576d18640 1 -- 10.20.193.14:0/1668295003 shutdown_connections
2026-02-25T15:53:20.825 INFO:teuthology.orchestra.run.trial014.stdout:/usr/bin/ceph: stderr
2026-02-25T15:53:20.781+0000 7fa576d18640 1 --2- 10.20.193.14:0/1668295003 >> [v2:10.20.193.14:6800/4014700137,v1:10.20.193.14:6801/4014700137] conn(0x7fa54c03d1e0 0x7fa54c03f6a0 unknown :-1 s=CLOSED pgs=0 cs=0 l=1 rev1=0 crypto rx=0 tx=0 comp rx=0 tx=0).stop
2026-02-25T15:53:20.825 INFO:teuthology.orchestra.run.trial014.stdout:/usr/bin/ceph: stderr
2026-02-25T15:53:20.781+0000 7fa576d18640 1 --2- 10.20.193.14:0/1668295003 >> [v2:10.20.193.14:3300/0,v1:10.20.193.14:6789/0] conn(0x7fa57007ce50 0x7fa57019e450 unknown :-1 s=CLOSED pgs=58 cs=0 l=1 rev1=1 crypto rx=0 tx=0 comp rx=0 tx=0).stop
2026-02-25T15:53:20.825 INFO:teuthology.orchestra.run.trial014.stdout:/usr/bin/ceph: stderr
2026-02-25T15:53:20.781+0000 7fa576d18640 1 -- 10.20.193.14:0/1668295003 >> 10.20.193.14:0/1668295003 conn(0x7fa570101be0 msgr2=0x7fa5701027b0 unknown :-1 s=STATE_NONE l=0).mark_down
2026-02-25T15:53:20.825 INFO:teuthology.orchestra.run.trial014.stdout:/usr/bin/ceph: stderr
2026-02-25T15:53:20.781+0000 7fa576d18640 1 -- 10.20.193.14:0/1668295003 shutdown_connections
2026-02-25T15:53:20.825 INFO:teuthology.orchestra.run.trial014.stdout:/usr/bin/ceph: stderr
2026-02-25T15:53:20.781+0000 7fa576d18640 1 -- 10.20.193.14:0/1668295003 wait complete.
2026-02-25T15:53:20.825 INFO:teuthology.orchestra.run.trial014.stdout:Waiting for the mgr to restart...
2026-02-25T15:53:20.826 INFO:teuthology.orchestra.run.trial014.stdout:Waiting for mgr epoch 9...
2026-02-25T15:53:21.378 INFO:journalctl@ceph.mgr.x.trial014.stdout:Feb 25 15:53:21 trial014 ceph-0a11c38c-1262-11f1-95ca-d404e6e7d460-mgr-x[42166]:
2026-02-25T15:53:21.100+0000 7fb84248b140 -1 mgr[py] Module prometheus has missing NOTIFY_TYPES member
2026-02-25T15:53:21.378 INFO:journalctl@ceph.mgr.x.trial014.stdout:Feb 25 15:53:21 trial014 ceph-0a11c38c-1262-11f1-95ca-d404e6e7d460-mgr-x[42166]:
2026-02-25T15:53:21.133+0000 7fb84248b140 -1 mgr[py] Module balancer has missing NOTIFY_TYPES member
2026-02-25T15:53:21.378 INFO:journalctl@ceph.mgr.x.trial014.stdout:Feb 25 15:53:21 trial014 ceph-0a11c38c-1262-11f1-95ca-d404e6e7d460-mgr-x[42166]:
2026-02-25T15:53:21.174+0000 7fb84248b140 -1 mgr[py] Module rbd_support has missing NOTIFY_TYPES member
2026-02-25T15:53:21.378 INFO:journalctl@ceph.mgr.x.trial014.stdout:Feb 25 15:53:21 trial014 ceph-0a11c38c-1262-11f1-95ca-d404e6e7d460-mgr-x[42166]:
2026-02-25T15:53:21.205+0000 7fb84248b140 -1 mgr[py] Module devicehealth has missing NOTIFY_TYPES member
2026-02-25T15:53:21.379 INFO:journalctl@ceph.mgr.x.trial014.stdout:Feb 25 15:53:21 trial014 ceph-0a11c38c-1262-11f1-95ca-d404e6e7d460-mgr-x[42166]:
2026-02-25T15:53:21.239+0000 7fb84248b140 -1 mgr[py] Module alerts has missing NOTIFY_TYPES member
2026-02-25T15:53:21.379 INFO:journalctl@ceph.mgr.x.trial014.stdout:Feb 25 15:53:21 trial014 ceph-0a11c38c-1262-11f1-95ca-d404e6e7d460-mgr-x[42166]:
2026-02-25T15:53:21.304+0000 7fb84248b140 -1 mgr[py] Module telemetry has missing NOTIFY_TYPES member
2026-02-25T15:53:21.379 INFO:journalctl@ceph.mgr.x.trial014.stdout:Feb 25 15:53:21 trial014 ceph-0a11c38c-1262-11f1-95ca-d404e6e7d460-mgr-x[42166]: /lib64/python3.9/site-packages/scipy/__init__.py:73: UserWarning: NumPy was imported from a Python sub-interpreter but NumPy does not properly support sub-interpreters. This will likely work for most users but might cause hard to track down issues or subtle bugs. A common user of the rare sub-interpreter feature is wsgi which also allows single-interpreter mode.
2026-02-25T15:53:21.379 INFO:journalctl@ceph.mgr.x.trial014.stdout:Feb 25 15:53:21 trial014 ceph-0a11c38c-1262-11f1-95ca-d404e6e7d460-mgr-x[42166]: Improvements in the case of bugs are welcome, but is not on the NumPy roadmap, and full support may require significant effort to achieve.
2026-02-25T15:53:21.379 INFO:journalctl@ceph.mgr.x.trial014.stdout:Feb 25 15:53:21 trial014 ceph-0a11c38c-1262-11f1-95ca-d404e6e7d460-mgr-x[42166]: from numpy import show_config as show_numpy_config
2026-02-25T15:53:21.633 INFO:journalctl@ceph.mon.a.trial014.stdout:Feb 25 15:53:21 trial014 ceph-mon[41903]: from='client.? 10.20.193.14:0/2653741843' entity='client.admin' cmd='[{"prefix": "mgr module enable", "module": "dashboard"}]': finished
2026-02-25T15:53:21.633 INFO:journalctl@ceph.mon.a.trial014.stdout:Feb 25 15:53:21 trial014 ceph-mon[41903]: mgrmap e9: x(active, since 5s)
2026-02-25T15:53:21.633 INFO:journalctl@ceph.mon.a.trial014.stdout:Feb 25 15:53:21 trial014 ceph-mon[41903]: from='client.? 10.20.193.14:0/1668295003' entity='client.admin' cmd=[{"prefix": "mgr stat"}]: dispatch
2026-02-25T15:53:21.633 INFO:journalctl@ceph.mgr.x.trial014.stdout:Feb 25 15:53:21 trial014 ceph-0a11c38c-1262-11f1-95ca-d404e6e7d460-mgr-x[42166]:
2026-02-25T15:53:21.376+0000 7fb84248b140 -1 mgr[py] Module diskprediction_local has missing NOTIFY_TYPES member
2026-02-25T15:53:21.634 INFO:journalctl@ceph.mgr.x.trial014.stdout:Feb 25 15:53:21 trial014 ceph-0a11c38c-1262-11f1-95ca-d404e6e7d460-mgr-x[42166]:
2026-02-25T15:53:21.409+0000 7fb84248b140 -1 mgr[py] Module status has missing NOTIFY_TYPES member
2026-02-25T15:53:21.634 INFO:journalctl@ceph.mgr.x.trial014.stdout:Feb 25 15:53:21 trial014 ceph-0a11c38c-1262-11f1-95ca-d404e6e7d460-mgr-x[42166]:
2026-02-25T15:53:21.503+0000 7fb84248b140 -1 mgr[py] Module rgw has missing NOTIFY_TYPES member
2026-02-25T15:53:21.634 INFO:journalctl@ceph.mgr.x.trial014.stdout:Feb 25 15:53:21 trial014 ceph-0a11c38c-1262-11f1-95ca-d404e6e7d460-mgr-x[42166]:
2026-02-25T15:53:21.561+0000 7fb84248b140 -1 mgr[py] Module iostat has missing NOTIFY_TYPES member
2026-02-25T15:53:21.634 INFO:journalctl@ceph.mgr.x.trial014.stdout:Feb 25 15:53:21 trial014 ceph-0a11c38c-1262-11f1-95ca-d404e6e7d460-mgr-x[42166]:
2026-02-25T15:53:21.595+0000 7fb84248b140 -1 mgr[py] Module pg_autoscaler has missing NOTIFY_TYPES member
2026-02-25T15:53:21.634 INFO:journalctl@ceph.mgr.x.trial014.stdout:Feb 25 15:53:21 trial014 ceph-0a11c38c-1262-11f1-95ca-d404e6e7d460-mgr-x[42166]:
2026-02-25T15:53:21.627+0000 7fb84248b140 -1 mgr[py] Module osd_perf_query has missing NOTIFY_TYPES member
2026-02-25T15:53:21.927 INFO:journalctl@ceph.mgr.x.trial014.stdout:Feb 25 15:53:21 trial014 ceph-0a11c38c-1262-11f1-95ca-d404e6e7d460-mgr-x[42166]:
2026-02-25T15:53:21.660+0000 7fb84248b140 -1 mgr[py] Module crash has missing NOTIFY_TYPES member
2026-02-25T15:53:21.927 INFO:journalctl@ceph.mgr.x.trial014.stdout:Feb 25 15:53:21 trial014 ceph-0a11c38c-1262-11f1-95ca-d404e6e7d460-mgr-x[42166]:
2026-02-25T15:53:21.691+0000 7fb84248b140 -1 mgr[py] Module progress has missing NOTIFY_TYPES member
2026-02-25T15:53:22.190 INFO:journalctl@ceph.mgr.x.trial014.stdout:Feb 25 15:53:21 trial014 ceph-0a11c38c-1262-11f1-95ca-d404e6e7d460-mgr-x[42166]:
2026-02-25T15:53:21.922+0000 7fb84248b140 -1 mgr[py] Module rook has missing NOTIFY_TYPES member
2026-02-25T15:53:22.191 INFO:journalctl@ceph.mgr.x.trial014.stdout:Feb 25 15:53:22 trial014 ceph-0a11c38c-1262-11f1-95ca-d404e6e7d460-mgr-x[42166]:
2026-02-25T15:53:22.020+0000 7fb84248b140 -1 mgr[py] Module nfs has missing NOTIFY_TYPES member
2026-02-25T15:53:22.191 INFO:journalctl@ceph.mgr.x.trial014.stdout:Feb 25 15:53:22 trial014 ceph-0a11c38c-1262-11f1-95ca-d404e6e7d460-mgr-x[42166]:
2026-02-25T15:53:22.050+0000 7fb84248b140 -1 mgr[py] Module telegraf has missing NOTIFY_TYPES member
2026-02-25T15:53:22.191 INFO:journalctl@ceph.mgr.x.trial014.stdout:Feb 25 15:53:22 trial014 ceph-0a11c38c-1262-11f1-95ca-d404e6e7d460-mgr-x[42166]:
2026-02-25T15:53:22.080+0000 7fb84248b140 -1 mgr[py] Module selftest has missing NOTIFY_TYPES member
2026-02-25T15:53:22.191 INFO:journalctl@ceph.mgr.x.trial014.stdout:Feb 25 15:53:22 trial014 ceph-0a11c38c-1262-11f1-95ca-d404e6e7d460-mgr-x[42166]:
2026-02-25T15:53:22.171+0000 7fb84248b140 -1 mgr[py] Module test_orchestrator has missing NOTIFY_TYPES member
2026-02-25T15:53:22.690 INFO:journalctl@ceph.mgr.x.trial014.stdout:Feb 25 15:53:22 trial014 ceph-0a11c38c-1262-11f1-95ca-d404e6e7d460-mgr-x[42166]:
2026-02-25T15:53:22.200+0000 7fb84248b140 -1 mgr[py] Module osd_support has missing NOTIFY_TYPES member
2026-02-25T15:53:22.690 INFO:journalctl@ceph.mgr.x.trial014.stdout:Feb 25 15:53:22 trial014 ceph-0a11c38c-1262-11f1-95ca-d404e6e7d460-mgr-x[42166]:
2026-02-25T15:53:22.290+0000 7fb84248b140 -1 mgr[py] Module orchestrator has missing NOTIFY_TYPES member
2026-02-25T15:53:23.161 INFO:journalctl@ceph.mgr.x.trial014.stdout:Feb 25 15:53:22 trial014 ceph-0a11c38c-1262-11f1-95ca-d404e6e7d460-mgr-x[42166]:
2026-02-25T15:53:22.735+0000 7fb84248b140 -1 mgr[py] Module volumes has missing NOTIFY_TYPES member
2026-02-25T15:53:23.162 INFO:journalctl@ceph.mgr.x.trial014.stdout:Feb 25 15:53:22 trial014 ceph-0a11c38c-1262-11f1-95ca-d404e6e7d460-mgr-x[42166]:
2026-02-25T15:53:22.765+0000 7fb84248b140 -1 mgr[py] Module zabbix has missing NOTIFY_TYPES member
2026-02-25T15:53:23.440 INFO:journalctl@ceph.mgr.x.trial014.stdout:Feb 25 15:53:23 trial014 ceph-0a11c38c-1262-11f1-95ca-d404e6e7d460-mgr-x[42166]:
2026-02-25T15:53:23.156+0000 7fb84248b140 -1 mgr[py] Module influx has missing NOTIFY_TYPES member
2026-02-25T15:53:23.441 INFO:journalctl@ceph.mon.a.trial014.stdout:Feb 25 15:53:23 trial014 ceph-mon[41903]: Active manager daemon x restarted
2026-02-25T15:53:23.441 INFO:journalctl@ceph.mon.a.trial014.stdout:Feb 25 15:53:23 trial014 ceph-mon[41903]: Activating manager daemon x
2026-02-25T15:53:23.441 INFO:journalctl@ceph.mon.a.trial014.stdout:Feb 25 15:53:23 trial014 ceph-mon[41903]: osdmap e3: 0 total, 0 up, 0 in
2026-02-25T15:53:23.441 INFO:journalctl@ceph.mon.a.trial014.stdout:Feb 25 15:53:23 trial014 ceph-mon[41903]: mgrmap e10: x(active, starting, since 0.00272883s)
2026-02-25T15:53:23.441 INFO:journalctl@ceph.mon.a.trial014.stdout:Feb 25 15:53:23 trial014 ceph-mon[41903]: from='mgr.14150 10.20.193.14:0/2937588164' entity='mgr.x' cmd=[{"prefix": "mon metadata", "id": "a"}]: dispatch
2026-02-25T15:53:23.442 INFO:journalctl@ceph.mon.a.trial014.stdout:Feb 25 15:53:23 trial014 ceph-mon[41903]: from='mgr.14150 10.20.193.14:0/2937588164' entity='mgr.x' cmd=[{"prefix": "mgr metadata", "who": "x", "id": "x"}]: dispatch
2026-02-25T15:53:23.442 INFO:journalctl@ceph.mon.a.trial014.stdout:Feb 25 15:53:23 trial014 ceph-mon[41903]: from='mgr.14150 10.20.193.14:0/2937588164' entity='mgr.x' cmd=[{"prefix": "mds metadata"}]: dispatch
2026-02-25T15:53:23.442 INFO:journalctl@ceph.mon.a.trial014.stdout:Feb 25 15:53:23 trial014 ceph-mon[41903]: from='mgr.14150 10.20.193.14:0/2937588164' entity='mgr.x' cmd=[{"prefix": "osd metadata"}]: dispatch
2026-02-25T15:53:23.442 INFO:journalctl@ceph.mon.a.trial014.stdout:Feb 25 15:53:23 trial014 ceph-mon[41903]: from='mgr.14150 10.20.193.14:0/2937588164' entity='mgr.x' cmd=[{"prefix": "mon metadata"}]: dispatch
2026-02-25T15:53:23.442 INFO:journalctl@ceph.mon.a.trial014.stdout:Feb 25 15:53:23 trial014 ceph-mon[41903]: Manager daemon x is now available
2026-02-25T15:53:23.442 INFO:journalctl@ceph.mon.a.trial014.stdout:Feb 25 15:53:23 trial014 ceph-mon[41903]: from='mgr.14150 10.20.193.14:0/2937588164' entity='mgr.x' cmd=[{"prefix": "config dump", "format": "json"}]: dispatch
2026-02-25T15:53:23.442 INFO:journalctl@ceph.mon.a.trial014.stdout:Feb 25 15:53:23 trial014 ceph-mon[41903]: from='mgr.14150 10.20.193.14:0/2937588164' entity='mgr.x' cmd=[{"prefix":"config rm","who":"mgr","name":"mgr/rbd_support/x/mirror_snapshot_schedule"}]: dispatch
2026-02-25T15:53:23.442 INFO:journalctl@ceph.mon.a.trial014.stdout:Feb 25 15:53:23 trial014 ceph-mon[41903]: from='mgr.14150 10.20.193.14:0/2937588164' entity='mgr.x' cmd=[{"prefix":"config rm","who":"mgr","name":"mgr/rbd_support/x/trash_purge_schedule"}]: dispatch
2026-02-25T15:53:24.234 INFO:teuthology.orchestra.run.trial014.stdout:/usr/bin/ceph: stdout {
2026-02-25T15:53:24.234 INFO:teuthology.orchestra.run.trial014.stdout:/usr/bin/ceph: stdout "mgrmap_epoch": 11,
2026-02-25T15:53:24.235 INFO:teuthology.orchestra.run.trial014.stdout:/usr/bin/ceph: stdout "initialized": true
2026-02-25T15:53:24.235 INFO:teuthology.orchestra.run.trial014.stdout:/usr/bin/ceph: stdout }
2026-02-25T15:53:24.235 INFO:teuthology.orchestra.run.trial014.stdout:/usr/bin/ceph: stderr
2026-02-25T15:53:20.907+0000 7fb852c1d640 1 Processor -- start
2026-02-25T15:53:24.235 INFO:teuthology.orchestra.run.trial014.stdout:/usr/bin/ceph: stderr
2026-02-25T15:53:20.908+0000 7fb852c1d640 1 -- start start
2026-02-25T15:53:24.235 INFO:teuthology.orchestra.run.trial014.stdout:/usr/bin/ceph: stderr
2026-02-25T15:53:20.908+0000 7fb852c1d640 1 --2- >> [v2:10.20.193.14:3300/0,v1:10.20.193.14:6789/0] conn(0x7fb84c07ce50 0x7fb84c07b2b0 unknown :-1 s=NONE pgs=0 cs=0 l=0 rev1=0 crypto rx=0 tx=0 comp rx=0 tx=0).connect
2026-02-25T15:53:24.235 INFO:teuthology.orchestra.run.trial014.stdout:/usr/bin/ceph: stderr
2026-02-25T15:53:20.908+0000 7fb852c1d640 1 -- --> [v2:10.20.193.14:3300/0,v1:10.20.193.14:6789/0] -- mon_getmap magic: 0 v1 -- 0x7fb84c07b7f0 con 0x7fb84c07ce50
2026-02-25T15:53:24.235 INFO:teuthology.orchestra.run.trial014.stdout:/usr/bin/ceph: stderr
2026-02-25T15:53:20.908+0000 7fb850992640 1 --2- >> [v2:10.20.193.14:3300/0,v1:10.20.193.14:6789/0] conn(0x7fb84c07ce50 0x7fb84c07b2b0 unknown :-1 s=BANNER_CONNECTING pgs=0 cs=0 l=0 rev1=0 crypto rx=0 tx=0 comp rx=0 tx=0)._handle_peer_banner_payload supported=3 required=0
2026-02-25T15:53:24.235 INFO:teuthology.orchestra.run.trial014.stdout:/usr/bin/ceph: stderr
2026-02-25T15:53:20.908+0000 7fb850992640 1 --2- >> [v2:10.20.193.14:3300/0,v1:10.20.193.14:6789/0] conn(0x7fb84c07ce50 0x7fb84c07b2b0 unknown :-1 s=HELLO_CONNECTING pgs=0 cs=0 l=0 rev1=1 crypto rx=0 tx=0 comp rx=0 tx=0).handle_hello peer v2:10.20.193.14:3300/0 says I am v2:10.20.193.14:33168/0 (socket says 10.20.193.14:33168)
2026-02-25T15:53:24.235 INFO:teuthology.orchestra.run.trial014.stdout:/usr/bin/ceph: stderr
2026-02-25T15:53:20.908+0000 7fb850992640 1 -- 10.20.193.14:0/2821701213 learned_addr learned my addr 10.20.193.14:0/2821701213 (peer_addr_for_me v2:10.20.193.14:0/0)
2026-02-25T15:53:24.235 INFO:teuthology.orchestra.run.trial014.stdout:/usr/bin/ceph: stderr
2026-02-25T15:53:20.908+0000 7fb850992640 1 -- 10.20.193.14:0/2821701213 --> [v2:10.20.193.14:3300/0,v1:10.20.193.14:6789/0] -- mon_subscribe({config=0+,monmap=0+}) v3 -- 0x7fb84c07b930 con 0x7fb84c07ce50
2026-02-25T15:53:24.236 INFO:teuthology.orchestra.run.trial014.stdout:/usr/bin/ceph: stderr
2026-02-25T15:53:20.908+0000 7fb850992640 1 --2- 10.20.193.14:0/2821701213 >> [v2:10.20.193.14:3300/0,v1:10.20.193.14:6789/0] conn(0x7fb84c07ce50 0x7fb84c07b2b0 secure :-1 s=READY pgs=59 cs=0 l=1 rev1=1 crypto rx=0x7fb83c009920 tx=0x7fb83c02ef20 comp rx=0 tx=0).ready entity=mon.0 client_cookie=56d10b9f91615a41 server_cookie=0 in_seq=0 out_seq=0
2026-02-25T15:53:24.236 INFO:teuthology.orchestra.run.trial014.stdout:/usr/bin/ceph: stderr
2026-02-25T15:53:20.909+0000 7fb8437fe640 1 -- 10.20.193.14:0/2821701213 <== mon.0 v2:10.20.193.14:3300/0 1 ==== mon_map magic: 0 v1 ==== 205+0+0 (secure 0 0 0) 0x7fb83c02fae0 con 0x7fb84c07ce50
2026-02-25T15:53:24.236 INFO:teuthology.orchestra.run.trial014.stdout:/usr/bin/ceph: stderr
2026-02-25T15:53:20.909+0000 7fb8437fe640 1 -- 10.20.193.14:0/2821701213 <== mon.0 v2:10.20.193.14:3300/0 2 ==== config(27 keys) v1 ==== 1108+0+0 (secure 0 0 0) 0x7fb83c02fc40 con 0x7fb84c07ce50
2026-02-25T15:53:24.236 INFO:teuthology.orchestra.run.trial014.stdout:/usr/bin/ceph: stderr
2026-02-25T15:53:20.909+0000 7fb8437fe640 1 -- 10.20.193.14:0/2821701213 <== mon.0 v2:10.20.193.14:3300/0 3 ==== mon_map magic: 0 v1 ==== 205+0+0 (secure 0 0 0) 0x7fb83c035670 con 0x7fb84c07ce50
2026-02-25T15:53:24.236 INFO:teuthology.orchestra.run.trial014.stdout:/usr/bin/ceph: stderr
2026-02-25T15:53:20.909+0000 7fb852c1d640 1 -- 10.20.193.14:0/2821701213 >> [v2:10.20.193.14:3300/0,v1:10.20.193.14:6789/0] conn(0x7fb84c07ce50 msgr2=0x7fb84c07b2b0 secure :-1 s=STATE_CONNECTION_ESTABLISHED l=1).mark_down
2026-02-25T15:53:24.236 INFO:teuthology.orchestra.run.trial014.stdout:/usr/bin/ceph: stderr
2026-02-25T15:53:20.909+0000 7fb852c1d640 1 --2- 10.20.193.14:0/2821701213 >> [v2:10.20.193.14:3300/0,v1:10.20.193.14:6789/0] conn(0x7fb84c07ce50 0x7fb84c07b2b0 secure :-1 s=READY pgs=59 cs=0 l=1 rev1=1 crypto rx=0x7fb83c009920 tx=0x7fb83c02ef20 comp rx=0 tx=0).stop
2026-02-25T15:53:24.236 INFO:teuthology.orchestra.run.trial014.stdout:/usr/bin/ceph: stderr
2026-02-25T15:53:20.909+0000 7fb852c1d640 1 -- 10.20.193.14:0/2821701213 shutdown_connections
2026-02-25T15:53:24.236 INFO:teuthology.orchestra.run.trial014.stdout:/usr/bin/ceph: stderr
2026-02-25T15:53:20.909+0000 7fb852c1d640 1 --2- 10.20.193.14:0/2821701213 >> [v2:10.20.193.14:3300/0,v1:10.20.193.14:6789/0] conn(0x7fb84c07ce50 0x7fb84c07b2b0 unknown :-1 s=CLOSED pgs=59 cs=0 l=1 rev1=1 crypto rx=0 tx=0 comp rx=0 tx=0).stop
2026-02-25T15:53:24.236 INFO:teuthology.orchestra.run.trial014.stdout:/usr/bin/ceph: stderr
2026-02-25T15:53:20.909+0000 7fb852c1d640 1 -- 10.20.193.14:0/2821701213 >> 10.20.193.14:0/2821701213 conn(0x7fb84c101be0 msgr2=0x7fb84c104020 unknown :-1 s=STATE_NONE l=0).mark_down
2026-02-25T15:53:24.236 INFO:teuthology.orchestra.run.trial014.stdout:/usr/bin/ceph: stderr
2026-02-25T15:53:20.909+0000 7fb852c1d640 1 -- 10.20.193.14:0/2821701213 shutdown_connections
2026-02-25T15:53:24.236 INFO:teuthology.orchestra.run.trial014.stdout:/usr/bin/ceph: stderr
2026-02-25T15:53:20.909+0000 7fb852c1d640 1 -- 10.20.193.14:0/2821701213 wait complete.
2026-02-25T15:53:24.237 INFO:teuthology.orchestra.run.trial014.stdout:/usr/bin/ceph: stderr
2026-02-25T15:53:20.909+0000 7fb852c1d640 1 Processor -- start
2026-02-25T15:53:24.237 INFO:teuthology.orchestra.run.trial014.stdout:/usr/bin/ceph: stderr
2026-02-25T15:53:20.909+0000 7fb852c1d640 1 -- start start
2026-02-25T15:53:24.237 INFO:teuthology.orchestra.run.trial014.stdout:/usr/bin/ceph: stderr
2026-02-25T15:53:20.909+0000 7fb852c1d640 1 --2- >> [v2:10.20.193.14:3300/0,v1:10.20.193.14:6789/0] conn(0x7fb84c07ce50 0x7fb84c19e450 unknown :-1 s=NONE pgs=0 cs=0 l=1 rev1=0 crypto rx=0 tx=0 comp rx=0 tx=0).connect
2026-02-25T15:53:24.237 INFO:teuthology.orchestra.run.trial014.stdout:/usr/bin/ceph: stderr
2026-02-25T15:53:20.909+0000 7fb852c1d640 1 -- --> [v2:10.20.193.14:3300/0,v1:10.20.193.14:6789/0] -- mon_getmap magic: 0 v1 -- 0x7fb84c19e990 con 0x7fb84c07ce50
2026-02-25T15:53:24.237 INFO:teuthology.orchestra.run.trial014.stdout:/usr/bin/ceph: stderr
2026-02-25T15:53:20.909+0000 7fb850992640 1 --2- >> [v2:10.20.193.14:3300/0,v1:10.20.193.14:6789/0] conn(0x7fb84c07ce50 0x7fb84c19e450 unknown :-1 s=BANNER_CONNECTING pgs=0 cs=0 l=1 rev1=0 crypto rx=0 tx=0 comp rx=0 tx=0)._handle_peer_banner_payload supported=3 required=0
2026-02-25T15:53:24.237 INFO:teuthology.orchestra.run.trial014.stdout:/usr/bin/ceph: stderr
2026-02-25T15:53:20.909+0000 7fb850992640 1 --2- >> [v2:10.20.193.14:3300/0,v1:10.20.193.14:6789/0] conn(0x7fb84c07ce50 0x7fb84c19e450 unknown :-1 s=HELLO_CONNECTING pgs=0 cs=0 l=1 rev1=1 crypto rx=0 tx=0 comp rx=0 tx=0).handle_hello peer v2:10.20.193.14:3300/0 says I am v2:10.20.193.14:33170/0 (socket says 10.20.193.14:33170)
2026-02-25T15:53:24.237 INFO:teuthology.orchestra.run.trial014.stdout:/usr/bin/ceph: stderr
2026-02-25T15:53:20.909+0000 7fb850992640 1 -- 10.20.193.14:0/3979075135 learned_addr learned my addr 10.20.193.14:0/3979075135 (peer_addr_for_me v2:10.20.193.14:0/0)
2026-02-25T15:53:24.237 INFO:teuthology.orchestra.run.trial014.stdout:/usr/bin/ceph: stderr
2026-02-25T15:53:20.910+0000 7fb850992640 1 -- 10.20.193.14:0/3979075135 --> [v2:10.20.193.14:3300/0,v1:10.20.193.14:6789/0] -- mon_subscribe({config=0+,monmap=0+}) v3 -- 0x7fb83c0095d0 con 0x7fb84c07ce50
2026-02-25T15:53:24.237 INFO:teuthology.orchestra.run.trial014.stdout:/usr/bin/ceph: stderr
2026-02-25T15:53:20.910+0000 7fb850992640 1 --2- 10.20.193.14:0/3979075135 >> [v2:10.20.193.14:3300/0,v1:10.20.193.14:6789/0] conn(0x7fb84c07ce50 0x7fb84c19e450 secure :-1 s=READY pgs=60 cs=0 l=1 rev1=1 crypto rx=0x7fb83c037670 tx=0x7fb83c0376a0 comp rx=0 tx=0).ready entity=mon.0 client_cookie=0 server_cookie=0 in_seq=0 out_seq=0
2026-02-25T15:53:24.237 INFO:teuthology.orchestra.run.trial014.stdout:/usr/bin/ceph: stderr
2026-02-25T15:53:20.910+0000 7fb841ffb640 1 -- 10.20.193.14:0/3979075135 <== mon.0 v2:10.20.193.14:3300/0 1 ==== mon_map magic: 0 v1 ==== 205+0+0 (secure 0 0 0) 0x7fb83c02fae0 con 0x7fb84c07ce50
2026-02-25T15:53:24.237 INFO:teuthology.orchestra.run.trial014.stdout:/usr/bin/ceph: stderr
2026-02-25T15:53:20.910+0000 7fb852c1d640 1 -- 10.20.193.14:0/3979075135 --> [v2:10.20.193.14:3300/0,v1:10.20.193.14:6789/0] -- mon_subscribe({mgrmap=0+}) v3 -- 0x7fb84c19eb90 con 0x7fb84c07ce50
2026-02-25T15:53:24.237 INFO:teuthology.orchestra.run.trial014.stdout:/usr/bin/ceph: stderr
2026-02-25T15:53:20.910+0000 7fb841ffb640 1 -- 10.20.193.14:0/3979075135 <== mon.0 v2:10.20.193.14:3300/0 2 ==== config(27 keys) v1 ==== 1108+0+0 (secure 0 0 0) 0x7fb83c037a70 con 0x7fb84c07ce50
2026-02-25T15:53:24.237 INFO:teuthology.orchestra.run.trial014.stdout:/usr/bin/ceph: stderr
2026-02-25T15:53:20.910+0000 7fb841ffb640 1 -- 10.20.193.14:0/3979075135 <== mon.0 v2:10.20.193.14:3300/0 3 ==== mon_map magic: 0 v1 ==== 205+0+0 (secure 0 0 0) 0x7fb83c03e560 con 0x7fb84c07ce50
2026-02-25T15:53:24.238 INFO:teuthology.orchestra.run.trial014.stdout:/usr/bin/ceph: stderr
2026-02-25T15:53:20.910+0000 7fb852c1d640 1 -- 10.20.193.14:0/3979075135 --> [v2:10.20.193.14:3300/0,v1:10.20.193.14:6789/0] -- mon_subscribe({osdmap=0}) v3 -- 0x7fb84c19f030 con 0x7fb84c07ce50
2026-02-25T15:53:24.238 INFO:teuthology.orchestra.run.trial014.stdout:/usr/bin/ceph: stderr
2026-02-25T15:53:20.910+0000 7fb841ffb640 1 -- 10.20.193.14:0/3979075135 <== mon.0 v2:10.20.193.14:3300/0 4 ==== mgrmap(e 9) v1 ==== 49373+0+0 (secure 0 0 0) 0x7fb83c03e070 con 0x7fb84c07ce50
2026-02-25T15:53:24.238 INFO:teuthology.orchestra.run.trial014.stdout:/usr/bin/ceph: stderr
2026-02-25T15:53:20.911+0000 7fb841ffb640 1 --2- 10.20.193.14:0/3979075135 >> [v2:10.20.193.14:6800/4014700137,v1:10.20.193.14:6801/4014700137] conn(0x7fb82803d1e0 0x7fb82803f6a0 unknown :-1 s=NONE pgs=0 cs=0 l=1 rev1=0 crypto rx=0 tx=0 comp rx=0 tx=0).connect
2026-02-25T15:53:24.238 INFO:teuthology.orchestra.run.trial014.stdout:/usr/bin/ceph: stderr
2026-02-25T15:53:20.911+0000 7fb841ffb640 1 -- 10.20.193.14:0/3979075135 --> [v2:10.20.193.14:6800/4014700137,v1:10.20.193.14:6801/4014700137] -- command(tid 0: {"prefix": "get_command_descriptions"}) v1 -- 0x7fb82803fdb0 con 0x7fb82803d1e0
2026-02-25T15:53:24.238 INFO:teuthology.orchestra.run.trial014.stdout:/usr/bin/ceph: stderr
2026-02-25T15:53:20.911+0000 7fb841ffb640 1 -- 10.20.193.14:0/3979075135 <== mon.0 v2:10.20.193.14:3300/0 5 ==== osd_map(2..2 src has 1..2) v4 ==== 940+0+0 (secure 0 0 0) 0x7fb83c075d00 con 0x7fb84c07ce50
2026-02-25T15:53:24.238 INFO:teuthology.orchestra.run.trial014.stdout:/usr/bin/ceph: stderr
2026-02-25T15:53:20.911+0000 7fb843fff640 1 -- 10.20.193.14:0/3979075135 >> [v2:10.20.193.14:6800/4014700137,v1:10.20.193.14:6801/4014700137] conn(0x7fb82803d1e0 msgr2=0x7fb82803f6a0 unknown :-1 s=STATE_CONNECTING_RE l=1).process reconnect failed to v2:10.20.193.14:6800/4014700137
2026-02-25T15:53:24.238 INFO:teuthology.orchestra.run.trial014.stdout:/usr/bin/ceph: stderr
2026-02-25T15:53:20.911+0000 7fb843fff640 1 --2- 10.20.193.14:0/3979075135 >> [v2:10.20.193.14:6800/4014700137,v1:10.20.193.14:6801/4014700137] conn(0x7fb82803d1e0 0x7fb82803f6a0 unknown :-1 s=START_CONNECT pgs=0 cs=0 l=1 rev1=0 crypto rx=0 tx=0 comp rx=0 tx=0)._fault waiting 0.200000
2026-02-25T15:53:24.238 INFO:teuthology.orchestra.run.trial014.stdout:/usr/bin/ceph: stderr
2026-02-25T15:53:21.112+0000 7fb843fff640 1 -- 10.20.193.14:0/3979075135 >> [v2:10.20.193.14:6800/4014700137,v1:10.20.193.14:6801/4014700137] conn(0x7fb82803d1e0 msgr2=0x7fb82803f6a0 unknown :-1 s=STATE_CONNECTING_RE l=1).process reconnect failed to v2:10.20.193.14:6800/4014700137
2026-02-25T15:53:24.238 INFO:teuthology.orchestra.run.trial014.stdout:/usr/bin/ceph: stderr
2026-02-25T15:53:21.112+0000 7fb843fff640 1 --2- 10.20.193.14:0/3979075135 >> [v2:10.20.193.14:6800/4014700137,v1:10.20.193.14:6801/4014700137] conn(0x7fb82803d1e0 0x7fb82803f6a0 unknown :-1 s=START_CONNECT pgs=0 cs=0 l=1 rev1=0 crypto rx=0 tx=0 comp rx=0 tx=0)._fault waiting 0.400000
2026-02-25T15:53:24.238 INFO:teuthology.orchestra.run.trial014.stdout:/usr/bin/ceph: stderr
2026-02-25T15:53:21.513+0000 7fb843fff640 1 -- 10.20.193.14:0/3979075135 >> [v2:10.20.193.14:6800/4014700137,v1:10.20.193.14:6801/4014700137] conn(0x7fb82803d1e0 msgr2=0x7fb82803f6a0 unknown :-1 s=STATE_CONNECTING_RE l=1).process reconnect failed to v2:10.20.193.14:6800/4014700137
2026-02-25T15:53:24.238 INFO:teuthology.orchestra.run.trial014.stdout:/usr/bin/ceph: stderr
2026-02-25T15:53:21.513+0000 7fb843fff640 1 --2- 10.20.193.14:0/3979075135 >> [v2:10.20.193.14:6800/4014700137,v1:10.20.193.14:6801/4014700137] conn(0x7fb82803d1e0 0x7fb82803f6a0 unknown :-1 s=START_CONNECT pgs=0 cs=0 l=1 rev1=0 crypto rx=0 tx=0 comp rx=0 tx=0)._fault waiting 0.800000
2026-02-25T15:53:24.238 INFO:teuthology.orchestra.run.trial014.stdout:/usr/bin/ceph: stderr
2026-02-25T15:53:22.314+0000 7fb843fff640 1 -- 10.20.193.14:0/3979075135 >> [v2:10.20.193.14:6800/4014700137,v1:10.20.193.14:6801/4014700137] conn(0x7fb82803d1e0 msgr2=0x7fb82803f6a0 unknown :-1 s=STATE_CONNECTING_RE l=1).process reconnect failed to v2:10.20.193.14:6800/4014700137
2026-02-25T15:53:24.239 INFO:teuthology.orchestra.run.trial014.stdout:/usr/bin/ceph: stderr
2026-02-25T15:53:22.314+0000 7fb843fff640 1 --2- 10.20.193.14:0/3979075135 >> [v2:10.20.193.14:6800/4014700137,v1:10.20.193.14:6801/4014700137] conn(0x7fb82803d1e0 0x7fb82803f6a0 unknown :-1 s=START_CONNECT pgs=0 cs=0 l=1 rev1=0 crypto rx=0 tx=0 comp rx=0 tx=0)._fault waiting 1.600000
2026-02-25T15:53:24.239 INFO:teuthology.orchestra.run.trial014.stdout:/usr/bin/ceph: stderr
2026-02-25T15:53:23.159+0000 7fb841ffb640 1 -- 10.20.193.14:0/3979075135 <== mon.0 v2:10.20.193.14:3300/0 6 ==== mgrmap(e 10) v1 ==== 49140+0+0 (secure 0 0 0) 0x7fb83c074b30 con 0x7fb84c07ce50
2026-02-25T15:53:24.239 INFO:teuthology.orchestra.run.trial014.stdout:/usr/bin/ceph: stderr
2026-02-25T15:53:23.159+0000 7fb841ffb640 1 -- 10.20.193.14:0/3979075135 >> [v2:10.20.193.14:6800/4014700137,v1:10.20.193.14:6801/4014700137] conn(0x7fb82803d1e0 msgr2=0x7fb82803f6a0 unknown :-1 s=STATE_CONNECTING l=1).mark_down
2026-02-25T15:53:24.239 INFO:teuthology.orchestra.run.trial014.stdout:/usr/bin/ceph: stderr
2026-02-25T15:53:23.159+0000 7fb841ffb640 1 --2- 10.20.193.14:0/3979075135 >> [v2:10.20.193.14:6800/4014700137,v1:10.20.193.14:6801/4014700137] conn(0x7fb82803d1e0 0x7fb82803f6a0 unknown :-1 s=START_CONNECT pgs=0 cs=0 l=1 rev1=0 crypto rx=0 tx=0 comp rx=0 tx=0).stop
2026-02-25T15:53:24.239 INFO:teuthology.orchestra.run.trial014.stdout:/usr/bin/ceph: stderr
2026-02-25T15:53:24.160+0000 7fb841ffb640 1 -- 10.20.193.14:0/3979075135 <== mon.0 v2:10.20.193.14:3300/0 7 ==== mgrmap(e 11) v1 ==== 49267+0+0 (secure 0 0 0) 0x7fb83c075230 con 0x7fb84c07ce50
2026-02-25T15:53:24.239 INFO:teuthology.orchestra.run.trial014.stdout:/usr/bin/ceph: stderr
2026-02-25T15:53:24.160+0000 7fb841ffb640 1 --2- 10.20.193.14:0/3979075135 >> [v2:10.20.193.14:6800/157118305,v1:10.20.193.14:6801/157118305] conn(0x7fb828040c90 0x7fb828043080 unknown :-1 s=NONE pgs=0 cs=0 l=1 rev1=0 crypto rx=0 tx=0 comp rx=0 tx=0).connect
2026-02-25T15:53:24.239 INFO:teuthology.orchestra.run.trial014.stdout:/usr/bin/ceph: stderr
2026-02-25T15:53:24.161+0000 7fb841ffb640 1 -- 10.20.193.14:0/3979075135 --> [v2:10.20.193.14:6800/157118305,v1:10.20.193.14:6801/157118305] -- command(tid 0: {"prefix": "get_command_descriptions"}) v1 -- 0x7fb82803fdb0 con 0x7fb828040c90
2026-02-25T15:53:24.239 INFO:teuthology.orchestra.run.trial014.stdout:/usr/bin/ceph: stderr
2026-02-25T15:53:24.161+0000 7fb843fff640 1 --2- 10.20.193.14:0/3979075135 >> [v2:10.20.193.14:6800/157118305,v1:10.20.193.14:6801/157118305] conn(0x7fb828040c90 0x7fb828043080 unknown :-1 s=BANNER_CONNECTING pgs=0 cs=0 l=1 rev1=0 crypto rx=0 tx=0 comp rx=0 tx=0)._handle_peer_banner_payload supported=3 required=0
2026-02-25T15:53:24.239 INFO:teuthology.orchestra.run.trial014.stdout:/usr/bin/ceph: stderr
2026-02-25T15:53:24.161+0000 7fb843fff640 1 --2- 10.20.193.14:0/3979075135 >> [v2:10.20.193.14:6800/157118305,v1:10.20.193.14:6801/157118305] conn(0x7fb828040c90 0x7fb828043080 secure :-1 s=READY pgs=1 cs=0 l=1 rev1=1 crypto rx=0x7fb834003a80 tx=0x7fb8340092b0 comp rx=0 tx=0).ready entity=mgr.14150 client_cookie=0 server_cookie=0 in_seq=0 out_seq=0
2026-02-25T15:53:24.239 INFO:teuthology.orchestra.run.trial014.stdout:/usr/bin/ceph: stderr
2026-02-25T15:53:24.161+0000 7fb841ffb640 1 -- 10.20.193.14:0/3979075135 <== mgr.14150 v2:10.20.193.14:6800/157118305 1 ==== command_reply(tid 0: 0 ) v1 ==== 8+0+7759 (secure 0 0 0) 0x7fb82803fdb0 con 0x7fb828040c90
2026-02-25T15:53:24.239 INFO:teuthology.orchestra.run.trial014.stdout:/usr/bin/ceph: stderr
2026-02-25T15:53:24.164+0000 7fb852c1d640 1 -- 10.20.193.14:0/3979075135 --> [v2:10.20.193.14:6800/157118305,v1:10.20.193.14:6801/157118305] -- command(tid 1: {"prefix": "mgr_status"}) v1 -- 0x7fb84c10c930 con 0x7fb828040c90
2026-02-25T15:53:24.239 INFO:teuthology.orchestra.run.trial014.stdout:/usr/bin/ceph: stderr
2026-02-25T15:53:24.165+0000 7fb841ffb640 1 -- 10.20.193.14:0/3979075135 <== mgr.14150 v2:10.20.193.14:6800/157118305 2 ==== command_reply(tid 1: 0 ) v1 ==== 8+0+52 (secure 0 0 0) 0x7fb84c10c930 con 0x7fb828040c90
2026-02-25T15:53:24.240 INFO:teuthology.orchestra.run.trial014.stdout:/usr/bin/ceph: stderr
2026-02-25T15:53:24.165+0000 7fb852c1d640 1 -- 10.20.193.14:0/3979075135 >> [v2:10.20.193.14:6800/157118305,v1:10.20.193.14:6801/157118305] conn(0x7fb828040c90 msgr2=0x7fb828043080 secure :-1 s=STATE_CONNECTION_ESTABLISHED l=1).mark_down
2026-02-25T15:53:24.240 INFO:teuthology.orchestra.run.trial014.stdout:/usr/bin/ceph: stderr
2026-02-25T15:53:24.165+0000 7fb852c1d640 1 --2- 10.20.193.14:0/3979075135 >> [v2:10.20.193.14:6800/157118305,v1:10.20.193.14:6801/157118305] conn(0x7fb828040c90 0x7fb828043080 secure :-1 s=READY pgs=1 cs=0 l=1 rev1=1 crypto rx=0x7fb834003a80 tx=0x7fb8340092b0 comp rx=0 tx=0).stop
2026-02-25T15:53:24.240 INFO:teuthology.orchestra.run.trial014.stdout:/usr/bin/ceph: stderr
2026-02-25T15:53:24.165+0000 7fb852c1d640 1 -- 10.20.193.14:0/3979075135 >> [v2:10.20.193.14:3300/0,v1:10.20.193.14:6789/0] conn(0x7fb84c07ce50 msgr2=0x7fb84c19e450 secure :-1 s=STATE_CONNECTION_ESTABLISHED l=1).mark_down
2026-02-25T15:53:24.240 INFO:teuthology.orchestra.run.trial014.stdout:/usr/bin/ceph: stderr
2026-02-25T15:53:24.165+0000 7fb852c1d640 1 --2- 10.20.193.14:0/3979075135 >> [v2:10.20.193.14:3300/0,v1:10.20.193.14:6789/0] conn(0x7fb84c07ce50 0x7fb84c19e450 secure :-1 s=READY pgs=60 cs=0 l=1 rev1=1 crypto rx=0x7fb83c037670 tx=0x7fb83c0376a0 comp rx=0 tx=0).stop
2026-02-25T15:53:24.240 INFO:teuthology.orchestra.run.trial014.stdout:/usr/bin/ceph: stderr
2026-02-25T15:53:24.165+0000 7fb852c1d640 1 -- 10.20.193.14:0/3979075135 shutdown_connections
2026-02-25T15:53:24.240 INFO:teuthology.orchestra.run.trial014.stdout:/usr/bin/ceph: stderr
2026-02-25T15:53:24.165+0000 7fb852c1d640 1 --2- 10.20.193.14:0/3979075135 >> [v2:10.20.193.14:6800/157118305,v1:10.20.193.14:6801/157118305] conn(0x7fb828040c90 0x7fb828043080 unknown :-1 s=CLOSED pgs=1 cs=0 l=1 rev1=1 crypto rx=0 tx=0 comp rx=0 tx=0).stop
2026-02-25T15:53:24.240 INFO:teuthology.orchestra.run.trial014.stdout:/usr/bin/ceph: stderr
2026-02-25T15:53:24.165+0000 7fb852c1d640 1 --2- 10.20.193.14:0/3979075135 >> [v2:10.20.193.14:6800/4014700137,v1:10.20.193.14:6801/4014700137] conn(0x7fb82803d1e0 0x7fb82803f6a0 unknown :-1 s=CLOSED pgs=0 cs=0 l=1 rev1=0 crypto rx=0 tx=0 comp rx=0 tx=0).stop
2026-02-25T15:53:24.240 INFO:teuthology.orchestra.run.trial014.stdout:/usr/bin/ceph: stderr
2026-02-25T15:53:24.165+0000 7fb852c1d640 1 --2- 10.20.193.14:0/3979075135 >> [v2:10.20.193.14:3300/0,v1:10.20.193.14:6789/0] conn(0x7fb84c07ce50 0x7fb84c19e450 unknown :-1 s=CLOSED pgs=60 cs=0 l=1 rev1=1 crypto rx=0 tx=0 comp rx=0 tx=0).stop
2026-02-25T15:53:24.240 INFO:teuthology.orchestra.run.trial014.stdout:/usr/bin/ceph: stderr
2026-02-25T15:53:24.165+0000 7fb852c1d640 1 -- 10.20.193.14:0/3979075135 >> 10.20.193.14:0/3979075135 conn(0x7fb84c101be0 msgr2=0x7fb84c1027b0 unknown :-1 s=STATE_NONE l=0).mark_down
2026-02-25T15:53:24.240 INFO:teuthology.orchestra.run.trial014.stdout:/usr/bin/ceph: stderr
2026-02-25T15:53:24.165+0000 7fb852c1d640 1 -- 10.20.193.14:0/3979075135 shutdown_connections
2026-02-25T15:53:24.240 INFO:teuthology.orchestra.run.trial014.stdout:/usr/bin/ceph: stderr
2026-02-25T15:53:24.165+0000 7fb852c1d640 1 -- 10.20.193.14:0/3979075135 wait complete.
2026-02-25T15:53:24.240 INFO:teuthology.orchestra.run.trial014.stdout:mgr epoch 9 is available
2026-02-25T15:53:24.241 INFO:teuthology.orchestra.run.trial014.stdout:Generating a dashboard self-signed certificate...
2026-02-25T15:53:24.524 INFO:teuthology.orchestra.run.trial014.stdout:/usr/bin/ceph: stdout Self-signed certificate created
2026-02-25T15:53:24.524 INFO:teuthology.orchestra.run.trial014.stdout:/usr/bin/ceph: stderr
2026-02-25T15:53:24.323+0000 7f64b95d7640 1 Processor -- start
2026-02-25T15:53:24.524 INFO:teuthology.orchestra.run.trial014.stdout:/usr/bin/ceph: stderr
2026-02-25T15:53:24.323+0000 7f64b95d7640 1 -- start start
2026-02-25T15:53:24.524 INFO:teuthology.orchestra.run.trial014.stdout:/usr/bin/ceph: stderr
2026-02-25T15:53:24.323+0000 7f64b95d7640 1 --2- >> [v2:10.20.193.14:3300/0,v1:10.20.193.14:6789/0] conn(0x7f64b407aaf0 0x7f64b410b3f0 unknown :-1 s=NONE pgs=0 cs=0 l=0 rev1=0 crypto rx=0 tx=0 comp rx=0 tx=0).connect
2026-02-25T15:53:24.524 INFO:teuthology.orchestra.run.trial014.stdout:/usr/bin/ceph: stderr
2026-02-25T15:53:24.323+0000 7f64b95d7640 1 -- --> [v2:10.20.193.14:3300/0,v1:10.20.193.14:6789/0] -- mon_getmap magic: 0 v1 -- 0x7f64b410b930 con 0x7f64b407aaf0
2026-02-25T15:53:24.525 INFO:teuthology.orchestra.run.trial014.stdout:/usr/bin/ceph: stderr
2026-02-25T15:53:24.323+0000 7f64b2ffd640 1 --2- >> [v2:10.20.193.14:3300/0,v1:10.20.193.14:6789/0] conn(0x7f64b407aaf0 0x7f64b410b3f0 unknown :-1 s=BANNER_CONNECTING pgs=0 cs=0 l=0 rev1=0 crypto rx=0 tx=0 comp rx=0 tx=0)._handle_peer_banner_payload supported=3 required=0
2026-02-25T15:53:24.525 INFO:teuthology.orchestra.run.trial014.stdout:/usr/bin/ceph: stderr
2026-02-25T15:53:24.324+0000 7f64b2ffd640 1 --2- >> [v2:10.20.193.14:3300/0,v1:10.20.193.14:6789/0] conn(0x7f64b407aaf0 0x7f64b410b3f0 unknown :-1 s=HELLO_CONNECTING pgs=0 cs=0 l=0 rev1=1 crypto rx=0 tx=0 comp rx=0 tx=0).handle_hello peer v2:10.20.193.14:3300/0 says I am v2:10.20.193.14:51252/0 (socket says 10.20.193.14:51252)
2026-02-25T15:53:24.525 INFO:teuthology.orchestra.run.trial014.stdout:/usr/bin/ceph: stderr
2026-02-25T15:53:24.324+0000 7f64b2ffd640 1 -- 10.20.193.14:0/3255409459 learned_addr learned my addr 10.20.193.14:0/3255409459 (peer_addr_for_me v2:10.20.193.14:0/0)
2026-02-25T15:53:24.525 INFO:teuthology.orchestra.run.trial014.stdout:/usr/bin/ceph: stderr
2026-02-25T15:53:24.324+0000 7f64b2ffd640 1 -- 10.20.193.14:0/3255409459 --> [v2:10.20.193.14:3300/0,v1:10.20.193.14:6789/0] -- mon_subscribe({config=0+,monmap=0+}) v3 -- 0x7f64b410ba70 con 0x7f64b407aaf0
2026-02-25T15:53:24.525 INFO:teuthology.orchestra.run.trial014.stdout:/usr/bin/ceph: stderr
2026-02-25T15:53:24.324+0000 7f64b2ffd640 1 --2- 10.20.193.14:0/3255409459 >> [v2:10.20.193.14:3300/0,v1:10.20.193.14:6789/0] conn(0x7f64b407aaf0 0x7f64b410b3f0 secure :-1 s=READY pgs=68 cs=0 l=1 rev1=1 crypto rx=0x7f64a8009920 tx=0x7f64a802ef20 comp rx=0 tx=0).ready entity=mon.0 client_cookie=9d84aa6c6b9135fb server_cookie=0 in_seq=0 out_seq=0
2026-02-25T15:53:24.525 INFO:teuthology.orchestra.run.trial014.stdout:/usr/bin/ceph: stderr
2026-02-25T15:53:24.324+0000 7f64b1ffb640 1 -- 10.20.193.14:0/3255409459 <== mon.0 v2:10.20.193.14:3300/0 1 ==== mon_map magic: 0 v1 ==== 205+0+0 (secure 0 0 0) 0x7f64a802fae0 con 0x7f64b407aaf0
2026-02-25T15:53:24.525 INFO:teuthology.orchestra.run.trial014.stdout:/usr/bin/ceph: stderr
2026-02-25T15:53:24.324+0000 7f64b1ffb640 1 -- 10.20.193.14:0/3255409459 <== mon.0 v2:10.20.193.14:3300/0 2 ==== config(27 keys) v1 ==== 1108+0+0 (secure 0 0 0) 0x7f64a802fc40 con 0x7f64b407aaf0
2026-02-25T15:53:24.525 INFO:teuthology.orchestra.run.trial014.stdout:/usr/bin/ceph: stderr
2026-02-25T15:53:24.324+0000 7f64b1ffb640 1 -- 10.20.193.14:0/3255409459 <== mon.0 v2:10.20.193.14:3300/0 3 ==== mon_map magic: 0 v1 ==== 205+0+0 (secure 0 0 0) 0x7f64a8035670 con 0x7f64b407aaf0
2026-02-25T15:53:24.525 INFO:teuthology.orchestra.run.trial014.stdout:/usr/bin/ceph: stderr
2026-02-25T15:53:24.325+0000 7f64b95d7640 1 -- 10.20.193.14:0/3255409459 >> [v2:10.20.193.14:3300/0,v1:10.20.193.14:6789/0] conn(0x7f64b407aaf0 msgr2=0x7f64b410b3f0 secure :-1 s=STATE_CONNECTION_ESTABLISHED l=1).mark_down
2026-02-25T15:53:24.525 INFO:teuthology.orchestra.run.trial014.stdout:/usr/bin/ceph: stderr
2026-02-25T15:53:24.325+0000 7f64b95d7640 1 --2- 10.20.193.14:0/3255409459 >> [v2:10.20.193.14:3300/0,v1:10.20.193.14:6789/0] conn(0x7f64b407aaf0 0x7f64b410b3f0 secure :-1 s=READY pgs=68 cs=0 l=1 rev1=1 crypto rx=0x7f64a8009920 tx=0x7f64a802ef20 comp rx=0 tx=0).stop
2026-02-25T15:53:24.525 INFO:teuthology.orchestra.run.trial014.stdout:/usr/bin/ceph: stderr
2026-02-25T15:53:24.325+0000 7f64b95d7640 1 -- 10.20.193.14:0/3255409459 shutdown_connections
2026-02-25T15:53:24.526 INFO:teuthology.orchestra.run.trial014.stdout:/usr/bin/ceph: stderr
2026-02-25T15:53:24.325+0000 7f64b95d7640 1 --2- 10.20.193.14:0/3255409459 >> [v2:10.20.193.14:3300/0,v1:10.20.193.14:6789/0] conn(0x7f64b407aaf0 0x7f64b410b3f0 unknown :-1 s=CLOSED pgs=68 cs=0 l=1 rev1=1 crypto rx=0 tx=0 comp rx=0 tx=0).stop
2026-02-25T15:53:24.526 INFO:teuthology.orchestra.run.trial014.stdout:/usr/bin/ceph: stderr
2026-02-25T15:53:24.325+0000 7f64b95d7640 1 -- 10.20.193.14:0/3255409459 >> 10.20.193.14:0/3255409459 conn(0x7f64b4100a80 msgr2=0x7f64b4102ec0 unknown :-1 s=STATE_NONE l=0).mark_down
2026-02-25T15:53:24.526 INFO:teuthology.orchestra.run.trial014.stdout:/usr/bin/ceph: stderr
2026-02-25T15:53:24.325+0000 7f64b95d7640 1 -- 10.20.193.14:0/3255409459 shutdown_connections
2026-02-25T15:53:24.526 INFO:teuthology.orchestra.run.trial014.stdout:/usr/bin/ceph: stderr
2026-02-25T15:53:24.325+0000 7f64b95d7640 1 -- 10.20.193.14:0/3255409459 wait complete.
2026-02-25T15:53:24.526 INFO:teuthology.orchestra.run.trial014.stdout:/usr/bin/ceph: stderr
2026-02-25T15:53:24.325+0000 7f64b95d7640 1 Processor -- start
2026-02-25T15:53:24.526 INFO:teuthology.orchestra.run.trial014.stdout:/usr/bin/ceph: stderr
2026-02-25T15:53:24.325+0000 7f64b95d7640 1 -- start start
2026-02-25T15:53:24.526 INFO:teuthology.orchestra.run.trial014.stdout:/usr/bin/ceph: stderr
2026-02-25T15:53:24.325+0000 7f64b95d7640 1 --2- >> [v2:10.20.193.14:3300/0,v1:10.20.193.14:6789/0] conn(0x7f64b407aaf0 0x7f64b419e410 unknown :-1 s=NONE pgs=0 cs=0 l=1 rev1=0 crypto rx=0 tx=0 comp rx=0 tx=0).connect
2026-02-25T15:53:24.526 INFO:teuthology.orchestra.run.trial014.stdout:/usr/bin/ceph: stderr
2026-02-25T15:53:24.325+0000 7f64b95d7640 1 -- --> [v2:10.20.193.14:3300/0,v1:10.20.193.14:6789/0] -- mon_getmap magic: 0 v1 -- 0x7f64b419e950 con 0x7f64b407aaf0
2026-02-25T15:53:24.526 INFO:teuthology.orchestra.run.trial014.stdout:/usr/bin/ceph: stderr
2026-02-25T15:53:24.325+0000 7f64b2ffd640 1 --2- >> [v2:10.20.193.14:3300/0,v1:10.20.193.14:6789/0] conn(0x7f64b407aaf0 0x7f64b419e410 unknown :-1 s=BANNER_CONNECTING pgs=0 cs=0 l=1 rev1=0 crypto rx=0 tx=0 comp rx=0 tx=0)._handle_peer_banner_payload supported=3 required=0
2026-02-25T15:53:24.526 INFO:teuthology.orchestra.run.trial014.stdout:/usr/bin/ceph: stderr
2026-02-25T15:53:24.325+0000 7f64b2ffd640 1 --2- >> [v2:10.20.193.14:3300/0,v1:10.20.193.14:6789/0] conn(0x7f64b407aaf0 0x7f64b419e410 unknown :-1 s=HELLO_CONNECTING pgs=0 cs=0 l=1 rev1=1 crypto rx=0 tx=0 comp rx=0 tx=0).handle_hello peer v2:10.20.193.14:3300/0 says I am v2:10.20.193.14:51266/0 (socket says 10.20.193.14:51266)
2026-02-25T15:53:24.526 INFO:teuthology.orchestra.run.trial014.stdout:/usr/bin/ceph: stderr
2026-02-25T15:53:24.325+0000 7f64b2ffd640 1 -- 10.20.193.14:0/2265098453 learned_addr learned my addr 10.20.193.14:0/2265098453 (peer_addr_for_me v2:10.20.193.14:0/0)
2026-02-25T15:53:24.527 INFO:teuthology.orchestra.run.trial014.stdout:/usr/bin/ceph: stderr
2026-02-25T15:53:24.325+0000 7f64b2ffd640 1 -- 10.20.193.14:0/2265098453 --> [v2:10.20.193.14:3300/0,v1:10.20.193.14:6789/0] -- mon_subscribe({config=0+,monmap=0+}) v3 -- 0x7f64a80095d0 con 0x7f64b407aaf0
2026-02-25T15:53:24.527 INFO:teuthology.orchestra.run.trial014.stdout:/usr/bin/ceph: stderr
2026-02-25T15:53:24.325+0000 7f64b2ffd640 1 --2- 10.20.193.14:0/2265098453 >> [v2:10.20.193.14:3300/0,v1:10.20.193.14:6789/0] conn(0x7f64b407aaf0 0x7f64b419e410 secure :-1 s=READY pgs=69 cs=0 l=1 rev1=1 crypto rx=0x7f64a8006fd0 tx=0x7f64a8037670 comp rx=0 tx=0).ready entity=mon.0 client_cookie=0 server_cookie=0 in_seq=0 out_seq=0
2026-02-25T15:53:24.527 INFO:teuthology.orchestra.run.trial014.stdout:/usr/bin/ceph: stderr
2026-02-25T15:53:24.325+0000 7f6493fff640 1 -- 10.20.193.14:0/2265098453 <== mon.0 v2:10.20.193.14:3300/0 1 ==== mon_map magic: 0 v1 ==== 205+0+0 (secure 0 0 0) 0x7f64a80379c0 con 0x7f64b407aaf0
2026-02-25T15:53:24.527 INFO:teuthology.orchestra.run.trial014.stdout:/usr/bin/ceph: stderr
2026-02-25T15:53:24.325+0000 7f64b95d7640 1 -- 10.20.193.14:0/2265098453 --> [v2:10.20.193.14:3300/0,v1:10.20.193.14:6789/0] -- mon_subscribe({mgrmap=0+}) v3 -- 0x7f64b419eb50 con 0x7f64b407aaf0
2026-02-25T15:53:24.527 INFO:teuthology.orchestra.run.trial014.stdout:/usr/bin/ceph: stderr
2026-02-25T15:53:24.325+0000 7f6493fff640 1 -- 10.20.193.14:0/2265098453 <== mon.0 v2:10.20.193.14:3300/0 2 ==== config(27 keys) v1 ==== 1108+0+0 (secure 0 0 0) 0x7f64a8037b20 con 0x7f64b407aaf0
2026-02-25T15:53:24.527 INFO:teuthology.orchestra.run.trial014.stdout:/usr/bin/ceph: stderr
2026-02-25T15:53:24.325+0000 7f6493fff640 1 -- 10.20.193.14:0/2265098453 <== mon.0 v2:10.20.193.14:3300/0 3 ==== mon_map magic: 0 v1 ==== 205+0+0 (secure 0 0 0) 0x7f64a803e5f0 con 0x7f64b407aaf0
2026-02-25T15:53:24.527 INFO:teuthology.orchestra.run.trial014.stdout:/usr/bin/ceph: stderr
2026-02-25T15:53:24.325+0000 7f64b95d7640 1 -- 10.20.193.14:0/2265098453 --> [v2:10.20.193.14:3300/0,v1:10.20.193.14:6789/0] -- mon_subscribe({osdmap=0}) v3 -- 0x7f64b419eff0 con 0x7f64b407aaf0
2026-02-25T15:53:24.527 INFO:teuthology.orchestra.run.trial014.stdout:/usr/bin/ceph: stderr
2026-02-25T15:53:24.326+0000 7f64b95d7640 1 -- 10.20.193.14:0/2265098453 --> [v2:10.20.193.14:3300/0,v1:10.20.193.14:6789/0] -- mon_command({"prefix": "get_command_descriptions"} v 0) v1 -- 0x7f64b410c930 con 0x7f64b407aaf0
2026-02-25T15:53:24.527 INFO:teuthology.orchestra.run.trial014.stdout:/usr/bin/ceph: stderr
2026-02-25T15:53:24.326+0000 7f6493fff640 1 -- 10.20.193.14:0/2265098453 <== mon.0 v2:10.20.193.14:3300/0 4 ==== mgrmap(e 11) v1 ==== 49267+0+0 (secure 0 0 0) 0x7f64a803e070 con 0x7f64b407aaf0
2026-02-25T15:53:24.527 INFO:teuthology.orchestra.run.trial014.stdout:/usr/bin/ceph: stderr
2026-02-25T15:53:24.326+0000 7f6493fff640 1 --2- 10.20.193.14:0/2265098453 >> [v2:10.20.193.14:6800/157118305,v1:10.20.193.14:6801/157118305] conn(0x7f648803d070 0x7f648803f530 unknown :-1 s=NONE pgs=0 cs=0 l=1 rev1=0 crypto rx=0 tx=0 comp rx=0 tx=0).connect
2026-02-25T15:53:24.527 INFO:teuthology.orchestra.run.trial014.stdout:/usr/bin/ceph: stderr
2026-02-25T15:53:24.326+0000 7f6493fff640 1 -- 10.20.193.14:0/2265098453 <== mon.0 v2:10.20.193.14:3300/0 5 ==== osd_map(3..3 src has 1..3) v4 ==== 1155+0+0 (secure 0 0 0) 0x7f64a8075c20 con 0x7f64b407aaf0
2026-02-25T15:53:24.527 INFO:teuthology.orchestra.run.trial014.stdout:/usr/bin/ceph: stderr
2026-02-25T15:53:24.326+0000 7f64b27fc640 1 --2- 10.20.193.14:0/2265098453 >> [v2:10.20.193.14:6800/157118305,v1:10.20.193.14:6801/157118305] conn(0x7f648803d070 0x7f648803f530 unknown :-1 s=BANNER_CONNECTING pgs=0 cs=0 l=1 rev1=0 crypto rx=0 tx=0 comp rx=0 tx=0)._handle_peer_banner_payload supported=3 required=0
2026-02-25T15:53:24.528 INFO:teuthology.orchestra.run.trial014.stdout:/usr/bin/ceph: stderr
