2026-02-25T16:30:43.060+0000 7f91185eb700 1 -- 10.20.193.55:0/3929031343 --> [v2:10.20.193.55:6800/2,v1:10.20.193.55:6801/2] -- mgr_command(tid 0: {"prefix": "orch apply", "service_type": "mon", "target": ["mon-mgr", ""]}) v1 -- 0x7f91101021b0 con 0x7f90fc038350
2026-02-25T16:30:43.091 INFO:teuthology.orchestra.run.trial055.stdout:/usr/bin/ceph: stderr
2026-02-25T16:30:43.063+0000 7f91077fe700 1 -- 10.20.193.55:0/3929031343 <== mgr.14120 v2:10.20.193.55:6800/2 1 ==== mgr_command_reply(tid 0: 0 ) v1 ==== 8+0+24 (secure 0 0 0) 0x7f91101021b0 con 0x7f90fc038350
2026-02-25T16:30:43.091 INFO:teuthology.orchestra.run.trial055.stdout:/usr/bin/ceph: stderr
2026-02-25T16:30:43.065+0000 7f91185eb700 1 -- 10.20.193.55:0/3929031343 >> [v2:10.20.193.55:6800/2,v1:10.20.193.55:6801/2] conn(0x7f90fc038350 msgr2=0x7f90fc03a810 secure :-1 s=STATE_CONNECTION_ESTABLISHED l=1).mark_down
2026-02-25T16:30:43.091 INFO:teuthology.orchestra.run.trial055.stdout:/usr/bin/ceph: stderr
2026-02-25T16:30:43.065+0000 7f91185eb700 1 --2- 10.20.193.55:0/3929031343 >> [v2:10.20.193.55:6800/2,v1:10.20.193.55:6801/2] conn(0x7f90fc038350 0x7f90fc03a810 secure :-1 s=READY pgs=12 cs=0 l=1 rev1=1 crypto rx=0x7f9100006fd0 tx=0x7f9100006e40 comp rx=0 tx=0).stop
2026-02-25T16:30:43.091 INFO:teuthology.orchestra.run.trial055.stdout:/usr/bin/ceph: stderr
2026-02-25T16:30:43.065+0000 7f91185eb700 1 -- 10.20.193.55:0/3929031343 >> [v2:10.20.193.55:3300/0,v1:10.20.193.55:6789/0] conn(0x7f9110107440 msgr2=0x7f911019c7f0 secure :-1 s=STATE_CONNECTION_ESTABLISHED l=1).mark_down
2026-02-25T16:30:43.091 INFO:teuthology.orchestra.run.trial055.stdout:/usr/bin/ceph: stderr
2026-02-25T16:30:43.065+0000 7f91185eb700 1 --2- 10.20.193.55:0/3929031343 >> [v2:10.20.193.55:3300/0,v1:10.20.193.55:6789/0] conn(0x7f9110107440 0x7f911019c7f0 secure :-1 s=READY pgs=48 cs=0 l=1 rev1=1 crypto rx=0x7f910c004630 tx=0x7f910c00bac0 comp rx=0 tx=0).stop
2026-02-25T16:30:43.091 INFO:teuthology.orchestra.run.trial055.stdout:/usr/bin/ceph: stderr
2026-02-25T16:30:43.065+0000 7f91185eb700 1 -- 10.20.193.55:0/3929031343 shutdown_connections
2026-02-25T16:30:43.091 INFO:teuthology.orchestra.run.trial055.stdout:/usr/bin/ceph: stderr
2026-02-25T16:30:43.065+0000 7f91185eb700 1 --2- 10.20.193.55:0/3929031343 >> [v2:10.20.193.55:6800/2,v1:10.20.193.55:6801/2] conn(0x7f90fc038350 0x7f90fc03a810 unknown :-1 s=CLOSED pgs=12 cs=0 l=1 rev1=1 crypto rx=0 tx=0 comp rx=0 tx=0).stop
2026-02-25T16:30:43.091 INFO:teuthology.orchestra.run.trial055.stdout:/usr/bin/ceph: stderr
2026-02-25T16:30:43.065+0000 7f91185eb700 1 --2- 10.20.193.55:0/3929031343 >> [v2:10.20.193.55:3300/0,v1:10.20.193.55:6789/0] conn(0x7f9110107440 0x7f911019c7f0 unknown :-1 s=CLOSED pgs=48 cs=0 l=1 rev1=1 crypto rx=0 tx=0 comp rx=0 tx=0).stop
2026-02-25T16:30:43.091 INFO:teuthology.orchestra.run.trial055.stdout:/usr/bin/ceph: stderr
2026-02-25T16:30:43.065+0000 7f91185eb700 1 -- 10.20.193.55:0/3929031343 >> 10.20.193.55:0/3929031343 conn(0x7f9110100dd0 msgr2=0x7f9110101aa0 unknown :-1 s=STATE_NONE l=0).mark_down
2026-02-25T16:30:43.091 INFO:teuthology.orchestra.run.trial055.stdout:/usr/bin/ceph: stderr
2026-02-25T16:30:43.065+0000 7f91185eb700 1 -- 10.20.193.55:0/3929031343 shutdown_connections
2026-02-25T16:30:43.091 INFO:teuthology.orchestra.run.trial055.stdout:/usr/bin/ceph: stderr
2026-02-25T16:30:43.065+0000 7f91185eb700 1 -- 10.20.193.55:0/3929031343 wait complete.
2026-02-25T16:30:43.091 INFO:teuthology.orchestra.run.trial055.stdout:Deploying mgr service with default placement...
2026-02-25T16:30:43.343 INFO:teuthology.orchestra.run.trial055.stdout:/usr/bin/ceph: stdout Scheduled mgr update...
2026-02-25T16:30:43.343 INFO:teuthology.orchestra.run.trial055.stdout:/usr/bin/ceph: stderr
2026-02-25T16:30:43.205+0000 7f2d29619700 1 Processor -- start
2026-02-25T16:30:43.343 INFO:teuthology.orchestra.run.trial055.stdout:/usr/bin/ceph: stderr
2026-02-25T16:30:43.205+0000 7f2d29619700 1 -- start start
2026-02-25T16:30:43.343 INFO:teuthology.orchestra.run.trial055.stdout:/usr/bin/ceph: stderr
2026-02-25T16:30:43.205+0000 7f2d29619700 1 --2- >> [v2:10.20.193.55:3300/0,v1:10.20.193.55:6789/0] conn(0x7f2d241073e0 0x7f2d241097d0 unknown :-1 s=NONE pgs=0 cs=0 l=0 rev1=0 crypto rx=0 tx=0 comp rx=0 tx=0).connect
2026-02-25T16:30:43.343 INFO:teuthology.orchestra.run.trial055.stdout:/usr/bin/ceph: stderr
2026-02-25T16:30:43.205+0000 7f2d29619700 1 -- --> [v2:10.20.193.55:3300/0,v1:10.20.193.55:6789/0] -- mon_getmap magic: 0 v1 -- 0x7f2d24079e40 con 0x7f2d241073e0
2026-02-25T16:30:43.344 INFO:teuthology.orchestra.run.trial055.stdout:/usr/bin/ceph: stderr
2026-02-25T16:30:43.205+0000 7f2d22ffd700 1 --2- >> [v2:10.20.193.55:3300/0,v1:10.20.193.55:6789/0] conn(0x7f2d241073e0 0x7f2d241097d0 unknown :-1 s=BANNER_CONNECTING pgs=0 cs=0 l=0 rev1=0 crypto rx=0 tx=0 comp rx=0 tx=0)._handle_peer_banner_payload supported=3 required=0
2026-02-25T16:30:43.344 INFO:teuthology.orchestra.run.trial055.stdout:/usr/bin/ceph: stderr
2026-02-25T16:30:43.205+0000 7f2d22ffd700 1 --2- >> [v2:10.20.193.55:3300/0,v1:10.20.193.55:6789/0] conn(0x7f2d241073e0 0x7f2d241097d0 unknown :-1 s=HELLO_CONNECTING pgs=0 cs=0 l=0 rev1=1 crypto rx=0 tx=0 comp rx=0 tx=0).handle_hello peer v2:10.20.193.55:3300/0 says I am v2:10.20.193.55:49066/0 (socket says 10.20.193.55:49066)
2026-02-25T16:30:43.344 INFO:teuthology.orchestra.run.trial055.stdout:/usr/bin/ceph: stderr
2026-02-25T16:30:43.205+0000 7f2d22ffd700 1 -- 10.20.193.55:0/375190053 learned_addr learned my addr 10.20.193.55:0/375190053 (peer_addr_for_me v2:10.20.193.55:0/0)
2026-02-25T16:30:43.344 INFO:teuthology.orchestra.run.trial055.stdout:/usr/bin/ceph: stderr
2026-02-25T16:30:43.206+0000 7f2d22ffd700 1 -- 10.20.193.55:0/375190053 --> [v2:10.20.193.55:3300/0,v1:10.20.193.55:6789/0] -- mon_subscribe({config=0+,monmap=0+}) v3 -- 0x7f2d24109d10 con 0x7f2d241073e0
2026-02-25T16:30:43.344 INFO:teuthology.orchestra.run.trial055.stdout:/usr/bin/ceph: stderr
2026-02-25T16:30:43.206+0000 7f2d22ffd700 1 --2- 10.20.193.55:0/375190053 >> [v2:10.20.193.55:3300/0,v1:10.20.193.55:6789/0] conn(0x7f2d241073e0 0x7f2d241097d0 secure :-1 s=READY pgs=49 cs=0 l=1 rev1=1 crypto rx=0x7f2d14009a90 tx=0x7f2d14009da0 comp rx=0 tx=0).ready entity=mon.0 client_cookie=2ef256c394759e1 server_cookie=0 in_seq=0 out_seq=0
2026-02-25T16:30:43.344 INFO:teuthology.orchestra.run.trial055.stdout:/usr/bin/ceph: stderr
2026-02-25T16:30:43.206+0000 7f2d21ffb700 1 -- 10.20.193.55:0/375190053 <== mon.0 v2:10.20.193.55:3300/0 1 ==== mon_map magic: 0 v1 ==== 226+0+0 (secure 0 0 0) 0x7f2d14004180 con 0x7f2d241073e0
2026-02-25T16:30:43.344 INFO:teuthology.orchestra.run.trial055.stdout:/usr/bin/ceph: stderr
2026-02-25T16:30:43.206+0000 7f2d21ffb700 1 -- 10.20.193.55:0/375190053 <== mon.0 v2:10.20.193.55:3300/0 2 ==== config(28 keys) v1 ==== 1137+0+0 (secure 0 0 0) 0x7f2d1400bcc0 con 0x7f2d241073e0
2026-02-25T16:30:43.344 INFO:teuthology.orchestra.run.trial055.stdout:/usr/bin/ceph: stderr
2026-02-25T16:30:43.206+0000 7f2d21ffb700 1 -- 10.20.193.55:0/375190053 <== mon.0 v2:10.20.193.55:3300/0 3 ==== mon_map magic: 0 v1 ==== 226+0+0 (secure 0 0 0) 0x7f2d14003d40 con 0x7f2d241073e0
2026-02-25T16:30:43.344 INFO:teuthology.orchestra.run.trial055.stdout:/usr/bin/ceph: stderr
2026-02-25T16:30:43.206+0000 7f2d29619700 1 -- 10.20.193.55:0/375190053 >> [v2:10.20.193.55:3300/0,v1:10.20.193.55:6789/0] conn(0x7f2d241073e0 msgr2=0x7f2d241097d0 secure :-1 s=STATE_CONNECTION_ESTABLISHED l=1).mark_down
2026-02-25T16:30:43.344 INFO:teuthology.orchestra.run.trial055.stdout:/usr/bin/ceph: stderr
2026-02-25T16:30:43.206+0000 7f2d29619700 1 --2- 10.20.193.55:0/375190053 >> [v2:10.20.193.55:3300/0,v1:10.20.193.55:6789/0] conn(0x7f2d241073e0 0x7f2d241097d0 secure :-1 s=READY pgs=49 cs=0 l=1 rev1=1 crypto rx=0x7f2d14009a90 tx=0x7f2d14009da0 comp rx=0 tx=0).stop
2026-02-25T16:30:43.344 INFO:teuthology.orchestra.run.trial055.stdout:/usr/bin/ceph: stderr
2026-02-25T16:30:43.206+0000 7f2d29619700 1 -- 10.20.193.55:0/375190053 shutdown_connections
2026-02-25T16:30:43.345 INFO:teuthology.orchestra.run.trial055.stdout:/usr/bin/ceph: stderr
2026-02-25T16:30:43.206+0000 7f2d29619700 1 --2- 10.20.193.55:0/375190053 >> [v2:10.20.193.55:3300/0,v1:10.20.193.55:6789/0] conn(0x7f2d241073e0 0x7f2d241097d0 unknown :-1 s=CLOSED pgs=49 cs=0 l=1 rev1=1 crypto rx=0 tx=0 comp rx=0 tx=0).stop
2026-02-25T16:30:43.345 INFO:teuthology.orchestra.run.trial055.stdout:/usr/bin/ceph: stderr
2026-02-25T16:30:43.206+0000 7f2d29619700 1 -- 10.20.193.55:0/375190053 >> 10.20.193.55:0/375190053 conn(0x7f2d24100dd0 msgr2=0x7f2d241031f0 unknown :-1 s=STATE_NONE l=0).mark_down
2026-02-25T16:30:43.345 INFO:teuthology.orchestra.run.trial055.stdout:/usr/bin/ceph: stderr
2026-02-25T16:30:43.206+0000 7f2d29619700 1 -- 10.20.193.55:0/375190053 shutdown_connections
2026-02-25T16:30:43.345 INFO:teuthology.orchestra.run.trial055.stdout:/usr/bin/ceph: stderr
2026-02-25T16:30:43.206+0000 7f2d29619700 1 -- 10.20.193.55:0/375190053 wait complete.
2026-02-25T16:30:43.345 INFO:teuthology.orchestra.run.trial055.stdout:/usr/bin/ceph: stderr
2026-02-25T16:30:43.207+0000 7f2d29619700 1 Processor -- start
2026-02-25T16:30:43.345 INFO:teuthology.orchestra.run.trial055.stdout:/usr/bin/ceph: stderr
2026-02-25T16:30:43.207+0000 7f2d29619700 1 -- start start
2026-02-25T16:30:43.345 INFO:teuthology.orchestra.run.trial055.stdout:/usr/bin/ceph: stderr
2026-02-25T16:30:43.207+0000 7f2d29619700 1 --2- >> [v2:10.20.193.55:3300/0,v1:10.20.193.55:6789/0] conn(0x7f2d241073e0 0x7f2d2419c7d0 unknown :-1 s=NONE pgs=0 cs=0 l=1 rev1=0 crypto rx=0 tx=0 comp rx=0 tx=0).connect
2026-02-25T16:30:43.345 INFO:teuthology.orchestra.run.trial055.stdout:/usr/bin/ceph: stderr
2026-02-25T16:30:43.207+0000 7f2d29619700 1 -- --> [v2:10.20.193.55:3300/0,v1:10.20.193.55:6789/0] -- mon_getmap magic: 0 v1 -- 0x7f2d2419cd10 con 0x7f2d241073e0
2026-02-25T16:30:43.345 INFO:teuthology.orchestra.run.trial055.stdout:/usr/bin/ceph: stderr
2026-02-25T16:30:43.207+0000 7f2d22ffd700 1 --2- >> [v2:10.20.193.55:3300/0,v1:10.20.193.55:6789/0] conn(0x7f2d241073e0 0x7f2d2419c7d0 unknown :-1 s=BANNER_CONNECTING pgs=0 cs=0 l=1 rev1=0 crypto rx=0 tx=0 comp rx=0 tx=0)._handle_peer_banner_payload supported=3 required=0
2026-02-25T16:30:43.345 INFO:teuthology.orchestra.run.trial055.stdout:/usr/bin/ceph: stderr
2026-02-25T16:30:43.207+0000 7f2d22ffd700 1 --2- >> [v2:10.20.193.55:3300/0,v1:10.20.193.55:6789/0] conn(0x7f2d241073e0 0x7f2d2419c7d0 unknown :-1 s=HELLO_CONNECTING pgs=0 cs=0 l=1 rev1=1 crypto rx=0 tx=0 comp rx=0 tx=0).handle_hello peer v2:10.20.193.55:3300/0 says I am v2:10.20.193.55:49078/0 (socket says 10.20.193.55:49078)
2026-02-25T16:30:43.345 INFO:teuthology.orchestra.run.trial055.stdout:/usr/bin/ceph: stderr
2026-02-25T16:30:43.207+0000 7f2d22ffd700 1 -- 10.20.193.55:0/125772549 learned_addr learned my addr 10.20.193.55:0/125772549 (peer_addr_for_me v2:10.20.193.55:0/0)
2026-02-25T16:30:43.345 INFO:teuthology.orchestra.run.trial055.stdout:/usr/bin/ceph: stderr
2026-02-25T16:30:43.207+0000 7f2d22ffd700 1 -- 10.20.193.55:0/125772549 --> [v2:10.20.193.55:3300/0,v1:10.20.193.55:6789/0] -- mon_subscribe({config=0+,monmap=0+}) v3 -- 0x7f2d14009740 con 0x7f2d241073e0
2026-02-25T16:30:43.346 INFO:teuthology.orchestra.run.trial055.stdout:/usr/bin/ceph: stderr
2026-02-25T16:30:43.207+0000 7f2d22ffd700 1 --2- 10.20.193.55:0/125772549 >> [v2:10.20.193.55:3300/0,v1:10.20.193.55:6789/0] conn(0x7f2d241073e0 0x7f2d2419c7d0 secure :-1 s=READY pgs=50 cs=0 l=1 rev1=1 crypto rx=0x7f2d14006fa0 tx=0x7f2d1400bac0 comp rx=0 tx=0).ready entity=mon.0 client_cookie=0 server_cookie=0 in_seq=0 out_seq=0
2026-02-25T16:30:43.346 INFO:teuthology.orchestra.run.trial055.stdout:/usr/bin/ceph: stderr
2026-02-25T16:30:43.207+0000 7f2d0bfff700 1 -- 10.20.193.55:0/125772549 <== mon.0 v2:10.20.193.55:3300/0 1 ==== mon_map magic: 0 v1 ==== 226+0+0 (secure 0 0 0) 0x7f2d14004420 con 0x7f2d241073e0
2026-02-25T16:30:43.346 INFO:teuthology.orchestra.run.trial055.stdout:/usr/bin/ceph: stderr
2026-02-25T16:30:43.207+0000 7f2d0bfff700 1 -- 10.20.193.55:0/125772549 <== mon.0 v2:10.20.193.55:3300/0 2 ==== config(28 keys) v1 ==== 1137+0+0 (secure 0 0 0) 0x7f2d14004580 con 0x7f2d241073e0
2026-02-25T16:30:43.346 INFO:teuthology.orchestra.run.trial055.stdout:/usr/bin/ceph: stderr
2026-02-25T16:30:43.207+0000 7f2d0bfff700 1 -- 10.20.193.55:0/125772549 <== mon.0 v2:10.20.193.55:3300/0 3 ==== mon_map magic: 0 v1 ==== 226+0+0 (secure 0 0 0) 0x7f2d14011940 con 0x7f2d241073e0
2026-02-25T16:30:43.346 INFO:teuthology.orchestra.run.trial055.stdout:/usr/bin/ceph: stderr
2026-02-25T16:30:43.207+0000 7f2d29619700 1 -- 10.20.193.55:0/125772549 --> [v2:10.20.193.55:3300/0,v1:10.20.193.55:6789/0] -- mon_subscribe({mgrmap=0+}) v3 -- 0x7f2d2419cf10 con 0x7f2d241073e0
2026-02-25T16:30:43.346 INFO:teuthology.orchestra.run.trial055.stdout:/usr/bin/ceph: stderr
2026-02-25T16:30:43.207+0000 7f2d29619700 1 -- 10.20.193.55:0/125772549 --> [v2:10.20.193.55:3300/0,v1:10.20.193.55:6789/0] -- mon_subscribe({osdmap=0}) v3 -- 0x7f2d2419d330 con 0x7f2d241073e0
2026-02-25T16:30:43.346 INFO:teuthology.orchestra.run.trial055.stdout:/usr/bin/ceph: stderr
2026-02-25T16:30:43.208+0000 7f2d0bfff700 1 -- 10.20.193.55:0/125772549 <== mon.0 v2:10.20.193.55:3300/0 4 ==== mgrmap(e 8) v1 ==== 45282+0+0 (secure 0 0 0) 0x7f2d14011bc0 con 0x7f2d241073e0
2026-02-25T16:30:43.346 INFO:teuthology.orchestra.run.trial055.stdout:/usr/bin/ceph: stderr
2026-02-25T16:30:43.208+0000 7f2d29619700 1 -- 10.20.193.55:0/125772549 --> [v2:10.20.193.55:3300/0,v1:10.20.193.55:6789/0] -- mon_command({"prefix": "get_command_descriptions"} v 0) v1 -- 0x7f2d2404fa20 con 0x7f2d241073e0
2026-02-25T16:30:43.346 INFO:teuthology.orchestra.run.trial055.stdout:/usr/bin/ceph: stderr
2026-02-25T16:30:43.208+0000 7f2d0bfff700 1 --2- 10.20.193.55:0/125772549 >> [v2:10.20.193.55:6800/2,v1:10.20.193.55:6801/2] conn(0x7f2d0c038300 0x7f2d0c03a7c0 unknown :-1 s=NONE pgs=0 cs=0 l=1 rev1=0 crypto rx=0 tx=0 comp rx=0 tx=0).connect
2026-02-25T16:30:43.346 INFO:teuthology.orchestra.run.trial055.stdout:/usr/bin/ceph: stderr
2026-02-25T16:30:43.208+0000 7f2d0bfff700 1 -- 10.20.193.55:0/125772549 <== mon.0 v2:10.20.193.55:3300/0 5 ==== osd_map(2..2 src has 1..2) v4 ==== 940+0+0 (secure 0 0 0) 0x7f2d1404c670 con 0x7f2d241073e0
2026-02-25T16:30:43.346 INFO:teuthology.orchestra.run.trial055.stdout:/usr/bin/ceph: stderr
2026-02-25T16:30:43.208+0000 7f2d227fc700 1 --2- 10.20.193.55:0/125772549 >> [v2:10.20.193.55:6800/2,v1:10.20.193.55:6801/2] conn(0x7f2d0c038300 0x7f2d0c03a7c0 unknown :-1 s=BANNER_CONNECTING pgs=0 cs=0 l=1 rev1=0 crypto rx=0 tx=0 comp rx=0 tx=0)._handle_peer_banner_payload supported=3 required=0
2026-02-25T16:30:43.346 INFO:teuthology.orchestra.run.trial055.stdout:/usr/bin/ceph: stderr
2026-02-25T16:30:43.208+0000 7f2d227fc700 1 --2- 10.20.193.55:0/125772549 >> [v2:10.20.193.55:6800/2,v1:10.20.193.55:6801/2] conn(0x7f2d0c038300 0x7f2d0c03a7c0 secure :-1 s=READY pgs=13 cs=0 l=1 rev1=1 crypto rx=0x7f2d18006fd0 tx=0x7f2d18006e40 comp rx=0 tx=0).ready entity=mgr.14120 client_cookie=0 server_cookie=0 in_seq=0 out_seq=0
2026-02-25T16:30:43.347 INFO:teuthology.orchestra.run.trial055.stdout:/usr/bin/ceph: stderr
2026-02-25T16:30:43.210+0000 7f2d0bfff700 1 -- 10.20.193.55:0/125772549 <== mon.0 v2:10.20.193.55:3300/0 6 ==== mon_command_ack([{"prefix": "get_command_descriptions"}]=0 v0) v1 ==== 72+0+180422 (secure 0 0 0) 0x7f2d1402ce30 con 0x7f2d241073e0
2026-02-25T16:30:43.347 INFO:teuthology.orchestra.run.trial055.stdout:/usr/bin/ceph: stderr
2026-02-25T16:30:43.310+0000 7f2d29619700 1 -- 10.20.193.55:0/125772549 --> [v2:10.20.193.55:6800/2,v1:10.20.193.55:6801/2] -- mgr_command(tid 0: {"prefix": "orch apply", "service_type": "mgr", "target": ["mon-mgr", ""]}) v1 -- 0x7f2d24102150 con 0x7f2d0c038300
2026-02-25T16:30:43.347 INFO:teuthology.orchestra.run.trial055.stdout:/usr/bin/ceph: stderr
2026-02-25T16:30:43.314+0000 7f2d0bfff700 1 -- 10.20.193.55:0/125772549 <== mgr.14120 v2:10.20.193.55:6800/2 1 ==== mgr_command_reply(tid 0: 0 ) v1 ==== 8+0+24 (secure 0 0 0) 0x7f2d24102150 con 0x7f2d0c038300
2026-02-25T16:30:43.347 INFO:teuthology.orchestra.run.trial055.stdout:/usr/bin/ceph: stderr
2026-02-25T16:30:43.316+0000 7f2d29619700 1 -- 10.20.193.55:0/125772549 >> [v2:10.20.193.55:6800/2,v1:10.20.193.55:6801/2] conn(0x7f2d0c038300 msgr2=0x7f2d0c03a7c0 secure :-1 s=STATE_CONNECTION_ESTABLISHED l=1).mark_down
2026-02-25T16:30:43.347 INFO:teuthology.orchestra.run.trial055.stdout:/usr/bin/ceph: stderr
2026-02-25T16:30:43.316+0000 7f2d29619700 1 --2- 10.20.193.55:0/125772549 >> [v2:10.20.193.55:6800/2,v1:10.20.193.55:6801/2] conn(0x7f2d0c038300 0x7f2d0c03a7c0 secure :-1 s=READY pgs=13 cs=0 l=1 rev1=1 crypto rx=0x7f2d18006fd0 tx=0x7f2d18006e40 comp rx=0 tx=0).stop
2026-02-25T16:30:43.347 INFO:teuthology.orchestra.run.trial055.stdout:/usr/bin/ceph: stderr
2026-02-25T16:30:43.316+0000 7f2d29619700 1 -- 10.20.193.55:0/125772549 >> [v2:10.20.193.55:3300/0,v1:10.20.193.55:6789/0] conn(0x7f2d241073e0 msgr2=0x7f2d2419c7d0 secure :-1 s=STATE_CONNECTION_ESTABLISHED l=1).mark_down
2026-02-25T16:30:43.347 INFO:teuthology.orchestra.run.trial055.stdout:/usr/bin/ceph: stderr
2026-02-25T16:30:43.316+0000 7f2d29619700 1 --2- 10.20.193.55:0/125772549 >> [v2:10.20.193.55:3300/0,v1:10.20.193.55:6789/0] conn(0x7f2d241073e0 0x7f2d2419c7d0 secure :-1 s=READY pgs=50 cs=0 l=1 rev1=1 crypto rx=0x7f2d14006fa0 tx=0x7f2d1400bac0 comp rx=0 tx=0).stop
2026-02-25T16:30:43.347 INFO:teuthology.orchestra.run.trial055.stdout:/usr/bin/ceph: stderr
2026-02-25T16:30:43.316+0000 7f2d29619700 1 -- 10.20.193.55:0/125772549 shutdown_connections
2026-02-25T16:30:43.347 INFO:teuthology.orchestra.run.trial055.stdout:/usr/bin/ceph: stderr
2026-02-25T16:30:43.316+0000 7f2d29619700 1 --2- 10.20.193.55:0/125772549 >> [v2:10.20.193.55:6800/2,v1:10.20.193.55:6801/2] conn(0x7f2d0c038300 0x7f2d0c03a7c0 unknown :-1 s=CLOSED pgs=13 cs=0 l=1 rev1=1 crypto rx=0 tx=0 comp rx=0 tx=0).stop
2026-02-25T16:30:43.347 INFO:teuthology.orchestra.run.trial055.stdout:/usr/bin/ceph: stderr
2026-02-25T16:30:43.316+0000 7f2d29619700 1 --2- 10.20.193.55:0/125772549 >> [v2:10.20.193.55:3300/0,v1:10.20.193.55:6789/0] conn(0x7f2d241073e0 0x7f2d2419c7d0 unknown :-1 s=CLOSED pgs=50 cs=0 l=1 rev1=1 crypto rx=0 tx=0 comp rx=0 tx=0).stop
2026-02-25T16:30:43.347 INFO:teuthology.orchestra.run.trial055.stdout:/usr/bin/ceph: stderr
2026-02-25T16:30:43.316+0000 7f2d29619700 1 -- 10.20.193.55:0/125772549 >> 10.20.193.55:0/125772549 conn(0x7f2d24100dd0 msgr2=0x7f2d24101a40 unknown :-1 s=STATE_NONE l=0).mark_down
2026-02-25T16:30:43.347 INFO:teuthology.orchestra.run.trial055.stdout:/usr/bin/ceph: stderr
2026-02-25T16:30:43.316+0000 7f2d29619700 1 -- 10.20.193.55:0/125772549 shutdown_connections
2026-02-25T16:30:43.348 INFO:teuthology.orchestra.run.trial055.stdout:/usr/bin/ceph: stderr
2026-02-25T16:30:43.316+0000 7f2d29619700 1 -- 10.20.193.55:0/125772549 wait complete.
2026-02-25T16:30:43.348 INFO:teuthology.orchestra.run.trial055.stdout:Deploying crash service with default placement...
2026-02-25T16:30:43.593 INFO:teuthology.orchestra.run.trial055.stdout:/usr/bin/ceph: stdout Scheduled crash update...
2026-02-25T16:30:43.593 INFO:teuthology.orchestra.run.trial055.stdout:/usr/bin/ceph: stderr
2026-02-25T16:30:43.448+0000 7ff6ffd9a700 1 Processor -- start
2026-02-25T16:30:43.593 INFO:teuthology.orchestra.run.trial055.stdout:/usr/bin/ceph: stderr
2026-02-25T16:30:43.448+0000 7ff6ffd9a700 1 -- start start
2026-02-25T16:30:43.593 INFO:teuthology.orchestra.run.trial055.stdout:/usr/bin/ceph: stderr
2026-02-25T16:30:43.448+0000 7ff6ffd9a700 1 --2- >> [v2:10.20.193.55:3300/0,v1:10.20.193.55:6789/0] conn(0x7ff6f8108ae0 0x7ff6f8108f00 unknown :-1 s=NONE pgs=0 cs=0 l=0 rev1=0 crypto rx=0 tx=0 comp rx=0 tx=0).connect
2026-02-25T16:30:43.593 INFO:teuthology.orchestra.run.trial055.stdout:/usr/bin/ceph: stderr
2026-02-25T16:30:43.448+0000 7ff6ffd9a700 1 -- --> [v2:10.20.193.55:3300/0,v1:10.20.193.55:6789/0] -- mon_getmap magic: 0 v1 -- 0x7ff6f81094d0 con 0x7ff6f8108ae0
2026-02-25T16:30:43.593 INFO:teuthology.orchestra.run.trial055.stdout:/usr/bin/ceph: stderr
2026-02-25T16:30:43.448+0000 7ff6fdb36700 1 --2- >> [v2:10.20.193.55:3300/0,v1:10.20.193.55:6789/0] conn(0x7ff6f8108ae0 0x7ff6f8108f00 unknown :-1 s=BANNER_CONNECTING pgs=0 cs=0 l=0 rev1=0 crypto rx=0 tx=0 comp rx=0 tx=0)._handle_peer_banner_payload supported=3 required=0
2026-02-25T16:30:43.593 INFO:teuthology.orchestra.run.trial055.stdout:/usr/bin/ceph: stderr
2026-02-25T16:30:43.448+0000 7ff6fdb36700 1 --2- >> [v2:10.20.193.55:3300/0,v1:10.20.193.55:6789/0] conn(0x7ff6f8108ae0 0x7ff6f8108f00 unknown :-1 s=HELLO_CONNECTING pgs=0 cs=0 l=0 rev1=1 crypto rx=0 tx=0 comp rx=0 tx=0).handle_hello peer v2:10.20.193.55:3300/0 says I am v2:10.20.193.55:49088/0 (socket says 10.20.193.55:49088)
2026-02-25T16:30:43.593 INFO:teuthology.orchestra.run.trial055.stdout:/usr/bin/ceph: stderr
2026-02-25T16:30:43.448+0000 7ff6fdb36700 1 -- 10.20.193.55:0/2860446682 learned_addr learned my addr 10.20.193.55:0/2860446682 (peer_addr_for_me v2:10.20.193.55:0/0)
2026-02-25T16:30:43.594 INFO:teuthology.orchestra.run.trial055.stdout:/usr/bin/ceph: stderr
2026-02-25T16:30:43.448+0000 7ff6fdb36700 1 -- 10.20.193.55:0/2860446682 --> [v2:10.20.193.55:3300/0,v1:10.20.193.55:6789/0] -- mon_subscribe({config=0+,monmap=0+}) v3 -- 0x7ff6f8109ce0 con 0x7ff6f8108ae0
2026-02-25T16:30:43.594 INFO:teuthology.orchestra.run.trial055.stdout:/usr/bin/ceph: stderr
2026-02-25T16:30:43.449+0000 7ff6fdb36700 1 --2- 10.20.193.55:0/2860446682 >> [v2:10.20.193.55:3300/0,v1:10.20.193.55:6789/0] conn(0x7ff6f8108ae0 0x7ff6f8108f00 secure :-1 s=READY pgs=51 cs=0 l=1 rev1=1 crypto rx=0x7ff6f4009a90 tx=0x7ff6f4009da0 comp rx=0 tx=0).ready entity=mon.0 client_cookie=a408ba5e61e6ae9e server_cookie=0 in_seq=0 out_seq=0
2026-02-25T16:30:43.594 INFO:teuthology.orchestra.run.trial055.stdout:/usr/bin/ceph: stderr
2026-02-25T16:30:43.449+0000 7ff6fcb34700 1 -- 10.20.193.55:0/2860446682 <== mon.0 v2:10.20.193.55:3300/0 1 ==== mon_map magic: 0 v1 ==== 226+0+0 (secure 0 0 0) 0x7ff6f4004180 con 0x7ff6f8108ae0
2026-02-25T16:30:43.594 INFO:teuthology.orchestra.run.trial055.stdout:/usr/bin/ceph: stderr
2026-02-25T16:30:43.449+0000 7ff6fcb34700 1 -- 10.20.193.55:0/2860446682 <== mon.0 v2:10.20.193.55:3300/0 2 ==== config(28 keys) v1 ==== 1137+0+0 (secure 0 0 0) 0x7ff6f400bcc0 con 0x7ff6f8108ae0
2026-02-25T16:30:43.594 INFO:teuthology.orchestra.run.trial055.stdout:/usr/bin/ceph: stderr
2026-02-25T16:30:43.449+0000 7ff6fcb34700 1 -- 10.20.193.55:0/2860446682 <== mon.0 v2:10.20.193.55:3300/0 3 ==== mon_map magic: 0 v1 ==== 226+0+0 (secure 0 0 0) 0x7ff6f4003d40 con 0x7ff6f8108ae0
2026-02-25T16:30:43.594 INFO:teuthology.orchestra.run.trial055.stdout:/usr/bin/ceph: stderr
2026-02-25T16:30:43.449+0000 7ff6ffd9a700 1 -- 10.20.193.55:0/2860446682 >> [v2:10.20.193.55:3300/0,v1:10.20.193.55:6789/0] conn(0x7ff6f8108ae0 msgr2=0x7ff6f8108f00 secure :-1 s=STATE_CONNECTION_ESTABLISHED l=1).mark_down
2026-02-25T16:30:43.594 INFO:teuthology.orchestra.run.trial055.stdout:/usr/bin/ceph: stderr
2026-02-25T16:30:43.449+0000 7ff6ffd9a700 1 --2- 10.20.193.55:0/2860446682 >> [v2:10.20.193.55:3300/0,v1:10.20.193.55:6789/0] conn(0x7ff6f8108ae0 0x7ff6f8108f00 secure :-1 s=READY pgs=51 cs=0 l=1 rev1=1 crypto rx=0x7ff6f4009a90 tx=0x7ff6f4009da0 comp rx=0 tx=0).stop
2026-02-25T16:30:43.595 INFO:teuthology.orchestra.run.trial055.stdout:/usr/bin/ceph: stderr
2026-02-25T16:30:43.449+0000 7ff6ffd9a700 1 -- 10.20.193.55:0/2860446682 shutdown_connections
2026-02-25T16:30:43.595 INFO:teuthology.orchestra.run.trial055.stdout:/usr/bin/ceph: stderr
2026-02-25T16:30:43.449+0000 7ff6ffd9a700 1 --2- 10.20.193.55:0/2860446682 >> [v2:10.20.193.55:3300/0,v1:10.20.193.55:6789/0] conn(0x7ff6f8108ae0 0x7ff6f8108f00 unknown :-1 s=CLOSED pgs=51 cs=0 l=1 rev1=1 crypto rx=0 tx=0 comp rx=0 tx=0).stop
2026-02-25T16:30:43.595 INFO:teuthology.orchestra.run.trial055.stdout:/usr/bin/ceph: stderr
2026-02-25T16:30:43.449+0000 7ff6ffd9a700 1 -- 10.20.193.55:0/2860446682 >> 10.20.193.55:0/2860446682 conn(0x7ff6f807bea0 msgr2=0x7ff6f81064c0 unknown :-1 s=STATE_NONE l=0).mark_down
2026-02-25T16:30:43.595 INFO:teuthology.orchestra.run.trial055.stdout:/usr/bin/ceph: stderr
2026-02-25T16:30:43.449+0000 7ff6ffd9a700 1 -- 10.20.193.55:0/2860446682 shutdown_connections
2026-02-25T16:30:43.595 INFO:teuthology.orchestra.run.trial055.stdout:/usr/bin/ceph: stderr
2026-02-25T16:30:43.449+0000 7ff6ffd9a700 1 -- 10.20.193.55:0/2860446682 wait complete.
2026-02-25T16:30:43.595 INFO:teuthology.orchestra.run.trial055.stdout:/usr/bin/ceph: stderr
2026-02-25T16:30:43.449+0000 7ff6ffd9a700 1 Processor -- start
2026-02-25T16:30:43.595 INFO:teuthology.orchestra.run.trial055.stdout:/usr/bin/ceph: stderr
2026-02-25T16:30:43.449+0000 7ff6ffd9a700 1 -- start start
2026-02-25T16:30:43.595 INFO:teuthology.orchestra.run.trial055.stdout:/usr/bin/ceph: stderr
2026-02-25T16:30:43.450+0000 7ff6ffd9a700 1 --2- >> [v2:10.20.193.55:3300/0,v1:10.20.193.55:6789/0] conn(0x7ff6f8108ae0 0x7ff6f819c810 unknown :-1 s=NONE pgs=0 cs=0 l=1 rev1=0 crypto rx=0 tx=0 comp rx=0 tx=0).connect
2026-02-25T16:30:43.595 INFO:teuthology.orchestra.run.trial055.stdout:/usr/bin/ceph: stderr
2026-02-25T16:30:43.450+0000 7ff6ffd9a700 1 -- --> [v2:10.20.193.55:3300/0,v1:10.20.193.55:6789/0] -- mon_getmap magic: 0 v1 -- 0x7ff6f819cd50 con 0x7ff6f8108ae0
2026-02-25T16:30:43.596 INFO:teuthology.orchestra.run.trial055.stdout:/usr/bin/ceph: stderr
2026-02-25T16:30:43.450+0000 7ff6fdb36700 1 --2- >> [v2:10.20.193.55:3300/0,v1:10.20.193.55:6789/0] conn(0x7ff6f8108ae0 0x7ff6f819c810 unknown :-1 s=BANNER_CONNECTING pgs=0 cs=0 l=1 rev1=0 crypto rx=0 tx=0 comp rx=0 tx=0)._handle_peer_banner_payload supported=3 required=0
2026-02-25T16:30:43.596 INFO:teuthology.orchestra.run.trial055.stdout:/usr/bin/ceph: stderr
2026-02-25T16:30:43.450+0000 7ff6fdb36700 1 --2- >> [v2:10.20.193.55:3300/0,v1:10.20.193.55:6789/0] conn(0x7ff6f8108ae0 0x7ff6f819c810 unknown :-1 s=HELLO_CONNECTING pgs=0 cs=0 l=1 rev1=1 crypto rx=0 tx=0 comp rx=0 tx=0).handle_hello peer v2:10.20.193.55:3300/0 says I am v2:10.20.193.55:49094/0 (socket says 10.20.193.55:49094)
2026-02-25T16:30:43.596 INFO:teuthology.orchestra.run.trial055.stdout:/usr/bin/ceph: stderr
2026-02-25T16:30:43.450+0000 7ff6fdb36700 1 -- 10.20.193.55:0/3762181893 learned_addr learned my addr 10.20.193.55:0/3762181893 (peer_addr_for_me v2:10.20.193.55:0/0)
2026-02-25T16:30:43.596 INFO:teuthology.orchestra.run.trial055.stdout:/usr/bin/ceph: stderr
2026-02-25T16:30:43.450+0000 7ff6fdb36700 1 -- 10.20.193.55:0/3762181893 --> [v2:10.20.193.55:3300/0,v1:10.20.193.55:6789/0] -- mon_subscribe({config=0+,monmap=0+}) v3 -- 0x7ff6f4009740 con 0x7ff6f8108ae0
2026-02-25T16:30:43.596 INFO:teuthology.orchestra.run.trial055.stdout:/usr/bin/ceph: stderr
2026-02-25T16:30:43.450+0000 7ff6fdb36700 1 --2- 10.20.193.55:0/3762181893 >> [v2:10.20.193.55:3300/0,v1:10.20.193.55:6789/0] conn(0x7ff6f8108ae0 0x7ff6f819c810 secure :-1 s=READY pgs=52 cs=0 l=1 rev1=1 crypto rx=0x7ff6f4000c00 tx=0x7ff6f400bac0 comp rx=0 tx=0).ready entity=mon.0 client_cookie=0 server_cookie=0 in_seq=0 out_seq=0
2026-02-25T16:30:43.596 INFO:teuthology.orchestra.run.trial055.stdout:/usr/bin/ceph: stderr
2026-02-25T16:30:43.450+0000 7ff6eeffd700 1 -- 10.20.193.55:0/3762181893 <== mon.0 v2:10.20.193.55:3300/0 1 ==== mon_map magic: 0 v1 ==== 226+0+0 (secure 0 0 0) 0x7ff6f4004420 con 0x7ff6f8108ae0
2026-02-25T16:30:43.596 INFO:teuthology.orchestra.run.trial055.stdout:/usr/bin/ceph: stderr
2026-02-25T16:30:43.450+0000 7ff6eeffd700 1 -- 10.20.193.55:0/3762181893 <== mon.0 v2:10.20.193.55:3300/0 2 ==== config(28 keys) v1 ==== 1137+0+0 (secure 0 0 0) 0x7ff6f4004580 con 0x7ff6f8108ae0
2026-02-25T16:30:43.596 INFO:teuthology.orchestra.run.trial055.stdout:/usr/bin/ceph: stderr
2026-02-25T16:30:43.450+0000 7ff6ffd9a700 1 -- 10.20.193.55:0/3762181893 --> [v2:10.20.193.55:3300/0,v1:10.20.193.55:6789/0] -- mon_subscribe({mgrmap=0+}) v3 -- 0x7ff6f819cf50 con 0x7ff6f8108ae0
2026-02-25T16:30:43.596 INFO:teuthology.orchestra.run.trial055.stdout:/usr/bin/ceph: stderr
2026-02-25T16:30:43.450+0000 7ff6eeffd700 1 -- 10.20.193.55:0/3762181893 <== mon.0 v2:10.20.193.55:3300/0 3 ==== mon_map magic: 0 v1 ==== 226+0+0 (secure 0 0 0) 0x7ff6f40118b0 con 0x7ff6f8108ae0
2026-02-25T16:30:43.596 INFO:teuthology.orchestra.run.trial055.stdout:/usr/bin/ceph: stderr
2026-02-25T16:30:43.450+0000 7ff6ffd9a700 1 -- 10.20.193.55:0/3762181893 --> [v2:10.20.193.55:3300/0,v1:10.20.193.55:6789/0] -- mon_subscribe({osdmap=0}) v3 -- 0x7ff6f819d370 con 0x7ff6f8108ae0
2026-02-25T16:30:43.596 INFO:teuthology.orchestra.run.trial055.stdout:/usr/bin/ceph: stderr
2026-02-25T16:30:43.450+0000 7ff6eeffd700 1 -- 10.20.193.55:0/3762181893 <== mon.0 v2:10.20.193.55:3300/0 4 ==== mgrmap(e 8) v1 ==== 45282+0+0 (secure 0 0 0) 0x7ff6f4011b20 con 0x7ff6f8108ae0
2026-02-25T16:30:43.596 INFO:teuthology.orchestra.run.trial055.stdout:/usr/bin/ceph: stderr
2026-02-25T16:30:43.451+0000 7ff6ffd9a700 1 -- 10.20.193.55:0/3762181893 --> [v2:10.20.193.55:3300/0,v1:10.20.193.55:6789/0] -- mon_command({"prefix": "get_command_descriptions"} v 0) v1 -- 0x7ff6f804fa20 con 0x7ff6f8108ae0
2026-02-25T16:30:43.596 INFO:teuthology.orchestra.run.trial055.stdout:/usr/bin/ceph: stderr
2026-02-25T16:30:43.451+0000 7ff6eeffd700 1 --2- 10.20.193.55:0/3762181893 >> [v2:10.20.193.55:6800/2,v1:10.20.193.55:6801/2] conn(0x7ff6e4038350 0x7ff6e403a810 unknown :-1 s=NONE pgs=0 cs=0 l=1 rev1=0 crypto rx=0 tx=0 comp rx=0 tx=0).connect
2026-02-25T16:30:43.597 INFO:teuthology.orchestra.run.trial055.stdout:/usr/bin/ceph: stderr
2026-02-25T16:30:43.451+0000 7ff6eeffd700 1 -- 10.20.193.55:0/3762181893 <== mon.0 v2:10.20.193.55:3300/0 5 ==== osd_map(2..2 src has 1..2) v4 ==== 940+0+0 (secure 0 0 0) 0x7ff6f404c6a0 con 0x7ff6f8108ae0
2026-02-25T16:30:43.597 INFO:teuthology.orchestra.run.trial055.stdout:/usr/bin/ceph: stderr
2026-02-25T16:30:43.451+0000 7ff6fd335700 1 --2- 10.20.193.55:0/3762181893 >> [v2:10.20.193.55:6800/2,v1:10.20.193.55:6801/2] conn(0x7ff6e4038350 0x7ff6e403a810 unknown :-1 s=BANNER_CONNECTING pgs=0 cs=0 l=1 rev1=0 crypto rx=0 tx=0 comp rx=0 tx=0)._handle_peer_banner_payload supported=3 required=0
2026-02-25T16:30:43.597 INFO:teuthology.orchestra.run.trial055.stdout:/usr/bin/ceph: stderr
2026-02-25T16:30:43.451+0000 7ff6fd335700 1 --2- 10.20.193.55:0/3762181893 >> [v2:10.20.193.55:6800/2,v1:10.20.193.55:6801/2] conn(0x7ff6e4038350 0x7ff6e403a810 secure :-1 s=READY pgs=14 cs=0 l=1 rev1=1 crypto rx=0x7ff6e8006fd0 tx=0x7ff6e8006e40 comp rx=0 tx=0).ready entity=mgr.14120 client_cookie=0 server_cookie=0 in_seq=0 out_seq=0
2026-02-25T16:30:43.597 INFO:teuthology.orchestra.run.trial055.stdout:/usr/bin/ceph: stderr
2026-02-25T16:30:43.453+0000 7ff6eeffd700 1 -- 10.20.193.55:0/3762181893 <== mon.0 v2:10.20.193.55:3300/0 6 ==== mon_command_ack([{"prefix": "get_command_descriptions"}]=0 v0) v1 ==== 72+0+180422 (secure 0 0 0) 0x7ff6f4011dd0 con 0x7ff6f8108ae0
2026-02-25T16:30:43.597 INFO:teuthology.orchestra.run.trial055.stdout:/usr/bin/ceph: stderr
2026-02-25T16:30:43.556+0000 7ff6ffd9a700 1 -- 10.20.193.55:0/3762181893 --> [v2:10.20.193.55:6800/2,v1:10.20.193.55:6801/2] -- mgr_command(tid 0: {"prefix": "orch apply", "service_type": "crash", "target": ["mon-mgr", ""]}) v1 -- 0x7ff6f8105480 con 0x7ff6e4038350
2026-02-25T16:30:43.597 INFO:teuthology.orchestra.run.trial055.stdout:/usr/bin/ceph: stderr
2026-02-25T16:30:43.559+0000 7ff6eeffd700 1 -- 10.20.193.55:0/3762181893 <== mgr.14120 v2:10.20.193.55:6800/2 1 ==== mgr_command_reply(tid 0: 0 ) v1 ==== 8+0+26 (secure 0 0 0) 0x7ff6f8105480 con 0x7ff6e4038350
2026-02-25T16:30:43.597 INFO:teuthology.orchestra.run.trial055.stdout:/usr/bin/ceph: stderr
2026-02-25T16:30:43.560+0000 7ff6ffd9a700 1 -- 10.20.193.55:0/3762181893 >> [v2:10.20.193.55:6800/2,v1:10.20.193.55:6801/2] conn(0x7ff6e4038350 msgr2=0x7ff6e403a810 secure :-1 s=STATE_CONNECTION_ESTABLISHED l=1).mark_down
2026-02-25T16:30:43.597 INFO:teuthology.orchestra.run.trial055.stdout:/usr/bin/ceph: stderr
2026-02-25T16:30:43.560+0000 7ff6ffd9a700 1 --2- 10.20.193.55:0/3762181893 >> [v2:10.20.193.55:6800/2,v1:10.20.193.55:6801/2] conn(0x7ff6e4038350 0x7ff6e403a810 secure :-1 s=READY pgs=14 cs=0 l=1 rev1=1 crypto rx=0x7ff6e8006fd0 tx=0x7ff6e8006e40 comp rx=0 tx=0).stop
2026-02-25T16:30:43.597 INFO:teuthology.orchestra.run.trial055.stdout:/usr/bin/ceph: stderr
2026-02-25T16:30:43.560+0000 7ff6ffd9a700 1 -- 10.20.193.55:0/3762181893 >> [v2:10.20.193.55:3300/0,v1:10.20.193.55:6789/0] conn(0x7ff6f8108ae0 msgr2=0x7ff6f819c810 secure :-1 s=STATE_CONNECTION_ESTABLISHED l=1).mark_down
2026-02-25T16:30:43.597 INFO:teuthology.orchestra.run.trial055.stdout:/usr/bin/ceph: stderr
2026-02-25T16:30:43.560+0000 7ff6ffd9a700 1 --2- 10.20.193.55:0/3762181893 >> [v2:10.20.193.55:3300/0,v1:10.20.193.55:6789/0] conn(0x7ff6f8108ae0 0x7ff6f819c810 secure :-1 s=READY pgs=52 cs=0 l=1 rev1=1 crypto rx=0x7ff6f4000c00 tx=0x7ff6f400bac0 comp rx=0 tx=0).stop
2026-02-25T16:30:43.597 INFO:teuthology.orchestra.run.trial055.stdout:/usr/bin/ceph: stderr
2026-02-25T16:30:43.561+0000 7ff6ffd9a700 1 -- 10.20.193.55:0/3762181893 shutdown_connections
2026-02-25T16:30:43.598 INFO:teuthology.orchestra.run.trial055.stdout:/usr/bin/ceph: stderr
2026-02-25T16:30:43.561+0000 7ff6ffd9a700 1 --2- 10.20.193.55:0/3762181893 >> [v2:10.20.193.55:6800/2,v1:10.20.193.55:6801/2] conn(0x7ff6e4038350 0x7ff6e403a810 unknown :-1 s=CLOSED pgs=14 cs=0 l=1 rev1=1 crypto rx=0 tx=0 comp rx=0 tx=0).stop
2026-02-25T16:30:43.598 INFO:teuthology.orchestra.run.trial055.stdout:/usr/bin/ceph: stderr
2026-02-25T16:30:43.561+0000 7ff6ffd9a700 1 --2- 10.20.193.55:0/3762181893 >> [v2:10.20.193.55:3300/0,v1:10.20.193.55:6789/0] conn(0x7ff6f8108ae0 0x7ff6f819c810 unknown :-1 s=CLOSED pgs=52 cs=0 l=1 rev1=1 crypto rx=0 tx=0 comp rx=0 tx=0).stop
2026-02-25T16:30:43.598 INFO:teuthology.orchestra.run.trial055.stdout:/usr/bin/ceph: stderr
2026-02-25T16:30:43.561+0000 7ff6ffd9a700 1 -- 10.20.193.55:0/3762181893 >> 10.20.193.55:0/3762181893 conn(0x7ff6f807bea0 msgr2=0x7ff6f8104d70 unknown :-1 s=STATE_NONE l=0).mark_down
2026-02-25T16:30:43.598 INFO:teuthology.orchestra.run.trial055.stdout:/usr/bin/ceph: stderr
2026-02-25T16:30:43.561+0000 7ff6ffd9a700 1 -- 10.20.193.55:0/3762181893 shutdown_connections
2026-02-25T16:30:43.598 INFO:teuthology.orchestra.run.trial055.stdout:/usr/bin/ceph: stderr
2026-02-25T16:30:43.561+0000 7ff6ffd9a700 1 -- 10.20.193.55:0/3762181893 wait complete.
2026-02-25T16:30:43.598 INFO:teuthology.orchestra.run.trial055.stdout:Deploying ceph-exporter service with default placement...
2026-02-25T16:30:43.839 INFO:teuthology.orchestra.run.trial055.stdout:/usr/bin/ceph: stdout Scheduled ceph-exporter update...
2026-02-25T16:30:43.839 INFO:teuthology.orchestra.run.trial055.stdout:/usr/bin/ceph: stderr
2026-02-25T16:30:43.701+0000 7fea02972700 1 Processor -- start
2026-02-25T16:30:43.839 INFO:teuthology.orchestra.run.trial055.stdout:/usr/bin/ceph: stderr
2026-02-25T16:30:43.701+0000 7fea02972700 1 -- start start
2026-02-25T16:30:43.839 INFO:teuthology.orchestra.run.trial055.stdout:/usr/bin/ceph: stderr
2026-02-25T16:30:43.701+0000 7fea02972700 1 --2- >> [v2:10.20.193.55:3300/0,v1:10.20.193.55:6789/0] conn(0x7fe9fc108b20 0x7fe9fc108f40 unknown :-1 s=NONE pgs=0 cs=0 l=0 rev1=0 crypto rx=0 tx=0 comp rx=0 tx=0).connect
2026-02-25T16:30:43.840 INFO:teuthology.orchestra.run.trial055.stdout:/usr/bin/ceph: stderr
2026-02-25T16:30:43.701+0000 7fea02972700 1 -- --> [v2:10.20.193.55:3300/0,v1:10.20.193.55:6789/0] -- mon_getmap magic: 0 v1 -- 0x7fe9fc109510 con 0x7fe9fc108b20
2026-02-25T16:30:43.840 INFO:teuthology.orchestra.run.trial055.stdout:/usr/bin/ceph: stderr
2026-02-25T16:30:43.701+0000 7fe9fbfff700 1 --2- >> [v2:10.20.193.55:3300/0,v1:10.20.193.55:6789/0] conn(0x7fe9fc108b20 0x7fe9fc108f40 unknown :-1 s=BANNER_CONNECTING pgs=0 cs=0 l=0 rev1=0 crypto rx=0 tx=0 comp rx=0 tx=0)._handle_peer_banner_payload supported=3 required=0
2026-02-25T16:30:43.840 INFO:teuthology.orchestra.run.trial055.stdout:/usr/bin/ceph: stderr
2026-02-25T16:30:43.701+0000 7fe9fbfff700 1 --2- >> [v2:10.20.193.55:3300/0,v1:10.20.193.55:6789/0] conn(0x7fe9fc108b20 0x7fe9fc108f40 unknown :-1 s=HELLO_CONNECTING pgs=0 cs=0 l=0 rev1=1 crypto rx=0 tx=0 comp rx=0 tx=0).handle_hello peer v2:10.20.193.55:3300/0 says I am v2:10.20.193.55:49096/0 (socket says 10.20.193.55:49096)
2026-02-25T16:30:43.840 INFO:teuthology.orchestra.run.trial055.stdout:/usr/bin/ceph: stderr
2026-02-25T16:30:43.701+0000 7fe9fbfff700 1 -- 10.20.193.55:0/786564198 learned_addr learned my addr 10.20.193.55:0/786564198 (peer_addr_for_me v2:10.20.193.55:0/0)
2026-02-25T16:30:43.840 INFO:teuthology.orchestra.run.trial055.stdout:/usr/bin/ceph: stderr
2026-02-25T16:30:43.701+0000 7fe9fbfff700 1 -- 10.20.193.55:0/786564198 --> [v2:10.20.193.55:3300/0,v1:10.20.193.55:6789/0] -- mon_subscribe({config=0+,monmap=0+}) v3 -- 0x7fe9fc109d20 con 0x7fe9fc108b20
2026-02-25T16:30:43.840 INFO:teuthology.orchestra.run.trial055.stdout:/usr/bin/ceph: stderr
2026-02-25T16:30:43.701+0000 7fe9fbfff700 1 --2- 10.20.193.55:0/786564198 >> [v2:10.20.193.55:3300/0,v1:10.20.193.55:6789/0] conn(0x7fe9fc108b20 0x7fe9fc108f40 secure :-1 s=READY pgs=53 cs=0 l=1 rev1=1 crypto rx=0x7fe9ec009a90 tx=0x7fe9ec009da0 comp rx=0 tx=0).ready entity=mon.0 client_cookie=3b4ea866e4ea22e8 server_cookie=0 in_seq=0 out_seq=0
2026-02-25T16:30:43.840 INFO:teuthology.orchestra.run.trial055.stdout:/usr/bin/ceph: stderr
2026-02-25T16:30:43.701+0000 7fe9faffd700 1 -- 10.20.193.55:0/786564198 <== mon.0 v2:10.20.193.55:3300/0 1 ==== mon_map magic: 0 v1 ==== 226+0+0 (secure 0 0 0) 0x7fe9ec004180 con 0x7fe9fc108b20
2026-02-25T16:30:43.840 INFO:teuthology.orchestra.run.trial055.stdout:/usr/bin/ceph: stderr
2026-02-25T16:30:43.701+0000 7fe9faffd700 1 -- 10.20.193.55:0/786564198 <== mon.0 v2:10.20.193.55:3300/0 2 ==== config(28 keys) v1 ==== 1137+0+0 (secure 0 0 0) 0x7fe9ec00bcc0 con 0x7fe9fc108b20
2026-02-25T16:30:43.840 INFO:teuthology.orchestra.run.trial055.stdout:/usr/bin/ceph: stderr
2026-02-25T16:30:43.701+0000 7fe9faffd700 1 -- 10.20.193.55:0/786564198 <== mon.0 v2:10.20.193.55:3300/0 3 ==== mon_map magic: 0 v1 ==== 226+0+0 (secure 0 0 0) 0x7fe9ec003d40 con 0x7fe9fc108b20
2026-02-25T16:30:43.840 INFO:teuthology.orchestra.run.trial055.stdout:/usr/bin/ceph: stderr
2026-02-25T16:30:43.702+0000 7fea02972700 1 -- 10.20.193.55:0/786564198 >> [v2:10.20.193.55:3300/0,v1:10.20.193.55:6789/0] conn(0x7fe9fc108b20 msgr2=0x7fe9fc108f40 secure :-1 s=STATE_CONNECTION_ESTABLISHED l=1).mark_down
2026-02-25T16:30:43.840 INFO:teuthology.orchestra.run.trial055.stdout:/usr/bin/ceph: stderr
2026-02-25T16:30:43.702+0000 7fea02972700 1 --2- 10.20.193.55:0/786564198 >> [v2:10.20.193.55:3300/0,v1:10.20.193.55:6789/0] conn(0x7fe9fc108b20 0x7fe9fc108f40 secure :-1 s=READY pgs=53 cs=0 l=1 rev1=1 crypto rx=0x7fe9ec009a90 tx=0x7fe9ec009da0 comp rx=0 tx=0).stop
2026-02-25T16:30:43.840 INFO:teuthology.orchestra.run.trial055.stdout:/usr/bin/ceph: stderr
2026-02-25T16:30:43.702+0000 7fea02972700 1 -- 10.20.193.55:0/786564198 shutdown_connections
2026-02-25T16:30:43.841 INFO:teuthology.orchestra.run.trial055.stdout:/usr/bin/ceph: stderr
2026-02-25T16:30:43.702+0000 7fea02972700 1 --2- 10.20.193.55:0/786564198 >> [v2:10.20.193.55:3300/0,v1:10.20.193.55:6789/0] conn(0x7fe9fc108b20 0x7fe9fc108f40 unknown :-1 s=CLOSED pgs=53 cs=0 l=1 rev1=1 crypto rx=0 tx=0 comp rx=0 tx=0).stop
2026-02-25T16:30:43.841 INFO:teuthology.orchestra.run.trial055.stdout:/usr/bin/ceph: stderr
2026-02-25T16:30:43.702+0000 7fea02972700 1 -- 10.20.193.55:0/786564198 >> 10.20.193.55:0/786564198 conn(0x7fe9fc1044b0 msgr2=0x7fe9fc1068a0 unknown :-1 s=STATE_NONE l=0).mark_down
2026-02-25T16:30:43.841 INFO:teuthology.orchestra.run.trial055.stdout:/usr/bin/ceph: stderr
2026-02-25T16:30:43.702+0000 7fea02972700 1 -- 10.20.193.55:0/786564198 shutdown_connections
2026-02-25T16:30:43.841 INFO:teuthology.orchestra.run.trial055.stdout:/usr/bin/ceph: stderr
2026-02-25T16:30:43.702+0000 7fea02972700 1 -- 10.20.193.55:0/786564198 wait complete.
2026-02-25T16:30:43.841 INFO:teuthology.orchestra.run.trial055.stdout:/usr/bin/ceph: stderr
2026-02-25T16:30:43.702+0000 7fea02972700 1 Processor -- start
2026-02-25T16:30:43.841 INFO:teuthology.orchestra.run.trial055.stdout:/usr/bin/ceph: stderr
2026-02-25T16:30:43.702+0000 7fea02972700 1 -- start start
2026-02-25T16:30:43.841 INFO:teuthology.orchestra.run.trial055.stdout:/usr/bin/ceph: stderr
2026-02-25T16:30:43.702+0000 7fea02972700 1 --2- >> [v2:10.20.193.55:3300/0,v1:10.20.193.55:6789/0] conn(0x7fe9fc108b20 0x7fe9fc19c960 unknown :-1 s=NONE pgs=0 cs=0 l=1 rev1=0 crypto rx=0 tx=0 comp rx=0 tx=0).connect
2026-02-25T16:30:43.841 INFO:teuthology.orchestra.run.trial055.stdout:/usr/bin/ceph: stderr
2026-02-25T16:30:43.702+0000 7fea02972700 1 -- --> [v2:10.20.193.55:3300/0,v1:10.20.193.55:6789/0] -- mon_getmap magic: 0 v1 -- 0x7fe9fc19cea0 con 0x7fe9fc108b20
2026-02-25T16:30:43.841 INFO:teuthology.orchestra.run.trial055.stdout:/usr/bin/ceph: stderr
2026-02-25T16:30:43.702+0000 7fe9fbfff700 1 --2- >> [v2:10.20.193.55:3300/0,v1:10.20.193.55:6789/0] conn(0x7fe9fc108b20 0x7fe9fc19c960 unknown :-1 s=BANNER_CONNECTING pgs=0 cs=0 l=1 rev1=0 crypto rx=0 tx=0 comp rx=0 tx=0)._handle_peer_banner_payload supported=3 required=0
2026-02-25T16:30:43.841 INFO:teuthology.orchestra.run.trial055.stdout:/usr/bin/ceph: stderr
2026-02-25T16:30:43.702+0000 7fe9fbfff700 1 --2- >> [v2:10.20.193.55:3300/0,v1:10.20.193.55:6789/0] conn(0x7fe9fc108b20 0x7fe9fc19c960 unknown :-1 s=HELLO_CONNECTING pgs=0 cs=0 l=1 rev1=1 crypto rx=0 tx=0 comp rx=0 tx=0).handle_hello peer v2:10.20.193.55:3300/0 says I am v2:10.20.193.55:49100/0 (socket says 10.20.193.55:49100)
2026-02-25T16:30:43.841 INFO:teuthology.orchestra.run.trial055.stdout:/usr/bin/ceph: stderr
2026-02-25T16:30:43.702+0000 7fe9fbfff700 1 -- 10.20.193.55:0/1553137442 learned_addr learned my addr 10.20.193.55:0/1553137442 (peer_addr_for_me v2:10.20.193.55:0/0)
2026-02-25T16:30:43.841 INFO:teuthology.orchestra.run.trial055.stdout:/usr/bin/ceph: stderr
2026-02-25T16:30:43.702+0000 7fe9fbfff700 1 -- 10.20.193.55:0/1553137442 --> [v2:10.20.193.55:3300/0,v1:10.20.193.55:6789/0] -- mon_subscribe({config=0+,monmap=0+}) v3 -- 0x7fe9ec009740 con 0x7fe9fc108b20
2026-02-25T16:30:43.841 INFO:teuthology.orchestra.run.trial055.stdout:/usr/bin/ceph: stderr
2026-02-25T16:30:43.703+0000 7fe9fbfff700 1 --2- 10.20.193.55:0/1553137442 >> [v2:10.20.193.55:3300/0,v1:10.20.193.55:6789/0] conn(0x7fe9fc108b20 0x7fe9fc19c960 secure :-1 s=READY pgs=54 cs=0 l=1 rev1=1 crypto rx=0x7fe9ec00b440 tx=0x7fe9ec00bb30 comp rx=0 tx=0).ready entity=mon.0 client_cookie=0 server_cookie=0 in_seq=0 out_seq=0
2026-02-25T16:30:43.841 INFO:teuthology.orchestra.run.trial055.stdout:/usr/bin/ceph: stderr
2026-02-25T16:30:43.703+0000 7fe9f97fa700 1 -- 10.20.193.55:0/1553137442 <== mon.0 v2:10.20.193.55:3300/0 1 ==== mon_map magic: 0 v1 ==== 226+0+0 (secure 0 0 0) 0x7fe9ec0043e0 con 0x7fe9fc108b20
2026-02-25T16:30:43.842 INFO:teuthology.orchestra.run.trial055.stdout:/usr/bin/ceph: stderr
2026-02-25T16:30:43.703+0000 7fea02972700 1 -- 10.20.193.55:0/1553137442 --> [v2:10.20.193.55:3300/0,v1:10.20.193.55:6789/0] -- mon_subscribe({mgrmap=0+}) v3 -- 0x7fe9fc19d0a0 con 0x7fe9fc108b20
2026-02-25T16:30:43.842 INFO:teuthology.orchestra.run.trial055.stdout:/usr/bin/ceph: stderr
2026-02-25T16:30:43.703+0000 7fe9f97fa700 1 -- 10.20.193.55:0/1553137442 <== mon.0 v2:10.20.193.55:3300/0 2 ==== config(28 keys) v1 ==== 1137+0+0 (secure 0 0 0) 0x7fe9ec004540 con 0x7fe9fc108b20
2026-02-25T16:30:43.842 INFO:teuthology.orchestra.run.trial055.stdout:/usr/bin/ceph: stderr
2026-02-25T16:30:43.703+0000 7fe9f97fa700 1 -- 10.20.193.55:0/1553137442 <== mon.0 v2:10.20.193.55:3300/0 3 ==== mon_map magic: 0 v1 ==== 226+0+0 (secure 0 0 0) 0x7fe9ec011900 con 0x7fe9fc108b20
2026-02-25T16:30:43.842 INFO:teuthology.orchestra.run.trial055.stdout:/usr/bin/ceph: stderr
2026-02-25T16:30:43.703+0000 7fea02972700 1 -- 10.20.193.55:0/1553137442 --> [v2:10.20.193.55:3300/0,v1:10.20.193.55:6789/0] -- mon_subscribe({osdmap=0}) v3 -- 0x7fe9fc19d4c0 con 0x7fe9fc108b20
2026-02-25T16:30:43.842 INFO:teuthology.orchestra.run.trial055.stdout:/usr/bin/ceph: stderr
2026-02-25T16:30:43.703+0000 7fea02972700 1 -- 10.20.193.55:0/1553137442 --> [v2:10.20.193.55:3300/0,v1:10.20.193.55:6789/0] -- mon_command({"prefix": "get_command_descriptions"} v 0) v1 -- 0x7fe9fc07c0c0 con 0x7fe9fc108b20
2026-02-25T16:30:43.842 INFO:teuthology.orchestra.run.trial055.stdout:/usr/bin/ceph: stderr
2026-02-25T16:30:43.703+0000 7fe9f97fa700 1 -- 10.20.193.55:0/1553137442 <== mon.0 v2:10.20.193.55:3300/0 4 ==== mgrmap(e 8) v1 ==== 45282+0+0 (secure 0 0 0) 0x7fe9ec011b30 con 0x7fe9fc108b20
2026-02-25T16:30:43.842 INFO:teuthology.orchestra.run.trial055.stdout:/usr/bin/ceph: stderr
2026-02-25T16:30:43.704+0000 7fe9f97fa700 1 --2- 10.20.193.55:0/1553137442 >> [v2:10.20.193.55:6800/2,v1:10.20.193.55:6801/2] conn(0x7fe9e4038300 0x7fe9e403a7c0 unknown :-1 s=NONE pgs=0 cs=0 l=1 rev1=0 crypto rx=0 tx=0 comp rx=0 tx=0).connect
2026-02-25T16:30:43.842 INFO:teuthology.orchestra.run.trial055.stdout:/usr/bin/ceph: stderr
2026-02-25T16:30:43.704+0000 7fe9f97fa700 1 -- 10.20.193.55:0/1553137442 <== mon.0 v2:10.20.193.55:3300/0 5 ==== osd_map(2..2 src has 1..2) v4 ==== 940+0+0 (secure 0 0 0) 0x7fe9ec04c830 con 0x7fe9fc108b20
2026-02-25T16:30:43.842 INFO:teuthology.orchestra.run.trial055.stdout:/usr/bin/ceph: stderr
2026-02-25T16:30:43.704+0000 7fe9fb7fe700 1 --2- 10.20.193.55:0/1553137442 >> [v2:10.20.193.55:6800/2,v1:10.20.193.55:6801/2] conn(0x7fe9e4038300 0x7fe9e403a7c0 unknown :-1 s=BANNER_CONNECTING pgs=0 cs=0 l=1 rev1=0 crypto rx=0 tx=0 comp rx=0 tx=0)._handle_peer_banner_payload supported=3 required=0
2026-02-25T16:30:43.842 INFO:teuthology.orchestra.run.trial055.stdout:/usr/bin/ceph: stderr
2026-02-25T16:30:43.704+0000 7fe9fb7fe700 1 --2- 10.20.193.55:0/1553137442 >> [v2:10.20.193.55:6800/2,v1:10.20.193.55:6801/2] conn(0x7fe9e4038300 0x7fe9e403a7c0 secure :-1 s=READY pgs=15 cs=0 l=1 rev1=1 crypto rx=0x7fe9f0006fd0 tx=0x7fe9f0006e40 comp rx=0 tx=0).ready entity=mgr.14120 client_cookie=0 server_cookie=0 in_seq=0 out_seq=0
2026-02-25T16:30:43.842 INFO:teuthology.orchestra.run.trial055.stdout:/usr/bin/ceph: stderr
2026-02-25T16:30:43.706+0000 7fe9f97fa700 1 -- 10.20.193.55:0/1553137442 <== mon.0 v2:10.20.193.55:3300/0 6 ==== mon_command_ack([{"prefix": "get_command_descriptions"}]=0 v0) v1 ==== 72+0+180422 (secure 0 0 0) 0x7fe9ec010790 con 0x7fe9fc108b20
2026-02-25T16:30:43.842 INFO:teuthology.orchestra.run.trial055.stdout:/usr/bin/ceph: stderr
2026-02-25T16:30:43.806+0000 7fea02972700 1 -- 10.20.193.55:0/1553137442 --> [v2:10.20.193.55:6800/2,v1:10.20.193.55:6801/2] -- mgr_command(tid 0: {"prefix": "orch apply", "service_type": "ceph-exporter", "target": ["mon-mgr", ""]}) v1 -- 0x7fe9fc19dbc0 con 0x7fe9e4038300
2026-02-25T16:30:43.842 INFO:teuthology.orchestra.run.trial055.stdout:/usr/bin/ceph: stderr
2026-02-25T16:30:43.810+0000 7fe9f97fa700 1 -- 10.20.193.55:0/1553137442 <== mgr.14120 v2:10.20.193.55:6800/2 1 ==== mgr_command_reply(tid 0: 0 ) v1 ==== 8+0+34 (secure 0 0 0) 0x7fe9fc19dbc0 con 0x7fe9e4038300
2026-02-25T16:30:43.843 INFO:teuthology.orchestra.run.trial055.stdout:/usr/bin/ceph: stderr
2026-02-25T16:30:43.811+0000 7fea02972700 1 -- 10.20.193.55:0/1553137442 >> [v2:10.20.193.55:6800/2,v1:10.20.193.55:6801/2] conn(0x7fe9e4038300 msgr2=0x7fe9e403a7c0 secure :-1 s=STATE_CONNECTION_ESTABLISHED l=1).mark_down
2026-02-25T16:30:43.843 INFO:teuthology.orchestra.run.trial055.stdout:/usr/bin/ceph: stderr
2026-02-25T16:30:43.811+0000 7fea02972700 1 --2- 10.20.193.55:0/1553137442 >> [v2:10.20.193.55:6800/2,v1:10.20.193.55:6801/2] conn(0x7fe9e4038300 0x7fe9e403a7c0 secure :-1 s=READY pgs=15 cs=0 l=1 rev1=1 crypto rx=0x7fe9f0006fd0 tx=0x7fe9f0006e40 comp rx=0 tx=0).stop
2026-02-25T16:30:43.843 INFO:teuthology.orchestra.run.trial055.stdout:/usr/bin/ceph: stderr
2026-02-25T16:30:43.811+0000 7fea02972700 1 -- 10.20.193.55:0/1553137442 >> [v2:10.20.193.55:3300/0,v1:10.20.193.55:6789/0] conn(0x7fe9fc108b20 msgr2=0x7fe9fc19c960 secure :-1 s=STATE_CONNECTION_ESTABLISHED l=1).mark_down
2026-02-25T16:30:43.843 INFO:teuthology.orchestra.run.trial055.stdout:/usr/bin/ceph: stderr
2026-02-25T16:30:43.811+0000 7fea02972700 1 --2- 10.20.193.55:0/1553137442 >> [v2:10.20.193.55:3300/0,v1:10.20.193.55:6789/0] conn(0x7fe9fc108b20 0x7fe9fc19c960 secure :-1 s=READY pgs=54 cs=0 l=1 rev1=1 crypto rx=0x7fe9ec00b440 tx=0x7fe9ec00bb30 comp rx=0 tx=0).stop
2026-02-25T16:30:43.843 INFO:teuthology.orchestra.run.trial055.stdout:/usr/bin/ceph: stderr
2026-02-25T16:30:43.811+0000 7fea02972700 1 -- 10.20.193.55:0/1553137442 shutdown_connections
2026-02-25T16:30:43.843 INFO:teuthology.orchestra.run.trial055.stdout:/usr/bin/ceph: stderr
2026-02-25T16:30:43.811+0000 7fea02972700 1 --2- 10.20.193.55:0/1553137442 >> [v2:10.20.193.55:6800/2,v1:10.20.193.55:6801/2] conn(0x7fe9e4038300 0x7fe9e403a7c0 unknown :-1 s=CLOSED pgs=15 cs=0 l=1 rev1=1 crypto rx=0 tx=0 comp rx=0 tx=0).stop
2026-02-25T16:30:43.843 INFO:teuthology.orchestra.run.trial055.stdout:/usr/bin/ceph: stderr
2026-02-25T16:30:43.811+0000 7fea02972700 1 --2- 10.20.193.55:0/1553137442 >> [v2:10.20.193.55:3300/0,v1:10.20.193.55:6789/0] conn(0x7fe9fc108b20 0x7fe9fc19c960 unknown :-1 s=CLOSED pgs=54 cs=0 l=1 rev1=1 crypto rx=0 tx=0 comp rx=0 tx=0).stop
2026-02-25T16:30:43.843 INFO:teuthology.orchestra.run.trial055.stdout:/usr/bin/ceph: stderr
2026-02-25T16:30:43.811+0000 7fea02972700 1 -- 10.20.193.55:0/1553137442 >> 10.20.193.55:0/1553137442 conn(0x7fe9fc1044b0 msgr2=0x7fe9fc106210 unknown :-1 s=STATE_NONE l=0).mark_down
2026-02-25T16:30:43.843 INFO:teuthology.orchestra.run.trial055.stdout:/usr/bin/ceph: stderr
2026-02-25T16:30:43.812+0000 7fea02972700 1 -- 10.20.193.55:0/1553137442 shutdown_connections
2026-02-25T16:30:43.843 INFO:teuthology.orchestra.run.trial055.stdout:/usr/bin/ceph: stderr
2026-02-25T16:30:43.812+0000 7fea02972700 1 -- 10.20.193.55:0/1553137442 wait complete.
